{"id":13140,"date":"2023-01-09T13:12:39","date_gmt":"2023-01-09T12:12:39","guid":{"rendered":"https:\/\/www.charita.sk\/utecenci\/?page_id=13140"},"modified":"2023-01-23T15:24:18","modified_gmt":"2023-01-23T14:24:18","slug":"centrum-podpory-vysne-nemecke","status":"publish","type":"page","link":"https:\/\/www.charita.sk\/bizhentsiv\/centrum-podpory-vysne-nemecke\/","title":{"rendered":"\u0426\u0435\u043d\u0442\u0440 \u043f\u0456\u0434\u0442\u0440\u0438\u043c\u043a\u0438 Vy\u0161n\u00e9 Nemeck\u00e9"},"content":{"rendered":"\n<p><strong>\u0412\u0438\u0448\u043d\u0454 \u041d\u0456\u043c\u0435\u0446\u044c\u043a\u0435&nbsp;<\/strong><\/p>\n\n\n\n<p>GRKCH \u0411\u043b\u0430\u0433\u043e\u0434\u0456\u0439\u043d\u0438\u0439 \u043f\u0443\u043d\u043a\u0442\u00a0<br>\u0412\u0438\u0448\u043d\u0454 \u041d\u0456\u043c\u0435\u0446\u044c\u043a\u0435\u00a0<br><strong>\u041f\u043d \u2013 \u041f\u0442: 7:00 \u2013 22:00\u00a0<\/strong><br><a href=\"tel:+421909250681\">0909 250 681<\/a><\/p>\n\n\n\n<p><\/p>\n\n\n\n<p class=\"has-text-align-center has-black-color has-text-color has-background\" style=\"background-color:#d7e0e8;font-size:17px;letter-spacing:2px;text-decoration:underline;text-transform:uppercase\"><a href=\"https:\/\/www.charita.sk\/bizhentsiv\/karta\/\"><strong>\u041f\u041e\u0412\u0415\u0420\u041d\u0423\u0422\u0418\u0421\u042f \u041d\u0410 \u041a\u0410\u0420\u0422\u0423 \u0426\u0415\u041d\u0422\u0420\u0406\u0412 \u041f\u0406\u0414\u0422\u0420\u0418\u041c\u041a\u0418<\/strong><\/a><\/p>\n\n\n\n<p><\/p>\n","protected":false},"excerpt":{"rendered":"<p>\u0412\u0438\u0448\u043d\u0454 \u041d\u0456\u043c\u0435\u0446\u044c\u043a\u0435&nbsp; GRKCH \u0411\u043b\u0430\u0433\u043e\u0434\u0456\u0439\u043d\u0438\u0439 \u043f\u0443\u043d\u043a\u0442\u00a0\u0412\u0438\u0448\u043d\u0454 \u041d\u0456\u043c\u0435\u0446\u044c\u043a\u0435\u00a0\u041f\u043d \u2013 \u041f\u0442: 7:00 \u2013 22:00\u00a00909 250 [&hellip;]<\/p>\n","protected":false},"author":1,"featured_media":0,"parent":0,"menu_order":0,"comment_status":"closed","ping_status":"closed","template":"","meta":{"footnotes":""},"class_list":["post-13140","page","type-page","status-publish","hentry"],"featured_image_src":null,"featured_image_src_square":null,"_links":{"self":[{"href":"https:\/\/www.charita.sk\/bizhentsiv\/wp-json\/wp\/v2\/pages\/13140","targetHints":{"allow":["GET"]}}],"collection":[{"href":"https:\/\/www.charita.sk\/bizhentsiv\/wp-json\/wp\/v2\/pages"}],"about":[{"href":"https:\/\/www.charita.sk\/bizhentsiv\/wp-json\/wp\/v2\/types\/page"}],"author":[{"embeddable":true,"href":"https:\/\/www.charita.sk\/bizhentsiv\/wp-json\/wp\/v2\/users\/1"}],"replies":[{"embeddable":true,"href":"https:\/\/www.charita.sk\/bizhentsiv\/wp-json\/wp\/v2\/comments?post=13140"}],"version-history":[{"count":3,"href":"https:\/\/www.charita.sk\/bizhentsiv\/wp-json\/wp\/v2\/pages\/13140\/revisions"}],"predecessor-version":[{"id":13340,"href":"https:\/\/www.charita.sk\/bizhentsiv\/wp-json\/wp\/v2\/pages\/13140\/revisions\/13340"}],"wp:attachment":[{"href":"https:\/\/www.charita.sk\/bizhentsiv\/wp-json\/wp\/v2\/media?parent=13140"}],"curies":[{"name":"wp","href":"https:\/\/api.w.org\/{rel}","templated":true}]}}