{"id":1436,"date":"2020-12-16T12:43:23","date_gmt":"2020-12-16T11:43:23","guid":{"rendered":"https:\/\/www.charita.sk\/pomoc-utecencom\/?page_id=1436"},"modified":"2021-02-04T09:27:32","modified_gmt":"2021-02-04T08:27:32","slug":"uprava-budovy-kniznice-v-deir-maryama-al-adhra","status":"publish","type":"page","link":"https:\/\/www.charita.sk\/svet\/uprava-budovy-kniznice-v-deir-maryama-al-adhra\/","title":{"rendered":"\u00daprava budovy kni\u017enice v Deir Maryama al Adhra"},"content":{"rendered":"\n<p class=\"has-white-color has-text-color has-background\" style=\"background-color:#c42f41\"><strong>N\u00e1zov projektu:<\/strong>&nbsp;\u00daprava budovy kni\u017enice v Deir Maryama al Adhra<br><strong>Miesto implement\u00e1cie:<\/strong>&nbsp;Sulejmania, Irack\u00fd Kurdistan<br><strong>Projektov\u00fd partner:<\/strong>&nbsp;Reho\u013en\u00e1 komunita al-Khalil, kl\u00e1\u0161tor Deir Maryam al-Adhra<br><strong>Po\u010det pr\u00edjemcov pomoci:<\/strong>&nbsp;Reho\u013en\u00e1 komunita kl\u00e1\u0161tora + n\u00e1v\u0161tevn\u00edci. (4 000 \u013eud\u00ed \/ rok)<br><strong>Suma na podporu projektu:<\/strong>&nbsp;14 500 EUR<\/p>\n\n\n\n<p><strong>Predstavenie projektu:<\/strong>&nbsp;Projekt je zameran\u00fd na opravu budovy s v\u00e4\u010d\u0161ou konferen\u010dnou s\u00e1lou, kni\u017enicou a&nbsp;ubytovan\u00edm pre reho\u013en\u00e9 sestry, ktor\u00e9 nepatria do reho\u013enej komunity al-Khalil av\u0161ak miestny arcibiskup J. E. Yousif Thomas Mirkis komunitu al-Khalil po\u017eiadal, aby reho\u013en\u00e9 sestry ubytovala. Arcidiec\u00e9za moment\u00e1lne toti\u017e realizuje ve\u013ek\u00fd projekt s n\u00e1zvom \u201eDom milosti\u201c ur\u010den\u00fd pre \u013eud\u00ed trpiacich Alzheimerovou chorobou a osoby v poslednej etape ich \u017eivota. Dom milosti by mal by\u0165 dokon\u010den\u00fd v&nbsp;roku 2020 a&nbsp;jeho s\u00fa\u010das\u0165ou maj\u00fa by\u0165 aj <a href=\"https:\/\/www.charita.sk\/svet\/dokoncenie-jasli-a-skolky-v-dome-milosti-v-sulejmanii\/\">jasle a&nbsp;\u0161k\u00f4lka<\/a> a spravova\u0165 ich bud\u00fa reho\u013en\u00e9 sestry ubytovan\u00e9 v&nbsp;kl\u00e1\u0161tore Deir Maryam al-Adhra.<\/p>\n\n\n\n<p class=\"has-text-align-center has-background\" style=\"background-color:#eeeeee\"><strong>Projekt finan\u010dne podporuje&nbsp;<a rel=\"noreferrer noopener\" href=\"https:\/\/kbs.sk\" target=\"_blank\">Konferencia biskupov Slovenska<\/a><\/strong><\/p>\n\n\n\n<p>Oprava budovy je zameran\u00e1 na vytvorenie priestorov, ktor\u00e9 poskytn\u00fa ubytovanie reho\u013en\u00fdm sestr\u00e1m a&nbsp;nesk\u00f4r tieto priestory bud\u00fa vyu\u017e\u00edvan\u00e9 aj pre host\u00ed, rodiny alebo skupiny, alebo \u0161peci\u00e1lnych host\u00ed, ktor\u00ed potrebuj\u00fa svoje vlastn\u00e9 izby. Kni\u017enica a zasadacia miestnos\u0165 sa nepretr\u017eite vyu\u017e\u00edvaj\u00fa na kurzy a&nbsp;semin\u00e1re.<\/p>\n\n\n\n<p>Potrebn\u00e9 pr\u00e1ce:<\/p>\n\n\n\n<ul class=\"wp-block-list\"><li>vykurovac\u00ed syst\u00e9m<\/li><li>chladiaci syst\u00e9m<\/li><li>re\u0161taur\u00e1torsk\u00e9 pr\u00e1ce: ma\u013eovanie a&nbsp;\u010fal\u0161ie pr\u00e1ce na opravu starej budovy<\/li><li>n\u00e1kup n\u00e1bytku.<\/li><\/ul>\n\n\n\n<p>Pr\u00e1ce s\u00fa u\u017e zrealizovan\u00e9. Miestny biskup je v s\u00fa\u010dasnosti zapojen\u00fd do v\u00fdstavby a spustenia \u0161koly a domu pre star\u0161\u00edch \u013eud\u00ed trpiacich Alzheimerovou chorobou.<\/p>\n","protected":false},"excerpt":{"rendered":"<p>N\u00e1zov projektu:&nbsp;\u00daprava budovy kni\u017enice v Deir Maryama al AdhraMiesto implement\u00e1cie:&nbsp;Sulejmania, Irack\u00fd KurdistanProjektov\u00fd [&hellip;]<\/p>\n","protected":false},"author":2,"featured_media":0,"parent":0,"menu_order":0,"comment_status":"closed","ping_status":"closed","template":"","meta":{"footnotes":""},"class_list":["post-1436","page","type-page","status-publish","hentry"],"yoast_head":"<!-- This site is optimized with the Yoast SEO plugin v25.4 - https:\/\/yoast.com\/wordpress\/plugins\/seo\/ -->\n<title>\u00daprava budovy kni\u017enice v Deir Maryama al Adhra | Charita vo svete<\/title>\n<meta name=\"robots\" content=\"index, follow, max-snippet:-1, max-image-preview:large, max-video-preview:-1\" \/>\n<link rel=\"canonical\" href=\"https:\/\/www.charita.sk\/svet\/uprava-budovy-kniznice-v-deir-maryama-al-adhra\/\" \/>\n<meta property=\"og:locale\" content=\"sk_SK\" \/>\n<meta property=\"og:type\" content=\"article\" \/>\n<meta property=\"og:title\" content=\"\u00daprava budovy kni\u017enice v Deir Maryama al Adhra | Charita vo svete\" \/>\n<meta property=\"og:description\" content=\"N\u00e1zov projektu:&nbsp;\u00daprava budovy kni\u017enice v Deir Maryama al AdhraMiesto implement\u00e1cie:&nbsp;Sulejmania, Irack\u00fd KurdistanProjektov\u00fd [&hellip;]\" \/>\n<meta property=\"og:url\" content=\"https:\/\/www.charita.sk\/svet\/uprava-budovy-kniznice-v-deir-maryama-al-adhra\/\" \/>\n<meta property=\"og:site_name\" content=\"Charita vo svete\" \/>\n<meta property=\"article:publisher\" content=\"https:\/\/www.facebook.com\/CaritasSlovakia\/\" \/>\n<meta property=\"article:modified_time\" content=\"2021-02-04T08:27:32+00:00\" \/>\n<meta name=\"twitter:card\" content=\"summary_large_image\" \/>\n<meta name=\"twitter:label1\" content=\"Predpokladan\u00fd \u010das \u010d\u00edtania\" \/>\n\t<meta name=\"twitter:data1\" content=\"1 min\u00fata\" \/>\n<script type=\"application\/ld+json\" class=\"yoast-schema-graph\">{\"@context\":\"https:\/\/schema.org\",\"@graph\":[{\"@type\":\"WebPage\",\"@id\":\"https:\/\/www.charita.sk\/svet\/uprava-budovy-kniznice-v-deir-maryama-al-adhra\/\",\"url\":\"https:\/\/www.charita.sk\/svet\/uprava-budovy-kniznice-v-deir-maryama-al-adhra\/\",\"name\":\"\u00daprava budovy kni\u017enice v Deir Maryama al Adhra | Charita vo svete\",\"isPartOf\":{\"@id\":\"https:\/\/www.charita.sk\/svet\/#website\"},\"datePublished\":\"2020-12-16T11:43:23+00:00\",\"dateModified\":\"2021-02-04T08:27:32+00:00\",\"breadcrumb\":{\"@id\":\"https:\/\/www.charita.sk\/svet\/uprava-budovy-kniznice-v-deir-maryama-al-adhra\/#breadcrumb\"},\"inLanguage\":\"sk-SK\",\"potentialAction\":[{\"@type\":\"ReadAction\",\"target\":[\"https:\/\/www.charita.sk\/svet\/uprava-budovy-kniznice-v-deir-maryama-al-adhra\/\"]}]},{\"@type\":\"BreadcrumbList\",\"@id\":\"https:\/\/www.charita.sk\/svet\/uprava-budovy-kniznice-v-deir-maryama-al-adhra\/#breadcrumb\",\"itemListElement\":[{\"@type\":\"ListItem\",\"position\":1,\"name\":\"Domovsk\u00e1 str\u00e1nka\",\"item\":\"https:\/\/www.charita.sk\/svet\/\"},{\"@type\":\"ListItem\",\"position\":2,\"name\":\"\u00daprava budovy kni\u017enice v Deir Maryama al Adhra\"}]},{\"@type\":\"WebSite\",\"@id\":\"https:\/\/www.charita.sk\/svet\/#website\",\"url\":\"https:\/\/www.charita.sk\/svet\/\",\"name\":\"Charita vo svete\",\"description\":\"Slovensk\u00e1 katol\u00edcka charita pom\u00e1ha \u013eu\u010fom v n\u00fadzi vo svete\",\"publisher\":{\"@id\":\"https:\/\/www.charita.sk\/svet\/#organization\"},\"potentialAction\":[{\"@type\":\"SearchAction\",\"target\":{\"@type\":\"EntryPoint\",\"urlTemplate\":\"https:\/\/www.charita.sk\/svet\/?s={search_term_string}\"},\"query-input\":{\"@type\":\"PropertyValueSpecification\",\"valueRequired\":true,\"valueName\":\"search_term_string\"}}],\"inLanguage\":\"sk-SK\"},{\"@type\":\"Organization\",\"@id\":\"https:\/\/www.charita.sk\/svet\/#organization\",\"name\":\"Slovensk\u00e1 katol\u00edcka charita\",\"url\":\"https:\/\/www.charita.sk\/svet\/\",\"logo\":{\"@type\":\"ImageObject\",\"inLanguage\":\"sk-SK\",\"@id\":\"https:\/\/www.charita.sk\/svet\/#\/schema\/logo\/image\/\",\"url\":\"https:\/\/www.charita.sk\/pomoc-utecencom\/wp-content\/uploads\/2020\/11\/logo_pomoc_utecencom.jpg\",\"contentUrl\":\"https:\/\/www.charita.sk\/pomoc-utecencom\/wp-content\/uploads\/2020\/11\/logo_pomoc_utecencom.jpg\",\"width\":1712,\"height\":480,\"caption\":\"Slovensk\u00e1 katol\u00edcka charita\"},\"image\":{\"@id\":\"https:\/\/www.charita.sk\/svet\/#\/schema\/logo\/image\/\"},\"sameAs\":[\"https:\/\/www.facebook.com\/CaritasSlovakia\/\",\"https:\/\/www.instagram.com\/caritas_slovakia\/\",\"https:\/\/www.linkedin.com\/company\/caritas-slovakia-skch-\",\"https:\/\/www.youtube.com\/user\/katolickacharita\"]}]}<\/script>\n<!-- \/ Yoast SEO plugin. -->","yoast_head_json":{"title":"\u00daprava budovy kni\u017enice v Deir Maryama al Adhra | Charita vo svete","robots":{"index":"index","follow":"follow","max-snippet":"max-snippet:-1","max-image-preview":"max-image-preview:large","max-video-preview":"max-video-preview:-1"},"canonical":"https:\/\/www.charita.sk\/svet\/uprava-budovy-kniznice-v-deir-maryama-al-adhra\/","og_locale":"sk_SK","og_type":"article","og_title":"\u00daprava budovy kni\u017enice v Deir Maryama al Adhra | Charita vo svete","og_description":"N\u00e1zov projektu:&nbsp;\u00daprava budovy kni\u017enice v Deir Maryama al AdhraMiesto implement\u00e1cie:&nbsp;Sulejmania, Irack\u00fd KurdistanProjektov\u00fd [&hellip;]","og_url":"https:\/\/www.charita.sk\/svet\/uprava-budovy-kniznice-v-deir-maryama-al-adhra\/","og_site_name":"Charita vo svete","article_publisher":"https:\/\/www.facebook.com\/CaritasSlovakia\/","article_modified_time":"2021-02-04T08:27:32+00:00","twitter_card":"summary_large_image","twitter_misc":{"Predpokladan\u00fd \u010das \u010d\u00edtania":"1 min\u00fata"},"schema":{"@context":"https:\/\/schema.org","@graph":[{"@type":"WebPage","@id":"https:\/\/www.charita.sk\/svet\/uprava-budovy-kniznice-v-deir-maryama-al-adhra\/","url":"https:\/\/www.charita.sk\/svet\/uprava-budovy-kniznice-v-deir-maryama-al-adhra\/","name":"\u00daprava budovy kni\u017enice v Deir Maryama al Adhra | Charita vo svete","isPartOf":{"@id":"https:\/\/www.charita.sk\/svet\/#website"},"datePublished":"2020-12-16T11:43:23+00:00","dateModified":"2021-02-04T08:27:32+00:00","breadcrumb":{"@id":"https:\/\/www.charita.sk\/svet\/uprava-budovy-kniznice-v-deir-maryama-al-adhra\/#breadcrumb"},"inLanguage":"sk-SK","potentialAction":[{"@type":"ReadAction","target":["https:\/\/www.charita.sk\/svet\/uprava-budovy-kniznice-v-deir-maryama-al-adhra\/"]}]},{"@type":"BreadcrumbList","@id":"https:\/\/www.charita.sk\/svet\/uprava-budovy-kniznice-v-deir-maryama-al-adhra\/#breadcrumb","itemListElement":[{"@type":"ListItem","position":1,"name":"Domovsk\u00e1 str\u00e1nka","item":"https:\/\/www.charita.sk\/svet\/"},{"@type":"ListItem","position":2,"name":"\u00daprava budovy kni\u017enice v Deir Maryama al Adhra"}]},{"@type":"WebSite","@id":"https:\/\/www.charita.sk\/svet\/#website","url":"https:\/\/www.charita.sk\/svet\/","name":"Charita vo svete","description":"Slovensk\u00e1 katol\u00edcka charita pom\u00e1ha \u013eu\u010fom v n\u00fadzi vo svete","publisher":{"@id":"https:\/\/www.charita.sk\/svet\/#organization"},"potentialAction":[{"@type":"SearchAction","target":{"@type":"EntryPoint","urlTemplate":"https:\/\/www.charita.sk\/svet\/?s={search_term_string}"},"query-input":{"@type":"PropertyValueSpecification","valueRequired":true,"valueName":"search_term_string"}}],"inLanguage":"sk-SK"},{"@type":"Organization","@id":"https:\/\/www.charita.sk\/svet\/#organization","name":"Slovensk\u00e1 katol\u00edcka charita","url":"https:\/\/www.charita.sk\/svet\/","logo":{"@type":"ImageObject","inLanguage":"sk-SK","@id":"https:\/\/www.charita.sk\/svet\/#\/schema\/logo\/image\/","url":"https:\/\/www.charita.sk\/pomoc-utecencom\/wp-content\/uploads\/2020\/11\/logo_pomoc_utecencom.jpg","contentUrl":"https:\/\/www.charita.sk\/pomoc-utecencom\/wp-content\/uploads\/2020\/11\/logo_pomoc_utecencom.jpg","width":1712,"height":480,"caption":"Slovensk\u00e1 katol\u00edcka charita"},"image":{"@id":"https:\/\/www.charita.sk\/svet\/#\/schema\/logo\/image\/"},"sameAs":["https:\/\/www.facebook.com\/CaritasSlovakia\/","https:\/\/www.instagram.com\/caritas_slovakia\/","https:\/\/www.linkedin.com\/company\/caritas-slovakia-skch-","https:\/\/www.youtube.com\/user\/katolickacharita"]}]}},"featured_image_src":null,"featured_image_src_square":null,"_links":{"self":[{"href":"https:\/\/www.charita.sk\/svet\/wp-json\/wp\/v2\/pages\/1436","targetHints":{"allow":["GET"]}}],"collection":[{"href":"https:\/\/www.charita.sk\/svet\/wp-json\/wp\/v2\/pages"}],"about":[{"href":"https:\/\/www.charita.sk\/svet\/wp-json\/wp\/v2\/types\/page"}],"author":[{"embeddable":true,"href":"https:\/\/www.charita.sk\/svet\/wp-json\/wp\/v2\/users\/2"}],"replies":[{"embeddable":true,"href":"https:\/\/www.charita.sk\/svet\/wp-json\/wp\/v2\/comments?post=1436"}],"version-history":[{"count":3,"href":"https:\/\/www.charita.sk\/svet\/wp-json\/wp\/v2\/pages\/1436\/revisions"}],"predecessor-version":[{"id":1494,"href":"https:\/\/www.charita.sk\/svet\/wp-json\/wp\/v2\/pages\/1436\/revisions\/1494"}],"wp:attachment":[{"href":"https:\/\/www.charita.sk\/svet\/wp-json\/wp\/v2\/media?parent=1436"}],"curies":[{"name":"wp","href":"https:\/\/api.w.org\/{rel}","templated":true}]}}

Úprava budovy knižnice v Deir Maryama al Adhra

<p class="has-white-color has-text-color has-background" style="background-color:#c42f41"><strong>Názov projektu:</strong>&nbsp;Úprava budovy knižnice v Deir Maryama al Adhra<br><strong>Miesto implementácie:</strong>&nbsp;Sulejmania, Iracký Kurdistan<br><strong>Projektový partner:</strong>&nbsp;Rehoľná komunita al-Khalil, kláštor Deir Maryam al-Adhra<br><strong>Počet príjemcov pomoci:</strong>&nbsp;Rehoľná komunita kláštora + návštevníci. (4 000 ľudí / rok)<br><strong>Suma na podporu projektu:</strong>&nbsp;14 500 EUR</p>



<p><strong>Predstavenie projektu:</strong>&nbsp;Projekt je zameraný na opravu budovy s väčšou konferenčnou sálou, knižnicou a&nbsp;ubytovaním pre rehoľné sestry, ktoré nepatria do rehoľnej komunity al-Khalil avšak miestny arcibiskup J. E. Yousif Thomas Mirkis komunitu al-Khalil požiadal, aby rehoľné sestry ubytovala. Arcidiecéza momentálne totiž realizuje veľký projekt s názvom „Dom milosti“ určený pre ľudí trpiacich Alzheimerovou chorobou a osoby v poslednej etape ich života. Dom milosti by mal byť dokončený v&nbsp;roku 2020 a&nbsp;jeho súčasťou majú byť aj <a href="https://www.charita.sk/svet/dokoncenie-jasli-a-skolky-v-dome-milosti-v-sulejmanii/">jasle a&nbsp;škôlka</a> a spravovať ich budú rehoľné sestry ubytované v&nbsp;kláštore Deir Maryam al-Adhra.</p>



<p class="has-text-align-center has-background" style="background-color:#eeeeee"><strong>Projekt finančne podporuje&nbsp;<a rel="noreferrer noopener" href="https://kbs.sk" target="_blank">Konferencia biskupov Slovenska</a></strong></p>



<p>Oprava budovy je zameraná na vytvorenie priestorov, ktoré poskytnú ubytovanie rehoľným sestrám a&nbsp;neskôr tieto priestory budú využívané aj pre hostí, rodiny alebo skupiny, alebo špeciálnych hostí, ktorí potrebujú svoje vlastné izby. Knižnica a zasadacia miestnosť sa nepretržite využívajú na kurzy a&nbsp;semináre.</p>



<p>Potrebné práce:</p>



<ul class="wp-block-list"><li>vykurovací systém</li><li>chladiaci systém</li><li>reštaurátorské práce: maľovanie a&nbsp;ďalšie práce na opravu starej budovy</li><li>nákup nábytku.</li></ul>



<p>Práce sú už zrealizované. Miestny biskup je v súčasnosti zapojený do výstavby a spustenia školy a domu pre starších ľudí trpiacich Alzheimerovou chorobou.</p>

<p>Názov projektu:&nbsp;Úprava budovy knižnice v Deir Maryama al AdhraMiesto implementácie:&nbsp;Sulejmania, Iracký KurdistanProjektový [&hellip;]</p>

<!-- This site is optimized with the Yoast SEO plugin v25.4 - https://yoast.com/wordpress/plugins/seo/ -->
<title>Úprava budovy knižnice v Deir Maryama al Adhra | Charita vo svete</title>
<meta name="robots" content="index, follow, max-snippet:-1, max-image-preview:large, max-video-preview:-1" />
<link rel="canonical" href="https://www.charita.sk/svet/uprava-budovy-kniznice-v-deir-maryama-al-adhra/" />
<meta property="og:locale" content="sk_SK" />
<meta property="og:type" content="article" />
<meta property="og:title" content="Úprava budovy knižnice v Deir Maryama al Adhra | Charita vo svete" />
<meta property="og:description" content="Názov projektu:&nbsp;Úprava budovy knižnice v Deir Maryama al AdhraMiesto implementácie:&nbsp;Sulejmania, Iracký KurdistanProjektový [&hellip;]" />
<meta property="og:url" content="https://www.charita.sk/svet/uprava-budovy-kniznice-v-deir-maryama-al-adhra/" />
<meta property="og:site_name" content="Charita vo svete" />
<meta property="article:publisher" content="https://www.facebook.com/CaritasSlovakia/" />
<meta property="article:modified_time" content="2021-02-04T08:27:32+00:00" />
<meta name="twitter:card" content="summary_large_image" />
<meta name="twitter:label1" content="Predpokladaný čas čítania" />
	<meta name="twitter:data1" content="1 minúta" />
<script type="application/ld+json" class="yoast-schema-graph">{"@context":"https://schema.org","@graph":[{"@type":"WebPage","@id":"https://www.charita.sk/svet/uprava-budovy-kniznice-v-deir-maryama-al-adhra/","url":"https://www.charita.sk/svet/uprava-budovy-kniznice-v-deir-maryama-al-adhra/","name":"Úprava budovy knižnice v Deir Maryama al Adhra | Charita vo svete","isPartOf":{"@id":"https://www.charita.sk/svet/#website"},"datePublished":"2020-12-16T11:43:23+00:00","dateModified":"2021-02-04T08:27:32+00:00","breadcrumb":{"@id":"https://www.charita.sk/svet/uprava-budovy-kniznice-v-deir-maryama-al-adhra/#breadcrumb"},"inLanguage":"sk-SK","potentialAction":[{"@type":"ReadAction","target":["https://www.charita.sk/svet/uprava-budovy-kniznice-v-deir-maryama-al-adhra/"]}]},{"@type":"BreadcrumbList","@id":"https://www.charita.sk/svet/uprava-budovy-kniznice-v-deir-maryama-al-adhra/#breadcrumb","itemListElement":[{"@type":"ListItem","position":1,"name":"Domovská stránka","item":"https://www.charita.sk/svet/"},{"@type":"ListItem","position":2,"name":"Úprava budovy knižnice v Deir Maryama al Adhra"}]},{"@type":"WebSite","@id":"https://www.charita.sk/svet/#website","url":"https://www.charita.sk/svet/","name":"Charita vo svete","description":"Slovenská katolícka charita pomáha ľuďom v núdzi vo svete","publisher":{"@id":"https://www.charita.sk/svet/#organization"},"potentialAction":[{"@type":"SearchAction","target":{"@type":"EntryPoint","urlTemplate":"https://www.charita.sk/svet/?s={search_term_string}"},"query-input":{"@type":"PropertyValueSpecification","valueRequired":true,"valueName":"search_term_string"}}],"inLanguage":"sk-SK"},{"@type":"Organization","@id":"https://www.charita.sk/svet/#organization","name":"Slovenská katolícka charita","url":"https://www.charita.sk/svet/","logo":{"@type":"ImageObject","inLanguage":"sk-SK","@id":"https://www.charita.sk/svet/#/schema/logo/image/","url":"https://www.charita.sk/pomoc-utecencom/wp-content/uploads/2020/11/logo_pomoc_utecencom.jpg","contentUrl":"https://www.charita.sk/pomoc-utecencom/wp-content/uploads/2020/11/logo_pomoc_utecencom.jpg","width":1712,"height":480,"caption":"Slovenská katolícka charita"},"image":{"@id":"https://www.charita.sk/svet/#/schema/logo/image/"},"sameAs":["https://www.facebook.com/CaritasSlovakia/","https://www.instagram.com/caritas_slovakia/","https://www.linkedin.com/company/caritas-slovakia-skch-","https://www.youtube.com/user/katolickacharita"]}]}</script>
<!-- / Yoast SEO plugin. -->

Úprava budovy knižnice v Deir Maryama al Adhra | Charita vo svete

Názov projektu:&nbsp;Úprava budovy knižnice v Deir Maryama al AdhraMiesto implementácie:&nbsp;Sulejmania, Iracký KurdistanProjektový [&hellip;]

1 minúta

Domovská stránka

Slovenská katolícka charita pomáha ľuďom v núdzi vo svete

Slovenská katolícka charita
