{"id":1882,"date":"2022-02-18T10:04:49","date_gmt":"2022-02-18T09:04:49","guid":{"rendered":"https:\/\/www.charita.sk\/pomoc-utecencom\/?page_id=1882"},"modified":"2022-02-18T10:06:36","modified_gmt":"2022-02-18T09:06:36","slug":"podpora-pre-matersku-skolu-shible","status":"publish","type":"page","link":"https:\/\/www.charita.sk\/svet\/podpora-pre-matersku-skolu-shible\/","title":{"rendered":"Podpora pre matersk\u00fa \u0161kolu Shible"},"content":{"rendered":"\n<p class=\"has-white-color has-text-color has-background\" style=\"background-color:#c42f41\"><strong>N\u00e1zov projektu:<\/strong>&nbsp;Podpora pre matersk\u00fa \u0161kolu Shible<br><strong>Lokalita implement\u00e1cie<\/strong>:&nbsp;Derik, Governor\u00e1t Al-Hassaka, severov\u00fdchodn\u00e1 S\u00fdria&nbsp;<br><strong>Projektov\u00fd partner:&nbsp;<\/strong>Syriac Cross<br><strong>Po\u010det pr\u00edjemcov pomoci:<\/strong> 60 det\u00ed + rodinn\u00ed pr\u00edslu\u0161n\u00edci<br><strong>Rozpo\u010det:<\/strong>&nbsp;6 500 EUR<\/p>\n\n\n\n<p><strong>Predstavenie projektu:<\/strong><\/p>\n\n\n\n<p>Projekt zabezpe\u010d\u00ed prev\u00e1dzku \u0161k\u00f4lky na \u010fal\u0161\u00edch 12 mesiacov jej slu\u017eby pre miestnu komunitu rod\u00edn s de\u0165mi.<\/p>\n\n\n\n<p>Matersk\u00e1 \u0161kola Shible, ktor\u00e1 bola zalo\u017een\u00e1 v meste Derik Syriackou \u00faniou \u017eien v roku 2018, mala n\u00edzku kapacitu (30 det\u00ed). S podporou SKCH a KBS v roku 2020 mohla \u00fania otvori\u0165 v\u00e4\u010d\u0161iu matersk\u00fa \u0161kolu s kapacitou a\u017e 60 det\u00ed na novom mieste (av\u0161ak v rovnakom meste). V\u010faka podpore bola \u010das\u0165 zariadenia predch\u00e1dzaj\u00facej \u0161k\u00f4lky presunut\u00e1 a nov\u00e1 \u0161k\u00f4lka bola dovybaven\u00e1 hra\u010dkami, u\u010debn\u00fdmi pom\u00f4ckami a \u010fal\u0161\u00edm potrebn\u00fdm vybaven\u00edm a materi\u00e1lom.<\/p>\n\n\n\n<p class=\"has-text-align-center has-background\" style=\"background-color:#e2e2e2\"><strong>Projekt finan\u010dne podporuje&nbsp;<a rel=\"noreferrer noopener\" href=\"https:\/\/kbs.sk\" target=\"_blank\">Konferencia biskupov Slovenska<\/a><\/strong><\/p>\n\n\n\n<p>Matersk\u00e1 \u0161kola je otvoren\u00e1 pre deti s\u00fdrskych kres\u0165anov, Kurdov a Arabov vo veku od 6 mesiacov do 6 rokov. Vyu\u010dovanie je v aramej\u010dine, arab\u010dine a angli\u010dtine. Projekt sa dot\u00fdka kult\u00farnych a \u010fal\u0161\u00edch v kontexte Bl\u00edzkeho v\u00fdchodu citliv\u00fdch t\u00e9m, v\u010faka \u010domu je mo\u017en\u00e9 deti u\u010di\u0165 vz\u00e1jomn\u00e9mu re\u0161pektu. Okrem toho v\u010faka v\u00fdu\u010dbe aj anglick\u00e9ho jazyka bud\u00fa ma\u0165 deti lep\u0161iu \u0161tartovaciu poz\u00edciu vo svojom \u010fal\u0161om \u0161t\u00fadiu.<\/p>\n\n\n\n<p>Projekt z\u00e1rove\u0148 umo\u017e\u0148uje matk\u00e1m pracova\u0165 a zlep\u0161ova\u0165 tak situ\u00e1ciu v ich rodin\u00e1ch a ke\u010f\u017ee je matersk\u00e1 \u0161kola otvoren\u00e1 pre v\u0161etky deti r\u00f4znych n\u00e1bo\u017eensk\u00fdch a etnick\u00fdch skup\u00edn, prispieva k posil\u0148ovaniu vz\u00e1jomnej tolerancie medzi de\u0165mi a ich rodinami.<\/p>\n\n\n\n<figure class=\"wp-block-gallery has-nested-images columns-default is-cropped wp-block-gallery-1 is-layout-flex wp-block-gallery-is-layout-flex\">\n<figure class=\"wp-block-image size-large\"><img fetchpriority=\"high\" decoding=\"async\" width=\"960\" height=\"720\" data-id=\"1363\" src=\"https:\/\/www.charita.sk\/svet\/wp-content\/uploads\/2020\/12\/Shible_web.jpg\" alt=\"\" class=\"wp-image-1363\" srcset=\"https:\/\/www.charita.sk\/svet\/wp-content\/uploads\/2020\/12\/Shible_web.jpg 960w, https:\/\/www.charita.sk\/svet\/wp-content\/uploads\/2020\/12\/Shible_web-300x225.jpg 300w, https:\/\/www.charita.sk\/svet\/wp-content\/uploads\/2020\/12\/Shible_web-768x576.jpg 768w\" sizes=\"(max-width: 960px) 100vw, 960px\" \/><\/figure>\n<\/figure>\n","protected":false},"excerpt":{"rendered":"<p>N\u00e1zov projektu:&nbsp;Podpora pre matersk\u00fa \u0161kolu ShibleLokalita implement\u00e1cie:&nbsp;Derik, Governor\u00e1t Al-Hassaka, severov\u00fdchodn\u00e1 S\u00fdria&nbsp;Projektov\u00fd partner:&nbsp;Syriac [&hellip;]<\/p>\n","protected":false},"author":2,"featured_media":0,"parent":0,"menu_order":0,"comment_status":"closed","ping_status":"closed","template":"","meta":{"footnotes":""},"class_list":["post-1882","page","type-page","status-publish","hentry"],"yoast_head":"<!-- This site is optimized with the Yoast SEO plugin v25.4 - https:\/\/yoast.com\/wordpress\/plugins\/seo\/ -->\n<title>Podpora pre matersk\u00fa \u0161kolu Shible | Charita vo svete<\/title>\n<meta name=\"robots\" content=\"index, follow, max-snippet:-1, max-image-preview:large, max-video-preview:-1\" \/>\n<link rel=\"canonical\" href=\"https:\/\/www.charita.sk\/svet\/podpora-pre-matersku-skolu-shible\/\" \/>\n<meta property=\"og:locale\" content=\"sk_SK\" \/>\n<meta property=\"og:type\" content=\"article\" \/>\n<meta property=\"og:title\" content=\"Podpora pre matersk\u00fa \u0161kolu Shible | Charita vo svete\" \/>\n<meta property=\"og:description\" content=\"N\u00e1zov projektu:&nbsp;Podpora pre matersk\u00fa \u0161kolu ShibleLokalita implement\u00e1cie:&nbsp;Derik, Governor\u00e1t Al-Hassaka, severov\u00fdchodn\u00e1 S\u00fdria&nbsp;Projektov\u00fd partner:&nbsp;Syriac [&hellip;]\" \/>\n<meta property=\"og:url\" content=\"https:\/\/www.charita.sk\/svet\/podpora-pre-matersku-skolu-shible\/\" \/>\n<meta property=\"og:site_name\" content=\"Charita vo svete\" \/>\n<meta property=\"article:publisher\" content=\"https:\/\/www.facebook.com\/CaritasSlovakia\/\" \/>\n<meta property=\"article:modified_time\" content=\"2022-02-18T09:06:36+00:00\" \/>\n<meta property=\"og:image\" content=\"https:\/\/www.charita.sk\/pomoc-utecencom\/wp-content\/uploads\/2020\/12\/Shible_web.jpg\" \/>\n<meta name=\"twitter:card\" content=\"summary_large_image\" \/>\n<meta name=\"twitter:label1\" content=\"Predpokladan\u00fd \u010das \u010d\u00edtania\" \/>\n\t<meta name=\"twitter:data1\" content=\"1 min\u00fata\" \/>\n<script type=\"application\/ld+json\" class=\"yoast-schema-graph\">{\"@context\":\"https:\/\/schema.org\",\"@graph\":[{\"@type\":\"WebPage\",\"@id\":\"https:\/\/www.charita.sk\/svet\/podpora-pre-matersku-skolu-shible\/\",\"url\":\"https:\/\/www.charita.sk\/svet\/podpora-pre-matersku-skolu-shible\/\",\"name\":\"Podpora pre matersk\u00fa \u0161kolu Shible | Charita vo svete\",\"isPartOf\":{\"@id\":\"https:\/\/www.charita.sk\/svet\/#website\"},\"primaryImageOfPage\":{\"@id\":\"https:\/\/www.charita.sk\/svet\/podpora-pre-matersku-skolu-shible\/#primaryimage\"},\"image\":{\"@id\":\"https:\/\/www.charita.sk\/svet\/podpora-pre-matersku-skolu-shible\/#primaryimage\"},\"thumbnailUrl\":\"https:\/\/www.charita.sk\/svet\/wp-content\/uploads\/2020\/12\/Shible_web.jpg\",\"datePublished\":\"2022-02-18T09:04:49+00:00\",\"dateModified\":\"2022-02-18T09:06:36+00:00\",\"breadcrumb\":{\"@id\":\"https:\/\/www.charita.sk\/svet\/podpora-pre-matersku-skolu-shible\/#breadcrumb\"},\"inLanguage\":\"sk-SK\",\"potentialAction\":[{\"@type\":\"ReadAction\",\"target\":[\"https:\/\/www.charita.sk\/svet\/podpora-pre-matersku-skolu-shible\/\"]}]},{\"@type\":\"ImageObject\",\"inLanguage\":\"sk-SK\",\"@id\":\"https:\/\/www.charita.sk\/svet\/podpora-pre-matersku-skolu-shible\/#primaryimage\",\"url\":\"https:\/\/www.charita.sk\/svet\/wp-content\/uploads\/2020\/12\/Shible_web.jpg\",\"contentUrl\":\"https:\/\/www.charita.sk\/svet\/wp-content\/uploads\/2020\/12\/Shible_web.jpg\",\"width\":960,\"height\":720},{\"@type\":\"BreadcrumbList\",\"@id\":\"https:\/\/www.charita.sk\/svet\/podpora-pre-matersku-skolu-shible\/#breadcrumb\",\"itemListElement\":[{\"@type\":\"ListItem\",\"position\":1,\"name\":\"Domovsk\u00e1 str\u00e1nka\",\"item\":\"https:\/\/www.charita.sk\/svet\/\"},{\"@type\":\"ListItem\",\"position\":2,\"name\":\"Podpora pre matersk\u00fa \u0161kolu Shible\"}]},{\"@type\":\"WebSite\",\"@id\":\"https:\/\/www.charita.sk\/svet\/#website\",\"url\":\"https:\/\/www.charita.sk\/svet\/\",\"name\":\"Charita vo svete\",\"description\":\"Slovensk\u00e1 katol\u00edcka charita pom\u00e1ha \u013eu\u010fom v n\u00fadzi vo svete\",\"publisher\":{\"@id\":\"https:\/\/www.charita.sk\/svet\/#organization\"},\"potentialAction\":[{\"@type\":\"SearchAction\",\"target\":{\"@type\":\"EntryPoint\",\"urlTemplate\":\"https:\/\/www.charita.sk\/svet\/?s={search_term_string}\"},\"query-input\":{\"@type\":\"PropertyValueSpecification\",\"valueRequired\":true,\"valueName\":\"search_term_string\"}}],\"inLanguage\":\"sk-SK\"},{\"@type\":\"Organization\",\"@id\":\"https:\/\/www.charita.sk\/svet\/#organization\",\"name\":\"Slovensk\u00e1 katol\u00edcka charita\",\"url\":\"https:\/\/www.charita.sk\/svet\/\",\"logo\":{\"@type\":\"ImageObject\",\"inLanguage\":\"sk-SK\",\"@id\":\"https:\/\/www.charita.sk\/svet\/#\/schema\/logo\/image\/\",\"url\":\"https:\/\/www.charita.sk\/pomoc-utecencom\/wp-content\/uploads\/2020\/11\/logo_pomoc_utecencom.jpg\",\"contentUrl\":\"https:\/\/www.charita.sk\/pomoc-utecencom\/wp-content\/uploads\/2020\/11\/logo_pomoc_utecencom.jpg\",\"width\":1712,\"height\":480,\"caption\":\"Slovensk\u00e1 katol\u00edcka charita\"},\"image\":{\"@id\":\"https:\/\/www.charita.sk\/svet\/#\/schema\/logo\/image\/\"},\"sameAs\":[\"https:\/\/www.facebook.com\/CaritasSlovakia\/\",\"https:\/\/www.instagram.com\/caritas_slovakia\/\",\"https:\/\/www.linkedin.com\/company\/caritas-slovakia-skch-\",\"https:\/\/www.youtube.com\/user\/katolickacharita\"]}]}<\/script>\n<!-- \/ Yoast SEO plugin. -->","yoast_head_json":{"title":"Podpora pre matersk\u00fa \u0161kolu Shible | Charita vo svete","robots":{"index":"index","follow":"follow","max-snippet":"max-snippet:-1","max-image-preview":"max-image-preview:large","max-video-preview":"max-video-preview:-1"},"canonical":"https:\/\/www.charita.sk\/svet\/podpora-pre-matersku-skolu-shible\/","og_locale":"sk_SK","og_type":"article","og_title":"Podpora pre matersk\u00fa \u0161kolu Shible | Charita vo svete","og_description":"N\u00e1zov projektu:&nbsp;Podpora pre matersk\u00fa \u0161kolu ShibleLokalita implement\u00e1cie:&nbsp;Derik, Governor\u00e1t Al-Hassaka, severov\u00fdchodn\u00e1 S\u00fdria&nbsp;Projektov\u00fd partner:&nbsp;Syriac [&hellip;]","og_url":"https:\/\/www.charita.sk\/svet\/podpora-pre-matersku-skolu-shible\/","og_site_name":"Charita vo svete","article_publisher":"https:\/\/www.facebook.com\/CaritasSlovakia\/","article_modified_time":"2022-02-18T09:06:36+00:00","og_image":[{"url":"https:\/\/www.charita.sk\/pomoc-utecencom\/wp-content\/uploads\/2020\/12\/Shible_web.jpg","type":"","width":"","height":""}],"twitter_card":"summary_large_image","twitter_misc":{"Predpokladan\u00fd \u010das \u010d\u00edtania":"1 min\u00fata"},"schema":{"@context":"https:\/\/schema.org","@graph":[{"@type":"WebPage","@id":"https:\/\/www.charita.sk\/svet\/podpora-pre-matersku-skolu-shible\/","url":"https:\/\/www.charita.sk\/svet\/podpora-pre-matersku-skolu-shible\/","name":"Podpora pre matersk\u00fa \u0161kolu Shible | Charita vo svete","isPartOf":{"@id":"https:\/\/www.charita.sk\/svet\/#website"},"primaryImageOfPage":{"@id":"https:\/\/www.charita.sk\/svet\/podpora-pre-matersku-skolu-shible\/#primaryimage"},"image":{"@id":"https:\/\/www.charita.sk\/svet\/podpora-pre-matersku-skolu-shible\/#primaryimage"},"thumbnailUrl":"https:\/\/www.charita.sk\/svet\/wp-content\/uploads\/2020\/12\/Shible_web.jpg","datePublished":"2022-02-18T09:04:49+00:00","dateModified":"2022-02-18T09:06:36+00:00","breadcrumb":{"@id":"https:\/\/www.charita.sk\/svet\/podpora-pre-matersku-skolu-shible\/#breadcrumb"},"inLanguage":"sk-SK","potentialAction":[{"@type":"ReadAction","target":["https:\/\/www.charita.sk\/svet\/podpora-pre-matersku-skolu-shible\/"]}]},{"@type":"ImageObject","inLanguage":"sk-SK","@id":"https:\/\/www.charita.sk\/svet\/podpora-pre-matersku-skolu-shible\/#primaryimage","url":"https:\/\/www.charita.sk\/svet\/wp-content\/uploads\/2020\/12\/Shible_web.jpg","contentUrl":"https:\/\/www.charita.sk\/svet\/wp-content\/uploads\/2020\/12\/Shible_web.jpg","width":960,"height":720},{"@type":"BreadcrumbList","@id":"https:\/\/www.charita.sk\/svet\/podpora-pre-matersku-skolu-shible\/#breadcrumb","itemListElement":[{"@type":"ListItem","position":1,"name":"Domovsk\u00e1 str\u00e1nka","item":"https:\/\/www.charita.sk\/svet\/"},{"@type":"ListItem","position":2,"name":"Podpora pre matersk\u00fa \u0161kolu Shible"}]},{"@type":"WebSite","@id":"https:\/\/www.charita.sk\/svet\/#website","url":"https:\/\/www.charita.sk\/svet\/","name":"Charita vo svete","description":"Slovensk\u00e1 katol\u00edcka charita pom\u00e1ha \u013eu\u010fom v n\u00fadzi vo svete","publisher":{"@id":"https:\/\/www.charita.sk\/svet\/#organization"},"potentialAction":[{"@type":"SearchAction","target":{"@type":"EntryPoint","urlTemplate":"https:\/\/www.charita.sk\/svet\/?s={search_term_string}"},"query-input":{"@type":"PropertyValueSpecification","valueRequired":true,"valueName":"search_term_string"}}],"inLanguage":"sk-SK"},{"@type":"Organization","@id":"https:\/\/www.charita.sk\/svet\/#organization","name":"Slovensk\u00e1 katol\u00edcka charita","url":"https:\/\/www.charita.sk\/svet\/","logo":{"@type":"ImageObject","inLanguage":"sk-SK","@id":"https:\/\/www.charita.sk\/svet\/#\/schema\/logo\/image\/","url":"https:\/\/www.charita.sk\/pomoc-utecencom\/wp-content\/uploads\/2020\/11\/logo_pomoc_utecencom.jpg","contentUrl":"https:\/\/www.charita.sk\/pomoc-utecencom\/wp-content\/uploads\/2020\/11\/logo_pomoc_utecencom.jpg","width":1712,"height":480,"caption":"Slovensk\u00e1 katol\u00edcka charita"},"image":{"@id":"https:\/\/www.charita.sk\/svet\/#\/schema\/logo\/image\/"},"sameAs":["https:\/\/www.facebook.com\/CaritasSlovakia\/","https:\/\/www.instagram.com\/caritas_slovakia\/","https:\/\/www.linkedin.com\/company\/caritas-slovakia-skch-","https:\/\/www.youtube.com\/user\/katolickacharita"]}]}},"featured_image_src":null,"featured_image_src_square":null,"_links":{"self":[{"href":"https:\/\/www.charita.sk\/svet\/wp-json\/wp\/v2\/pages\/1882","targetHints":{"allow":["GET"]}}],"collection":[{"href":"https:\/\/www.charita.sk\/svet\/wp-json\/wp\/v2\/pages"}],"about":[{"href":"https:\/\/www.charita.sk\/svet\/wp-json\/wp\/v2\/types\/page"}],"author":[{"embeddable":true,"href":"https:\/\/www.charita.sk\/svet\/wp-json\/wp\/v2\/users\/2"}],"replies":[{"embeddable":true,"href":"https:\/\/www.charita.sk\/svet\/wp-json\/wp\/v2\/comments?post=1882"}],"version-history":[{"count":4,"href":"https:\/\/www.charita.sk\/svet\/wp-json\/wp\/v2\/pages\/1882\/revisions"}],"predecessor-version":[{"id":1887,"href":"https:\/\/www.charita.sk\/svet\/wp-json\/wp\/v2\/pages\/1882\/revisions\/1887"}],"wp:attachment":[{"href":"https:\/\/www.charita.sk\/svet\/wp-json\/wp\/v2\/media?parent=1882"}],"curies":[{"name":"wp","href":"https:\/\/api.w.org\/{rel}","templated":true}]}}