{"id":2376,"date":"2023-02-16T15:34:05","date_gmt":"2023-02-16T14:34:05","guid":{"rendered":"https:\/\/www.charita.sk\/pomoc-utecencom\/?page_id=2376"},"modified":"2023-02-21T12:02:22","modified_gmt":"2023-02-21T11:02:22","slug":"potravinove-a-hygienicke-balicky-pre-obete-zemetrasenia-2023","status":"publish","type":"page","link":"https:\/\/www.charita.sk\/svet\/potravinove-a-hygienicke-balicky-pre-obete-zemetrasenia-2023\/","title":{"rendered":"Potravinov\u00e9 a hygienick\u00e9 bal\u00ed\u010dky pre obete zemetrasenia 2023"},"content":{"rendered":"\n<p class=\"has-white-color has-text-color has-background\" style=\"background-color:#c42f41\"><strong>N\u00e1zov projektu:<\/strong>&nbsp;Podpora pre obete zemetrasenia v S\u00fdrii<br><strong>Lokalita implement\u00e1cie<\/strong>:&nbsp;Aleppo, Kobane, S\u00fdria&nbsp;<br><strong>Projektov\u00fd partner:&nbsp;<\/strong>Shingala Azad<br><strong>Po\u010det pr\u00edjemcov pomoci:<\/strong> 600 rod\u00edn<br><strong>Rozpo\u010det:<\/strong>&nbsp;31 000 EUR<\/p>\n\n\n\n<p>Zemetrasenie v S\u00fdrii a Turecku vo febru\u00e1ri 2023 je obrovskou katastrofou. Mnoho \u013eud\u00ed pri\u0161lo o svoj domov. Pre vn\u00fatorn\u00fdch vys\u00eddlencov na severe krajiny je to po st\u00e1le trvaj\u00facej vojne \u010fal\u0161ia rana. Nateraz mnoh\u00ed \u017eij\u00fa bez dostato\u010dn\u00e9ho pr\u00edstupu k z\u00e1kladn\u00fdm potravin\u00e1m, vode, hygienick\u00fdm potreb\u00e1m, elektronick\u00fdm slu\u017eb\u00e1m, liekom \u010di zdravotn\u00e9ho materi\u00e1lu.<\/p>\n\n\n\n<p>Do miest Aleppo a Kobane sa dost\u00e1va pomoc v\u010faka solidarite zo Slovenska. 600 potravinov\u00fdch a 600 hygienick\u00fdch bal\u00ed\u010dkov spolu so 600 dekami a kojeneck\u00fdm mliekom sa dost\u00e1va k rodin\u00e1m z t\u00fdchto miest v\u010faka spolupr\u00e1ci s organiz\u00e1ciou Shingala Azad.<\/p>\n\n\n\n<p>\ud83d\udce6<strong>V bal\u00ed\u010dkoch sa nach\u00e1dza:<\/strong><\/p>\n\n\n\n<ul class=\"wp-block-list\">\n<li>m\u00faka, ry\u017ea, olej, kojeneck\u00e9 mlieko, paradajkov\u00fd pretlak, fazu\u013ea<\/li>\n\n\n\n<li>deky, \u0161amp\u00f3ny, zubn\u00e9 kefky, zubn\u00e9 pasty, vreckovky<\/li>\n<\/ul>\n\n\n\n<div style=\"height:30px\" aria-hidden=\"true\" class=\"wp-block-spacer\"><\/div>\n\n\n\n<figure class=\"wp-block-gallery has-nested-images columns-default is-cropped wp-block-gallery-1 is-layout-flex wp-block-gallery-is-layout-flex\">\n<figure class=\"wp-block-image size-large\"><img fetchpriority=\"high\" decoding=\"async\" width=\"1024\" height=\"768\" data-id=\"2377\" src=\"https:\/\/www.charita.sk\/svet\/wp-content\/uploads\/2023\/02\/6aad840d-6464-4d96-9092-85bf332dda69-1024x768.jpg\" alt=\"\" class=\"wp-image-2377\" srcset=\"https:\/\/www.charita.sk\/svet\/wp-content\/uploads\/2023\/02\/6aad840d-6464-4d96-9092-85bf332dda69-1024x768.jpg 1024w, https:\/\/www.charita.sk\/svet\/wp-content\/uploads\/2023\/02\/6aad840d-6464-4d96-9092-85bf332dda69-300x225.jpg 300w, https:\/\/www.charita.sk\/svet\/wp-content\/uploads\/2023\/02\/6aad840d-6464-4d96-9092-85bf332dda69-768x576.jpg 768w, https:\/\/www.charita.sk\/svet\/wp-content\/uploads\/2023\/02\/6aad840d-6464-4d96-9092-85bf332dda69-1536x1152.jpg 1536w, https:\/\/www.charita.sk\/svet\/wp-content\/uploads\/2023\/02\/6aad840d-6464-4d96-9092-85bf332dda69.jpg 1600w\" sizes=\"(max-width: 1024px) 100vw, 1024px\" \/><\/figure>\n\n\n\n<figure class=\"wp-block-image size-large\"><img decoding=\"async\" width=\"1024\" height=\"768\" data-id=\"2379\" src=\"https:\/\/www.charita.sk\/svet\/wp-content\/uploads\/2023\/02\/f9a80fb1-96b4-4590-82e4-dbc1f5009271-1024x768.jpg\" alt=\"\" class=\"wp-image-2379\" srcset=\"https:\/\/www.charita.sk\/svet\/wp-content\/uploads\/2023\/02\/f9a80fb1-96b4-4590-82e4-dbc1f5009271-1024x768.jpg 1024w, https:\/\/www.charita.sk\/svet\/wp-content\/uploads\/2023\/02\/f9a80fb1-96b4-4590-82e4-dbc1f5009271-300x225.jpg 300w, https:\/\/www.charita.sk\/svet\/wp-content\/uploads\/2023\/02\/f9a80fb1-96b4-4590-82e4-dbc1f5009271-768x576.jpg 768w, https:\/\/www.charita.sk\/svet\/wp-content\/uploads\/2023\/02\/f9a80fb1-96b4-4590-82e4-dbc1f5009271-1536x1152.jpg 1536w, https:\/\/www.charita.sk\/svet\/wp-content\/uploads\/2023\/02\/f9a80fb1-96b4-4590-82e4-dbc1f5009271.jpg 1600w\" sizes=\"(max-width: 1024px) 100vw, 1024px\" \/><\/figure>\n\n\n\n<figure class=\"wp-block-image size-large\"><img decoding=\"async\" width=\"1024\" height=\"768\" data-id=\"2378\" src=\"https:\/\/www.charita.sk\/svet\/wp-content\/uploads\/2023\/02\/add8867d-f6a3-46db-abae-6eacc640725c-1024x768.jpg\" alt=\"\" class=\"wp-image-2378\" srcset=\"https:\/\/www.charita.sk\/svet\/wp-content\/uploads\/2023\/02\/add8867d-f6a3-46db-abae-6eacc640725c-1024x768.jpg 1024w, https:\/\/www.charita.sk\/svet\/wp-content\/uploads\/2023\/02\/add8867d-f6a3-46db-abae-6eacc640725c-300x225.jpg 300w, https:\/\/www.charita.sk\/svet\/wp-content\/uploads\/2023\/02\/add8867d-f6a3-46db-abae-6eacc640725c-768x576.jpg 768w, https:\/\/www.charita.sk\/svet\/wp-content\/uploads\/2023\/02\/add8867d-f6a3-46db-abae-6eacc640725c-1536x1152.jpg 1536w, https:\/\/www.charita.sk\/svet\/wp-content\/uploads\/2023\/02\/add8867d-f6a3-46db-abae-6eacc640725c.jpg 1600w\" sizes=\"(max-width: 1024px) 100vw, 1024px\" \/><\/figure>\n<\/figure>\n","protected":false},"excerpt":{"rendered":"<p>N\u00e1zov projektu:&nbsp;Podpora pre obete zemetrasenia v S\u00fdriiLokalita implement\u00e1cie:&nbsp;Aleppo, Kobane, S\u00fdria&nbsp;Projektov\u00fd partner:&nbsp;Shingala AzadPo\u010det [&hellip;]<\/p>\n","protected":false},"author":2,"featured_media":0,"parent":0,"menu_order":0,"comment_status":"closed","ping_status":"closed","template":"","meta":{"footnotes":""},"class_list":["post-2376","page","type-page","status-publish","hentry"],"yoast_head":"<!-- This site is optimized with the Yoast SEO plugin v25.4 - https:\/\/yoast.com\/wordpress\/plugins\/seo\/ -->\n<title>Potravinov\u00e9 a hygienick\u00e9 bal\u00ed\u010dky pre obete zemetrasenia 2023 | Charita vo svete<\/title>\n<meta name=\"robots\" content=\"index, follow, max-snippet:-1, max-image-preview:large, max-video-preview:-1\" \/>\n<link rel=\"canonical\" href=\"https:\/\/www.charita.sk\/svet\/potravinove-a-hygienicke-balicky-pre-obete-zemetrasenia-2023\/\" \/>\n<meta property=\"og:locale\" content=\"sk_SK\" \/>\n<meta property=\"og:type\" content=\"article\" \/>\n<meta property=\"og:title\" content=\"Potravinov\u00e9 a hygienick\u00e9 bal\u00ed\u010dky pre obete zemetrasenia 2023 | Charita vo svete\" \/>\n<meta property=\"og:description\" content=\"N\u00e1zov projektu:&nbsp;Podpora pre obete zemetrasenia v S\u00fdriiLokalita implement\u00e1cie:&nbsp;Aleppo, Kobane, S\u00fdria&nbsp;Projektov\u00fd partner:&nbsp;Shingala AzadPo\u010det [&hellip;]\" \/>\n<meta property=\"og:url\" content=\"https:\/\/www.charita.sk\/svet\/potravinove-a-hygienicke-balicky-pre-obete-zemetrasenia-2023\/\" \/>\n<meta property=\"og:site_name\" content=\"Charita vo svete\" \/>\n<meta property=\"article:publisher\" content=\"https:\/\/www.facebook.com\/CaritasSlovakia\/\" \/>\n<meta property=\"article:modified_time\" content=\"2023-02-21T11:02:22+00:00\" \/>\n<meta property=\"og:image\" content=\"https:\/\/www.charita.sk\/pomoc-utecencom\/wp-content\/uploads\/2023\/02\/6aad840d-6464-4d96-9092-85bf332dda69-1024x768.jpg\" \/>\n<meta name=\"twitter:card\" content=\"summary_large_image\" \/>\n<meta name=\"twitter:label1\" content=\"Predpokladan\u00fd \u010das \u010d\u00edtania\" \/>\n\t<meta name=\"twitter:data1\" content=\"2 min\u00faty\" \/>\n<script type=\"application\/ld+json\" class=\"yoast-schema-graph\">{\"@context\":\"https:\/\/schema.org\",\"@graph\":[{\"@type\":\"WebPage\",\"@id\":\"https:\/\/www.charita.sk\/svet\/potravinove-a-hygienicke-balicky-pre-obete-zemetrasenia-2023\/\",\"url\":\"https:\/\/www.charita.sk\/svet\/potravinove-a-hygienicke-balicky-pre-obete-zemetrasenia-2023\/\",\"name\":\"Potravinov\u00e9 a hygienick\u00e9 bal\u00ed\u010dky pre obete zemetrasenia 2023 | Charita vo svete\",\"isPartOf\":{\"@id\":\"https:\/\/www.charita.sk\/svet\/#website\"},\"primaryImageOfPage\":{\"@id\":\"https:\/\/www.charita.sk\/svet\/potravinove-a-hygienicke-balicky-pre-obete-zemetrasenia-2023\/#primaryimage\"},\"image\":{\"@id\":\"https:\/\/www.charita.sk\/svet\/potravinove-a-hygienicke-balicky-pre-obete-zemetrasenia-2023\/#primaryimage\"},\"thumbnailUrl\":\"https:\/\/www.charita.sk\/svet\/wp-content\/uploads\/2023\/02\/6aad840d-6464-4d96-9092-85bf332dda69-1024x768.jpg\",\"datePublished\":\"2023-02-16T14:34:05+00:00\",\"dateModified\":\"2023-02-21T11:02:22+00:00\",\"breadcrumb\":{\"@id\":\"https:\/\/www.charita.sk\/svet\/potravinove-a-hygienicke-balicky-pre-obete-zemetrasenia-2023\/#breadcrumb\"},\"inLanguage\":\"sk-SK\",\"potentialAction\":[{\"@type\":\"ReadAction\",\"target\":[\"https:\/\/www.charita.sk\/svet\/potravinove-a-hygienicke-balicky-pre-obete-zemetrasenia-2023\/\"]}]},{\"@type\":\"ImageObject\",\"inLanguage\":\"sk-SK\",\"@id\":\"https:\/\/www.charita.sk\/svet\/potravinove-a-hygienicke-balicky-pre-obete-zemetrasenia-2023\/#primaryimage\",\"url\":\"https:\/\/www.charita.sk\/svet\/wp-content\/uploads\/2023\/02\/6aad840d-6464-4d96-9092-85bf332dda69.jpg\",\"contentUrl\":\"https:\/\/www.charita.sk\/svet\/wp-content\/uploads\/2023\/02\/6aad840d-6464-4d96-9092-85bf332dda69.jpg\",\"width\":1600,\"height\":1200},{\"@type\":\"BreadcrumbList\",\"@id\":\"https:\/\/www.charita.sk\/svet\/potravinove-a-hygienicke-balicky-pre-obete-zemetrasenia-2023\/#breadcrumb\",\"itemListElement\":[{\"@type\":\"ListItem\",\"position\":1,\"name\":\"Domovsk\u00e1 str\u00e1nka\",\"item\":\"https:\/\/www.charita.sk\/svet\/\"},{\"@type\":\"ListItem\",\"position\":2,\"name\":\"Potravinov\u00e9 a hygienick\u00e9 bal\u00ed\u010dky pre obete zemetrasenia 2023\"}]},{\"@type\":\"WebSite\",\"@id\":\"https:\/\/www.charita.sk\/svet\/#website\",\"url\":\"https:\/\/www.charita.sk\/svet\/\",\"name\":\"Charita vo svete\",\"description\":\"Slovensk\u00e1 katol\u00edcka charita pom\u00e1ha \u013eu\u010fom v n\u00fadzi vo svete\",\"publisher\":{\"@id\":\"https:\/\/www.charita.sk\/svet\/#organization\"},\"potentialAction\":[{\"@type\":\"SearchAction\",\"target\":{\"@type\":\"EntryPoint\",\"urlTemplate\":\"https:\/\/www.charita.sk\/svet\/?s={search_term_string}\"},\"query-input\":{\"@type\":\"PropertyValueSpecification\",\"valueRequired\":true,\"valueName\":\"search_term_string\"}}],\"inLanguage\":\"sk-SK\"},{\"@type\":\"Organization\",\"@id\":\"https:\/\/www.charita.sk\/svet\/#organization\",\"name\":\"Slovensk\u00e1 katol\u00edcka charita\",\"url\":\"https:\/\/www.charita.sk\/svet\/\",\"logo\":{\"@type\":\"ImageObject\",\"inLanguage\":\"sk-SK\",\"@id\":\"https:\/\/www.charita.sk\/svet\/#\/schema\/logo\/image\/\",\"url\":\"https:\/\/www.charita.sk\/pomoc-utecencom\/wp-content\/uploads\/2020\/11\/logo_pomoc_utecencom.jpg\",\"contentUrl\":\"https:\/\/www.charita.sk\/pomoc-utecencom\/wp-content\/uploads\/2020\/11\/logo_pomoc_utecencom.jpg\",\"width\":1712,\"height\":480,\"caption\":\"Slovensk\u00e1 katol\u00edcka charita\"},\"image\":{\"@id\":\"https:\/\/www.charita.sk\/svet\/#\/schema\/logo\/image\/\"},\"sameAs\":[\"https:\/\/www.facebook.com\/CaritasSlovakia\/\",\"https:\/\/www.instagram.com\/caritas_slovakia\/\",\"https:\/\/www.linkedin.com\/company\/caritas-slovakia-skch-\",\"https:\/\/www.youtube.com\/user\/katolickacharita\"]}]}<\/script>\n<!-- \/ Yoast SEO plugin. -->","yoast_head_json":{"title":"Potravinov\u00e9 a hygienick\u00e9 bal\u00ed\u010dky pre obete zemetrasenia 2023 | Charita vo svete","robots":{"index":"index","follow":"follow","max-snippet":"max-snippet:-1","max-image-preview":"max-image-preview:large","max-video-preview":"max-video-preview:-1"},"canonical":"https:\/\/www.charita.sk\/svet\/potravinove-a-hygienicke-balicky-pre-obete-zemetrasenia-2023\/","og_locale":"sk_SK","og_type":"article","og_title":"Potravinov\u00e9 a hygienick\u00e9 bal\u00ed\u010dky pre obete zemetrasenia 2023 | Charita vo svete","og_description":"N\u00e1zov projektu:&nbsp;Podpora pre obete zemetrasenia v S\u00fdriiLokalita implement\u00e1cie:&nbsp;Aleppo, Kobane, S\u00fdria&nbsp;Projektov\u00fd partner:&nbsp;Shingala AzadPo\u010det [&hellip;]","og_url":"https:\/\/www.charita.sk\/svet\/potravinove-a-hygienicke-balicky-pre-obete-zemetrasenia-2023\/","og_site_name":"Charita vo svete","article_publisher":"https:\/\/www.facebook.com\/CaritasSlovakia\/","article_modified_time":"2023-02-21T11:02:22+00:00","og_image":[{"url":"https:\/\/www.charita.sk\/pomoc-utecencom\/wp-content\/uploads\/2023\/02\/6aad840d-6464-4d96-9092-85bf332dda69-1024x768.jpg","type":"","width":"","height":""}],"twitter_card":"summary_large_image","twitter_misc":{"Predpokladan\u00fd \u010das \u010d\u00edtania":"2 min\u00faty"},"schema":{"@context":"https:\/\/schema.org","@graph":[{"@type":"WebPage","@id":"https:\/\/www.charita.sk\/svet\/potravinove-a-hygienicke-balicky-pre-obete-zemetrasenia-2023\/","url":"https:\/\/www.charita.sk\/svet\/potravinove-a-hygienicke-balicky-pre-obete-zemetrasenia-2023\/","name":"Potravinov\u00e9 a hygienick\u00e9 bal\u00ed\u010dky pre obete zemetrasenia 2023 | Charita vo svete","isPartOf":{"@id":"https:\/\/www.charita.sk\/svet\/#website"},"primaryImageOfPage":{"@id":"https:\/\/www.charita.sk\/svet\/potravinove-a-hygienicke-balicky-pre-obete-zemetrasenia-2023\/#primaryimage"},"image":{"@id":"https:\/\/www.charita.sk\/svet\/potravinove-a-hygienicke-balicky-pre-obete-zemetrasenia-2023\/#primaryimage"},"thumbnailUrl":"https:\/\/www.charita.sk\/svet\/wp-content\/uploads\/2023\/02\/6aad840d-6464-4d96-9092-85bf332dda69-1024x768.jpg","datePublished":"2023-02-16T14:34:05+00:00","dateModified":"2023-02-21T11:02:22+00:00","breadcrumb":{"@id":"https:\/\/www.charita.sk\/svet\/potravinove-a-hygienicke-balicky-pre-obete-zemetrasenia-2023\/#breadcrumb"},"inLanguage":"sk-SK","potentialAction":[{"@type":"ReadAction","target":["https:\/\/www.charita.sk\/svet\/potravinove-a-hygienicke-balicky-pre-obete-zemetrasenia-2023\/"]}]},{"@type":"ImageObject","inLanguage":"sk-SK","@id":"https:\/\/www.charita.sk\/svet\/potravinove-a-hygienicke-balicky-pre-obete-zemetrasenia-2023\/#primaryimage","url":"https:\/\/www.charita.sk\/svet\/wp-content\/uploads\/2023\/02\/6aad840d-6464-4d96-9092-85bf332dda69.jpg","contentUrl":"https:\/\/www.charita.sk\/svet\/wp-content\/uploads\/2023\/02\/6aad840d-6464-4d96-9092-85bf332dda69.jpg","width":1600,"height":1200},{"@type":"BreadcrumbList","@id":"https:\/\/www.charita.sk\/svet\/potravinove-a-hygienicke-balicky-pre-obete-zemetrasenia-2023\/#breadcrumb","itemListElement":[{"@type":"ListItem","position":1,"name":"Domovsk\u00e1 str\u00e1nka","item":"https:\/\/www.charita.sk\/svet\/"},{"@type":"ListItem","position":2,"name":"Potravinov\u00e9 a hygienick\u00e9 bal\u00ed\u010dky pre obete zemetrasenia 2023"}]},{"@type":"WebSite","@id":"https:\/\/www.charita.sk\/svet\/#website","url":"https:\/\/www.charita.sk\/svet\/","name":"Charita vo svete","description":"Slovensk\u00e1 katol\u00edcka charita pom\u00e1ha \u013eu\u010fom v n\u00fadzi vo svete","publisher":{"@id":"https:\/\/www.charita.sk\/svet\/#organization"},"potentialAction":[{"@type":"SearchAction","target":{"@type":"EntryPoint","urlTemplate":"https:\/\/www.charita.sk\/svet\/?s={search_term_string}"},"query-input":{"@type":"PropertyValueSpecification","valueRequired":true,"valueName":"search_term_string"}}],"inLanguage":"sk-SK"},{"@type":"Organization","@id":"https:\/\/www.charita.sk\/svet\/#organization","name":"Slovensk\u00e1 katol\u00edcka charita","url":"https:\/\/www.charita.sk\/svet\/","logo":{"@type":"ImageObject","inLanguage":"sk-SK","@id":"https:\/\/www.charita.sk\/svet\/#\/schema\/logo\/image\/","url":"https:\/\/www.charita.sk\/pomoc-utecencom\/wp-content\/uploads\/2020\/11\/logo_pomoc_utecencom.jpg","contentUrl":"https:\/\/www.charita.sk\/pomoc-utecencom\/wp-content\/uploads\/2020\/11\/logo_pomoc_utecencom.jpg","width":1712,"height":480,"caption":"Slovensk\u00e1 katol\u00edcka charita"},"image":{"@id":"https:\/\/www.charita.sk\/svet\/#\/schema\/logo\/image\/"},"sameAs":["https:\/\/www.facebook.com\/CaritasSlovakia\/","https:\/\/www.instagram.com\/caritas_slovakia\/","https:\/\/www.linkedin.com\/company\/caritas-slovakia-skch-","https:\/\/www.youtube.com\/user\/katolickacharita"]}]}},"featured_image_src":null,"featured_image_src_square":null,"_links":{"self":[{"href":"https:\/\/www.charita.sk\/svet\/wp-json\/wp\/v2\/pages\/2376","targetHints":{"allow":["GET"]}}],"collection":[{"href":"https:\/\/www.charita.sk\/svet\/wp-json\/wp\/v2\/pages"}],"about":[{"href":"https:\/\/www.charita.sk\/svet\/wp-json\/wp\/v2\/types\/page"}],"author":[{"embeddable":true,"href":"https:\/\/www.charita.sk\/svet\/wp-json\/wp\/v2\/users\/2"}],"replies":[{"embeddable":true,"href":"https:\/\/www.charita.sk\/svet\/wp-json\/wp\/v2\/comments?post=2376"}],"version-history":[{"count":4,"href":"https:\/\/www.charita.sk\/svet\/wp-json\/wp\/v2\/pages\/2376\/revisions"}],"predecessor-version":[{"id":2388,"href":"https:\/\/www.charita.sk\/svet\/wp-json\/wp\/v2\/pages\/2376\/revisions\/2388"}],"wp:attachment":[{"href":"https:\/\/www.charita.sk\/svet\/wp-json\/wp\/v2\/media?parent=2376"}],"curies":[{"name":"wp","href":"https:\/\/api.w.org\/{rel}","templated":true}]}}