{"id":3124,"date":"2025-01-22T09:12:56","date_gmt":"2025-01-22T08:12:56","guid":{"rendered":"https:\/\/www.charita.sk\/svet\/?page_id=3124"},"modified":"2025-01-22T09:12:56","modified_gmt":"2025-01-22T08:12:56","slug":"opravy-domov-v-sumy","status":"publish","type":"page","link":"https:\/\/www.charita.sk\/svet\/opravy-domov-v-sumy\/","title":{"rendered":"Opravy domov v\u00a0Sumy"},"content":{"rendered":"\n<p class=\"has-white-color has-text-color has-background has-link-color wp-elements-6b6a2341ff3623aae39e3c842d845304\" style=\"background-color:#c42f48\"><strong>N\u00e1zov projektu:\u00a0<\/strong>\u00a0Poskytovanie s\u00faprav na r\u00fdchlu opravu domov zranite\u013en\u00fdm skupin\u00e1m obyvate\u013estva v\u00a0Sumskej oblasti<br><strong>Lokalita implement\u00e1cie:\u00a0<\/strong>Sumsk\u00e1 oblas\u0165<br><strong>Meno partnera:<\/strong>\u00a0Caritas Ukraine<br><strong>Trvanie projektu:<\/strong>\u00a01.5.2024 \u2013 31.12.2024<br><strong>Men\u00e1 donorov:\u00a0<\/strong>SKCH<br><strong>Po\u010det pr\u00edjemcov pomoci:\u00a0<\/strong>147 dom\u00e1cnost\u00ed<br><strong>V\u00fd\u0161ka podpory:\u00a0<\/strong>20 000 EUR<\/p>\n\n\n\n<p>Situ\u00e1cia v Sumskej oblasti je na\u010falej n\u00e1ro\u010dn\u00e1 v d\u00f4sledku intenz\u00edvneho ostre\u013eovania a pravideln\u00fdch \u00fatokov zo strany Ruska. Najviac s\u00fa zasiahnut\u00e9 pohrani\u010dn\u00e9 obce, najm\u00e4 v okresoch Sumy a \u0160ostka. Ka\u017edodenn\u00e9 \u00fatoky, najm\u00e4 za \u00fa\u010dasti bezpilotn\u00fdch lietadiel a delostrelectva, sp\u00f4sobili v\u00e1\u017ene \u0161kody na obytn\u00fdch budov\u00e1ch a kritickej infra\u0161trukt\u00fare, napr\u00edklad na elektr\u00e1r\u0148ach, v d\u00f4sledku \u010doho zostali tis\u00edce obyvate\u013eov dlh\u0161\u00ed \u010das bez elektrickej energie. Ke\u010f\u017ee leteck\u00e9 \u00fatoky \u010dasto smeruj\u00fa na zariadenia, ktor\u00e9 uspokojuj\u00fa z\u00e1kladn\u00e9 potreby, situ\u00e1cia je obzvl\u00e1\u0161\u0165 n\u00e1ro\u010dn\u00e1 pre civilistov. Napr\u00edklad v okt\u00f3bri 2024 po\u0161koden\u00e1 rozvod\u0148a sp\u00f4sobila, \u017ee viac ako 21 000 dom\u00e1cnost\u00ed zostalo bez elektrickej energie. Zranite\u013en\u00e9 osoby v t\u00fdchto regi\u00f3noch nemaj\u00fa mo\u017enos\u0165 evaku\u00e1cie alebo presunu do in\u00fdch miest na Ukrajine.<\/p>\n\n\n\n<p>S\u00fapravy na opravy domov, ktor\u00e9 sme mohli poskytn\u00fa\u0165 zasiahnut\u00fdm obyvate\u013eom, s\u00fa preto ve\u013emi potrebn\u00e9. Tieto s\u00fapravy pom\u00e1haj\u00fa obnovi\u0165 z\u00e1kladn\u00e9 funkcie domov, v ktor\u00fdch boli po\u0161koden\u00e9 alebo zni\u010den\u00e9 okn\u00e1, dvere, steny a strechy. Do konca roka 2024 n\u00e1\u0161 partner Caritas Ukraine zak\u00fapil a&nbsp;distribuoval 146 s\u00faprav pre 146 dom\u00e1cnost\u00ed.&nbsp;<\/p>\n\n\n\n<p>V porovnan\u00ed s in\u00fdmi organiz\u00e1ciami, ktor\u00e9 poskytuj\u00fa podobn\u00fa pomoc, na\u0161e s\u00fapravy obsahuj\u00fa veci, ktor\u00e9 s\u00fa potrebn\u00e9 najm\u00e4 pre s\u00fakromn\u00e9 dom\u00e1cnosti: mark\u00edzy, dreven\u00e9 latky, n\u00e1radie. To n\u00e1m umo\u017e\u0148uje poskytova\u0165 doplnkov\u00fa pomoc popri in\u00fdch organiz\u00e1ci\u00e1ch.<\/p>\n\n\n\n<figure class=\"wp-block-gallery has-nested-images columns-4 is-cropped wp-block-gallery-1 is-layout-flex wp-block-gallery-is-layout-flex\">\n<figure class=\"wp-block-image size-large\"><img fetchpriority=\"high\" decoding=\"async\" width=\"1024\" height=\"768\" data-id=\"3125\" src=\"https:\/\/www.charita.sk\/svet\/wp-content\/uploads\/2025\/01\/The-distribution-of-repair-kits-to-a-family-from-Krivne-1-1024x768.jpeg\" alt=\"\" class=\"wp-image-3125\" srcset=\"https:\/\/www.charita.sk\/svet\/wp-content\/uploads\/2025\/01\/The-distribution-of-repair-kits-to-a-family-from-Krivne-1-1024x768.jpeg 1024w, https:\/\/www.charita.sk\/svet\/wp-content\/uploads\/2025\/01\/The-distribution-of-repair-kits-to-a-family-from-Krivne-1-300x225.jpeg 300w, https:\/\/www.charita.sk\/svet\/wp-content\/uploads\/2025\/01\/The-distribution-of-repair-kits-to-a-family-from-Krivne-1-768x576.jpeg 768w, https:\/\/www.charita.sk\/svet\/wp-content\/uploads\/2025\/01\/The-distribution-of-repair-kits-to-a-family-from-Krivne-1.jpeg 1280w\" sizes=\"(max-width: 1024px) 100vw, 1024px\" \/><\/figure>\n\n\n\n<figure class=\"wp-block-image size-large\"><img decoding=\"async\" width=\"1024\" height=\"770\" data-id=\"3126\" src=\"https:\/\/www.charita.sk\/svet\/wp-content\/uploads\/2025\/01\/Sumy-Vasylkivska-Street-1.-Nothing-remains-of-the-house-1024x770.jpg\" alt=\"\" class=\"wp-image-3126\" srcset=\"https:\/\/www.charita.sk\/svet\/wp-content\/uploads\/2025\/01\/Sumy-Vasylkivska-Street-1.-Nothing-remains-of-the-house-1024x770.jpg 1024w, https:\/\/www.charita.sk\/svet\/wp-content\/uploads\/2025\/01\/Sumy-Vasylkivska-Street-1.-Nothing-remains-of-the-house-300x225.jpg 300w, https:\/\/www.charita.sk\/svet\/wp-content\/uploads\/2025\/01\/Sumy-Vasylkivska-Street-1.-Nothing-remains-of-the-house-768x577.jpg 768w, https:\/\/www.charita.sk\/svet\/wp-content\/uploads\/2025\/01\/Sumy-Vasylkivska-Street-1.-Nothing-remains-of-the-house.jpg 1280w\" sizes=\"(max-width: 1024px) 100vw, 1024px\" \/><\/figure>\n\n\n\n<figure class=\"wp-block-image size-large\"><img decoding=\"async\" width=\"1024\" height=\"768\" data-id=\"3128\" src=\"https:\/\/www.charita.sk\/svet\/wp-content\/uploads\/2025\/01\/Distribution-of-a-repair-kit.-Krivne-1024x768.jpg\" alt=\"\" class=\"wp-image-3128\" srcset=\"https:\/\/www.charita.sk\/svet\/wp-content\/uploads\/2025\/01\/Distribution-of-a-repair-kit.-Krivne-1024x768.jpg 1024w, https:\/\/www.charita.sk\/svet\/wp-content\/uploads\/2025\/01\/Distribution-of-a-repair-kit.-Krivne-300x225.jpg 300w, https:\/\/www.charita.sk\/svet\/wp-content\/uploads\/2025\/01\/Distribution-of-a-repair-kit.-Krivne-768x576.jpg 768w, https:\/\/www.charita.sk\/svet\/wp-content\/uploads\/2025\/01\/Distribution-of-a-repair-kit.-Krivne.jpg 1280w\" sizes=\"(max-width: 1024px) 100vw, 1024px\" \/><\/figure>\n\n\n\n<figure class=\"wp-block-image size-large\"><img loading=\"lazy\" decoding=\"async\" width=\"1024\" height=\"768\" data-id=\"3127\" src=\"https:\/\/www.charita.sk\/svet\/wp-content\/uploads\/2025\/01\/Sumy-Vasylkivska-Street.-The-homeowner-is-a-retired-woman-Halyna-Mykhailivna-1024x768.jpg\" alt=\"\" class=\"wp-image-3127\" srcset=\"https:\/\/www.charita.sk\/svet\/wp-content\/uploads\/2025\/01\/Sumy-Vasylkivska-Street.-The-homeowner-is-a-retired-woman-Halyna-Mykhailivna-1024x768.jpg 1024w, https:\/\/www.charita.sk\/svet\/wp-content\/uploads\/2025\/01\/Sumy-Vasylkivska-Street.-The-homeowner-is-a-retired-woman-Halyna-Mykhailivna-300x225.jpg 300w, https:\/\/www.charita.sk\/svet\/wp-content\/uploads\/2025\/01\/Sumy-Vasylkivska-Street.-The-homeowner-is-a-retired-woman-Halyna-Mykhailivna-768x576.jpg 768w, https:\/\/www.charita.sk\/svet\/wp-content\/uploads\/2025\/01\/Sumy-Vasylkivska-Street.-The-homeowner-is-a-retired-woman-Halyna-Mykhailivna.jpg 1280w\" sizes=\"(max-width: 1024px) 100vw, 1024px\" \/><\/figure>\n<figcaption class=\"blocks-gallery-caption wp-element-caption\">\ud83d\udcf8 Sumy, Caritas Ukraine<\/figcaption><\/figure>\n","protected":false},"excerpt":{"rendered":"<p>N\u00e1zov projektu:\u00a0\u00a0Poskytovanie s\u00faprav na r\u00fdchlu opravu domov zranite\u013en\u00fdm skupin\u00e1m obyvate\u013estva v\u00a0Sumskej oblastiLokalita [&hellip;]<\/p>\n","protected":false},"author":2,"featured_media":0,"parent":0,"menu_order":0,"comment_status":"closed","ping_status":"closed","template":"","meta":{"footnotes":""},"class_list":["post-3124","page","type-page","status-publish","hentry"],"yoast_head":"<!-- This site is optimized with the Yoast SEO plugin v25.4 - https:\/\/yoast.com\/wordpress\/plugins\/seo\/ -->\n<title>Opravy domov v\u00a0Sumy | Charita vo svete<\/title>\n<meta name=\"robots\" content=\"index, follow, max-snippet:-1, max-image-preview:large, max-video-preview:-1\" \/>\n<link rel=\"canonical\" href=\"https:\/\/www.charita.sk\/svet\/opravy-domov-v-sumy\/\" \/>\n<meta property=\"og:locale\" content=\"sk_SK\" \/>\n<meta property=\"og:type\" content=\"article\" \/>\n<meta property=\"og:title\" content=\"Opravy domov v\u00a0Sumy | Charita vo svete\" \/>\n<meta property=\"og:description\" content=\"N\u00e1zov projektu:\u00a0\u00a0Poskytovanie s\u00faprav na r\u00fdchlu opravu domov zranite\u013en\u00fdm skupin\u00e1m obyvate\u013estva v\u00a0Sumskej oblastiLokalita [&hellip;]\" \/>\n<meta property=\"og:url\" content=\"https:\/\/www.charita.sk\/svet\/opravy-domov-v-sumy\/\" \/>\n<meta property=\"og:site_name\" content=\"Charita vo svete\" \/>\n<meta property=\"article:publisher\" content=\"https:\/\/www.facebook.com\/CaritasSlovakia\/\" \/>\n<meta property=\"og:image\" content=\"https:\/\/www.charita.sk\/svet\/wp-content\/uploads\/2025\/01\/The-distribution-of-repair-kits-to-a-family-from-Krivne-1.jpeg\" \/>\n\t<meta property=\"og:image:width\" content=\"1280\" \/>\n\t<meta property=\"og:image:height\" content=\"960\" \/>\n\t<meta property=\"og:image:type\" content=\"image\/jpeg\" \/>\n<meta name=\"twitter:card\" content=\"summary_large_image\" \/>\n<meta name=\"twitter:label1\" content=\"Predpokladan\u00fd \u010das \u010d\u00edtania\" \/>\n\t<meta name=\"twitter:data1\" content=\"3 min\u00faty\" \/>\n<script type=\"application\/ld+json\" class=\"yoast-schema-graph\">{\"@context\":\"https:\/\/schema.org\",\"@graph\":[{\"@type\":\"WebPage\",\"@id\":\"https:\/\/www.charita.sk\/svet\/opravy-domov-v-sumy\/\",\"url\":\"https:\/\/www.charita.sk\/svet\/opravy-domov-v-sumy\/\",\"name\":\"Opravy domov v\u00a0Sumy | Charita vo svete\",\"isPartOf\":{\"@id\":\"https:\/\/www.charita.sk\/svet\/#website\"},\"primaryImageOfPage\":{\"@id\":\"https:\/\/www.charita.sk\/svet\/opravy-domov-v-sumy\/#primaryimage\"},\"image\":{\"@id\":\"https:\/\/www.charita.sk\/svet\/opravy-domov-v-sumy\/#primaryimage\"},\"thumbnailUrl\":\"https:\/\/www.charita.sk\/svet\/wp-content\/uploads\/2025\/01\/The-distribution-of-repair-kits-to-a-family-from-Krivne-1-1024x768.jpeg\",\"datePublished\":\"2025-01-22T08:12:56+00:00\",\"breadcrumb\":{\"@id\":\"https:\/\/www.charita.sk\/svet\/opravy-domov-v-sumy\/#breadcrumb\"},\"inLanguage\":\"sk-SK\",\"potentialAction\":[{\"@type\":\"ReadAction\",\"target\":[\"https:\/\/www.charita.sk\/svet\/opravy-domov-v-sumy\/\"]}]},{\"@type\":\"ImageObject\",\"inLanguage\":\"sk-SK\",\"@id\":\"https:\/\/www.charita.sk\/svet\/opravy-domov-v-sumy\/#primaryimage\",\"url\":\"https:\/\/www.charita.sk\/svet\/wp-content\/uploads\/2025\/01\/The-distribution-of-repair-kits-to-a-family-from-Krivne-1.jpeg\",\"contentUrl\":\"https:\/\/www.charita.sk\/svet\/wp-content\/uploads\/2025\/01\/The-distribution-of-repair-kits-to-a-family-from-Krivne-1.jpeg\",\"width\":1280,\"height\":960},{\"@type\":\"BreadcrumbList\",\"@id\":\"https:\/\/www.charita.sk\/svet\/opravy-domov-v-sumy\/#breadcrumb\",\"itemListElement\":[{\"@type\":\"ListItem\",\"position\":1,\"name\":\"Domovsk\u00e1 str\u00e1nka\",\"item\":\"https:\/\/www.charita.sk\/svet\/\"},{\"@type\":\"ListItem\",\"position\":2,\"name\":\"Opravy domov v\u00a0Sumy\"}]},{\"@type\":\"WebSite\",\"@id\":\"https:\/\/www.charita.sk\/svet\/#website\",\"url\":\"https:\/\/www.charita.sk\/svet\/\",\"name\":\"Charita vo svete\",\"description\":\"Slovensk\u00e1 katol\u00edcka charita pom\u00e1ha \u013eu\u010fom v n\u00fadzi vo svete\",\"publisher\":{\"@id\":\"https:\/\/www.charita.sk\/svet\/#organization\"},\"potentialAction\":[{\"@type\":\"SearchAction\",\"target\":{\"@type\":\"EntryPoint\",\"urlTemplate\":\"https:\/\/www.charita.sk\/svet\/?s={search_term_string}\"},\"query-input\":{\"@type\":\"PropertyValueSpecification\",\"valueRequired\":true,\"valueName\":\"search_term_string\"}}],\"inLanguage\":\"sk-SK\"},{\"@type\":\"Organization\",\"@id\":\"https:\/\/www.charita.sk\/svet\/#organization\",\"name\":\"Slovensk\u00e1 katol\u00edcka charita\",\"url\":\"https:\/\/www.charita.sk\/svet\/\",\"logo\":{\"@type\":\"ImageObject\",\"inLanguage\":\"sk-SK\",\"@id\":\"https:\/\/www.charita.sk\/svet\/#\/schema\/logo\/image\/\",\"url\":\"https:\/\/www.charita.sk\/pomoc-utecencom\/wp-content\/uploads\/2020\/11\/logo_pomoc_utecencom.jpg\",\"contentUrl\":\"https:\/\/www.charita.sk\/pomoc-utecencom\/wp-content\/uploads\/2020\/11\/logo_pomoc_utecencom.jpg\",\"width\":1712,\"height\":480,\"caption\":\"Slovensk\u00e1 katol\u00edcka charita\"},\"image\":{\"@id\":\"https:\/\/www.charita.sk\/svet\/#\/schema\/logo\/image\/\"},\"sameAs\":[\"https:\/\/www.facebook.com\/CaritasSlovakia\/\",\"https:\/\/www.instagram.com\/caritas_slovakia\/\",\"https:\/\/www.linkedin.com\/company\/caritas-slovakia-skch-\",\"https:\/\/www.youtube.com\/user\/katolickacharita\"]}]}<\/script>\n<!-- \/ Yoast SEO plugin. -->","yoast_head_json":{"title":"Opravy domov v\u00a0Sumy | Charita vo svete","robots":{"index":"index","follow":"follow","max-snippet":"max-snippet:-1","max-image-preview":"max-image-preview:large","max-video-preview":"max-video-preview:-1"},"canonical":"https:\/\/www.charita.sk\/svet\/opravy-domov-v-sumy\/","og_locale":"sk_SK","og_type":"article","og_title":"Opravy domov v\u00a0Sumy | Charita vo svete","og_description":"N\u00e1zov projektu:\u00a0\u00a0Poskytovanie s\u00faprav na r\u00fdchlu opravu domov zranite\u013en\u00fdm skupin\u00e1m obyvate\u013estva v\u00a0Sumskej oblastiLokalita [&hellip;]","og_url":"https:\/\/www.charita.sk\/svet\/opravy-domov-v-sumy\/","og_site_name":"Charita vo svete","article_publisher":"https:\/\/www.facebook.com\/CaritasSlovakia\/","og_image":[{"width":1280,"height":960,"url":"https:\/\/www.charita.sk\/svet\/wp-content\/uploads\/2025\/01\/The-distribution-of-repair-kits-to-a-family-from-Krivne-1.jpeg","type":"image\/jpeg"}],"twitter_card":"summary_large_image","twitter_misc":{"Predpokladan\u00fd \u010das \u010d\u00edtania":"3 min\u00faty"},"schema":{"@context":"https:\/\/schema.org","@graph":[{"@type":"WebPage","@id":"https:\/\/www.charita.sk\/svet\/opravy-domov-v-sumy\/","url":"https:\/\/www.charita.sk\/svet\/opravy-domov-v-sumy\/","name":"Opravy domov v\u00a0Sumy | Charita vo svete","isPartOf":{"@id":"https:\/\/www.charita.sk\/svet\/#website"},"primaryImageOfPage":{"@id":"https:\/\/www.charita.sk\/svet\/opravy-domov-v-sumy\/#primaryimage"},"image":{"@id":"https:\/\/www.charita.sk\/svet\/opravy-domov-v-sumy\/#primaryimage"},"thumbnailUrl":"https:\/\/www.charita.sk\/svet\/wp-content\/uploads\/2025\/01\/The-distribution-of-repair-kits-to-a-family-from-Krivne-1-1024x768.jpeg","datePublished":"2025-01-22T08:12:56+00:00","breadcrumb":{"@id":"https:\/\/www.charita.sk\/svet\/opravy-domov-v-sumy\/#breadcrumb"},"inLanguage":"sk-SK","potentialAction":[{"@type":"ReadAction","target":["https:\/\/www.charita.sk\/svet\/opravy-domov-v-sumy\/"]}]},{"@type":"ImageObject","inLanguage":"sk-SK","@id":"https:\/\/www.charita.sk\/svet\/opravy-domov-v-sumy\/#primaryimage","url":"https:\/\/www.charita.sk\/svet\/wp-content\/uploads\/2025\/01\/The-distribution-of-repair-kits-to-a-family-from-Krivne-1.jpeg","contentUrl":"https:\/\/www.charita.sk\/svet\/wp-content\/uploads\/2025\/01\/The-distribution-of-repair-kits-to-a-family-from-Krivne-1.jpeg","width":1280,"height":960},{"@type":"BreadcrumbList","@id":"https:\/\/www.charita.sk\/svet\/opravy-domov-v-sumy\/#breadcrumb","itemListElement":[{"@type":"ListItem","position":1,"name":"Domovsk\u00e1 str\u00e1nka","item":"https:\/\/www.charita.sk\/svet\/"},{"@type":"ListItem","position":2,"name":"Opravy domov v\u00a0Sumy"}]},{"@type":"WebSite","@id":"https:\/\/www.charita.sk\/svet\/#website","url":"https:\/\/www.charita.sk\/svet\/","name":"Charita vo svete","description":"Slovensk\u00e1 katol\u00edcka charita pom\u00e1ha \u013eu\u010fom v n\u00fadzi vo svete","publisher":{"@id":"https:\/\/www.charita.sk\/svet\/#organization"},"potentialAction":[{"@type":"SearchAction","target":{"@type":"EntryPoint","urlTemplate":"https:\/\/www.charita.sk\/svet\/?s={search_term_string}"},"query-input":{"@type":"PropertyValueSpecification","valueRequired":true,"valueName":"search_term_string"}}],"inLanguage":"sk-SK"},{"@type":"Organization","@id":"https:\/\/www.charita.sk\/svet\/#organization","name":"Slovensk\u00e1 katol\u00edcka charita","url":"https:\/\/www.charita.sk\/svet\/","logo":{"@type":"ImageObject","inLanguage":"sk-SK","@id":"https:\/\/www.charita.sk\/svet\/#\/schema\/logo\/image\/","url":"https:\/\/www.charita.sk\/pomoc-utecencom\/wp-content\/uploads\/2020\/11\/logo_pomoc_utecencom.jpg","contentUrl":"https:\/\/www.charita.sk\/pomoc-utecencom\/wp-content\/uploads\/2020\/11\/logo_pomoc_utecencom.jpg","width":1712,"height":480,"caption":"Slovensk\u00e1 katol\u00edcka charita"},"image":{"@id":"https:\/\/www.charita.sk\/svet\/#\/schema\/logo\/image\/"},"sameAs":["https:\/\/www.facebook.com\/CaritasSlovakia\/","https:\/\/www.instagram.com\/caritas_slovakia\/","https:\/\/www.linkedin.com\/company\/caritas-slovakia-skch-","https:\/\/www.youtube.com\/user\/katolickacharita"]}]}},"featured_image_src":null,"featured_image_src_square":null,"_links":{"self":[{"href":"https:\/\/www.charita.sk\/svet\/wp-json\/wp\/v2\/pages\/3124","targetHints":{"allow":["GET"]}}],"collection":[{"href":"https:\/\/www.charita.sk\/svet\/wp-json\/wp\/v2\/pages"}],"about":[{"href":"https:\/\/www.charita.sk\/svet\/wp-json\/wp\/v2\/types\/page"}],"author":[{"embeddable":true,"href":"https:\/\/www.charita.sk\/svet\/wp-json\/wp\/v2\/users\/2"}],"replies":[{"embeddable":true,"href":"https:\/\/www.charita.sk\/svet\/wp-json\/wp\/v2\/comments?post=3124"}],"version-history":[{"count":1,"href":"https:\/\/www.charita.sk\/svet\/wp-json\/wp\/v2\/pages\/3124\/revisions"}],"predecessor-version":[{"id":3129,"href":"https:\/\/www.charita.sk\/svet\/wp-json\/wp\/v2\/pages\/3124\/revisions\/3129"}],"wp:attachment":[{"href":"https:\/\/www.charita.sk\/svet\/wp-json\/wp\/v2\/media?parent=3124"}],"curies":[{"name":"wp","href":"https:\/\/api.w.org\/{rel}","templated":true}]}}