{"id":3131,"date":"2025-01-22T09:15:55","date_gmt":"2025-01-22T08:15:55","guid":{"rendered":"https:\/\/www.charita.sk\/svet\/?page_id=3131"},"modified":"2025-01-27T13:04:58","modified_gmt":"2025-01-27T12:04:58","slug":"charitna-kuchyna-v-dnipre-ii","status":"publish","type":"page","link":"https:\/\/www.charita.sk\/svet\/charitna-kuchyna-v-dnipre-ii\/","title":{"rendered":"Charitn\u00e1 kuchy\u0148a v Dnipre II"},"content":{"rendered":"\n<p class=\"has-white-color has-text-color has-background has-link-color wp-elements-0a2005f04bf49f6ca0b468ac5897bcc0\" style=\"background-color:#c42f41\"><strong>N\u00e1zov projektu:&nbsp;<\/strong>&nbsp;Charitn\u00e1 kuchy\u0148a II<br><strong>Lokalita implement\u00e1cie:&nbsp;<\/strong>Dnipro a&nbsp;Dnepropetrovsk\u00e1&nbsp;oblas\u0165, Ukrajina<br><strong>Meno partnera:<\/strong>&nbsp;Caritas Donetsk<br><strong>Trvanie projektu:<\/strong>&nbsp;13.1.2025 \u2013 30.4.2025<br><strong>Men\u00e1 donorov:&nbsp;<\/strong>SKCH<br><strong>Po\u010det pr\u00edjemcov pomoci:&nbsp;<\/strong>4500 tepl\u00fdch jed\u00e1l vydan\u00fdch po\u010das 3 mesiacov<br><strong>V\u00fd\u0161ka podpory:&nbsp;<\/strong>12 000 EUR<\/p>\n\n\n\n<p>Vojna, ktor\u00e1 na Ukrajine trv\u00e1 u\u017e skoro tri roky, viedla k humanit\u00e1rnej kr\u00edze, extr\u00e9mnemu zbeda\u010deniu obyvate\u013estva a s\u0165a\u017eila pr\u00edstup vn\u00fatorne vys\u00eddlen\u00fdch os\u00f4b a miestneho obyvate\u013estva, ktor\u00e9 sa nach\u00e1dza v \u0165a\u017ek\u00fdch \u017eivotn\u00fdch podmienkach, k soci\u00e1lnym a\u00a0zdravotn\u00edckym slu\u017eb\u00e1m, vzdel\u00e1vaniu a\u00a0k zamestnaniu. Dnepropetrovsk\u00e1 oblas\u0165 je l\u00eddrom z h\u013eadiska po\u010dtu vn\u00fatorne vys\u00eddlen\u00fdch os\u00f4b prijat\u00fdch v r\u00e1mci Ukrajiny, k septembru 2024 bolo v meste Dnipro ofici\u00e1lne zaregistrovan\u00fdch viac ako 173 458 vn\u00fatorne vys\u00eddlen\u00fdch os\u00f4b. V d\u00f4sledku zintenz\u00edvnenia bojov v doneckom smere v posledn\u00fdch mesiacoch prich\u00e1dza do oblasti nov\u00e1 vlna ute\u010dencov.<\/p>\n\n\n\n<p>V\u010faka finan\u010dnej podpore darcov SKCH m\u00f4\u017eeme aj v&nbsp;roku 2025 poskytn\u00fa\u0165 komplexn\u00e9 tepl\u00e9 obedy v&nbsp;charitnej kuchyni v Dnipre najzranite\u013enej\u0161\u00edm \u013eu\u010fom v&nbsp;zimnom obdob\u00ed.&nbsp;<\/p>\n\n\n\n<p>Cie\u013eom projektu je zabezpe\u010di\u0165 najodk\u00e1zanej\u0161\u00edm \u010dlenom z radov vn\u00fatorne vys\u00eddlen\u00fdch os\u00f4b a z\u00e1stupcov miestneho obyvate\u013estva v \u0165a\u017ek\u00fdch \u017eivotn\u00fdch podmienkach z\u00e1kladn\u00e9 potreby poskytovan\u00edm tepl\u00fdch komplexn\u00fdch obedov v stacion\u00e1rnom v\u00fddajnom mieste &#8211; soci\u00e1lnej kaviarni Caritas Doneck.<\/p>\n","protected":false},"excerpt":{"rendered":"<p>N\u00e1zov projektu:&nbsp;&nbsp;Charitn\u00e1 kuchy\u0148a IILokalita implement\u00e1cie:&nbsp;Dnipro a&nbsp;Dnepropetrovsk\u00e1&nbsp;oblas\u0165, UkrajinaMeno partnera:&nbsp;Caritas DonetskTrvanie projektu:&nbsp;13.1.2025 \u2013 30.4.2025Men\u00e1 [&hellip;]<\/p>\n","protected":false},"author":2,"featured_media":0,"parent":0,"menu_order":0,"comment_status":"closed","ping_status":"closed","template":"","meta":{"footnotes":""},"class_list":["post-3131","page","type-page","status-publish","hentry"],"yoast_head":"<!-- This site is optimized with the Yoast SEO plugin v25.4 - https:\/\/yoast.com\/wordpress\/plugins\/seo\/ -->\n<title>Charitn\u00e1 kuchy\u0148a v Dnipre II | Charita vo svete<\/title>\n<meta name=\"robots\" content=\"index, follow, max-snippet:-1, max-image-preview:large, max-video-preview:-1\" \/>\n<link rel=\"canonical\" href=\"https:\/\/www.charita.sk\/svet\/charitna-kuchyna-v-dnipre-ii\/\" \/>\n<meta property=\"og:locale\" content=\"sk_SK\" \/>\n<meta property=\"og:type\" content=\"article\" \/>\n<meta property=\"og:title\" content=\"Charitn\u00e1 kuchy\u0148a v Dnipre II | Charita vo svete\" \/>\n<meta property=\"og:description\" content=\"N\u00e1zov projektu:&nbsp;&nbsp;Charitn\u00e1 kuchy\u0148a IILokalita implement\u00e1cie:&nbsp;Dnipro a&nbsp;Dnepropetrovsk\u00e1&nbsp;oblas\u0165, UkrajinaMeno partnera:&nbsp;Caritas DonetskTrvanie projektu:&nbsp;13.1.2025 \u2013 30.4.2025Men\u00e1 [&hellip;]\" \/>\n<meta property=\"og:url\" content=\"https:\/\/www.charita.sk\/svet\/charitna-kuchyna-v-dnipre-ii\/\" \/>\n<meta property=\"og:site_name\" content=\"Charita vo svete\" \/>\n<meta property=\"article:publisher\" content=\"https:\/\/www.facebook.com\/CaritasSlovakia\/\" \/>\n<meta property=\"article:modified_time\" content=\"2025-01-27T12:04:58+00:00\" \/>\n<meta name=\"twitter:card\" content=\"summary_large_image\" \/>\n<meta name=\"twitter:label1\" content=\"Predpokladan\u00fd \u010das \u010d\u00edtania\" \/>\n\t<meta name=\"twitter:data1\" content=\"1 min\u00fata\" \/>\n<script type=\"application\/ld+json\" class=\"yoast-schema-graph\">{\"@context\":\"https:\/\/schema.org\",\"@graph\":[{\"@type\":\"WebPage\",\"@id\":\"https:\/\/www.charita.sk\/svet\/charitna-kuchyna-v-dnipre-ii\/\",\"url\":\"https:\/\/www.charita.sk\/svet\/charitna-kuchyna-v-dnipre-ii\/\",\"name\":\"Charitn\u00e1 kuchy\u0148a v Dnipre II | Charita vo svete\",\"isPartOf\":{\"@id\":\"https:\/\/www.charita.sk\/svet\/#website\"},\"datePublished\":\"2025-01-22T08:15:55+00:00\",\"dateModified\":\"2025-01-27T12:04:58+00:00\",\"breadcrumb\":{\"@id\":\"https:\/\/www.charita.sk\/svet\/charitna-kuchyna-v-dnipre-ii\/#breadcrumb\"},\"inLanguage\":\"sk-SK\",\"potentialAction\":[{\"@type\":\"ReadAction\",\"target\":[\"https:\/\/www.charita.sk\/svet\/charitna-kuchyna-v-dnipre-ii\/\"]}]},{\"@type\":\"BreadcrumbList\",\"@id\":\"https:\/\/www.charita.sk\/svet\/charitna-kuchyna-v-dnipre-ii\/#breadcrumb\",\"itemListElement\":[{\"@type\":\"ListItem\",\"position\":1,\"name\":\"Domovsk\u00e1 str\u00e1nka\",\"item\":\"https:\/\/www.charita.sk\/svet\/\"},{\"@type\":\"ListItem\",\"position\":2,\"name\":\"Charitn\u00e1 kuchy\u0148a v Dnipre II\"}]},{\"@type\":\"WebSite\",\"@id\":\"https:\/\/www.charita.sk\/svet\/#website\",\"url\":\"https:\/\/www.charita.sk\/svet\/\",\"name\":\"Charita vo svete\",\"description\":\"Slovensk\u00e1 katol\u00edcka charita pom\u00e1ha \u013eu\u010fom v n\u00fadzi vo svete\",\"publisher\":{\"@id\":\"https:\/\/www.charita.sk\/svet\/#organization\"},\"potentialAction\":[{\"@type\":\"SearchAction\",\"target\":{\"@type\":\"EntryPoint\",\"urlTemplate\":\"https:\/\/www.charita.sk\/svet\/?s={search_term_string}\"},\"query-input\":{\"@type\":\"PropertyValueSpecification\",\"valueRequired\":true,\"valueName\":\"search_term_string\"}}],\"inLanguage\":\"sk-SK\"},{\"@type\":\"Organization\",\"@id\":\"https:\/\/www.charita.sk\/svet\/#organization\",\"name\":\"Slovensk\u00e1 katol\u00edcka charita\",\"url\":\"https:\/\/www.charita.sk\/svet\/\",\"logo\":{\"@type\":\"ImageObject\",\"inLanguage\":\"sk-SK\",\"@id\":\"https:\/\/www.charita.sk\/svet\/#\/schema\/logo\/image\/\",\"url\":\"https:\/\/www.charita.sk\/pomoc-utecencom\/wp-content\/uploads\/2020\/11\/logo_pomoc_utecencom.jpg\",\"contentUrl\":\"https:\/\/www.charita.sk\/pomoc-utecencom\/wp-content\/uploads\/2020\/11\/logo_pomoc_utecencom.jpg\",\"width\":1712,\"height\":480,\"caption\":\"Slovensk\u00e1 katol\u00edcka charita\"},\"image\":{\"@id\":\"https:\/\/www.charita.sk\/svet\/#\/schema\/logo\/image\/\"},\"sameAs\":[\"https:\/\/www.facebook.com\/CaritasSlovakia\/\",\"https:\/\/www.instagram.com\/caritas_slovakia\/\",\"https:\/\/www.linkedin.com\/company\/caritas-slovakia-skch-\",\"https:\/\/www.youtube.com\/user\/katolickacharita\"]}]}<\/script>\n<!-- \/ Yoast SEO plugin. -->","yoast_head_json":{"title":"Charitn\u00e1 kuchy\u0148a v Dnipre II | Charita vo svete","robots":{"index":"index","follow":"follow","max-snippet":"max-snippet:-1","max-image-preview":"max-image-preview:large","max-video-preview":"max-video-preview:-1"},"canonical":"https:\/\/www.charita.sk\/svet\/charitna-kuchyna-v-dnipre-ii\/","og_locale":"sk_SK","og_type":"article","og_title":"Charitn\u00e1 kuchy\u0148a v Dnipre II | Charita vo svete","og_description":"N\u00e1zov projektu:&nbsp;&nbsp;Charitn\u00e1 kuchy\u0148a IILokalita implement\u00e1cie:&nbsp;Dnipro a&nbsp;Dnepropetrovsk\u00e1&nbsp;oblas\u0165, UkrajinaMeno partnera:&nbsp;Caritas DonetskTrvanie projektu:&nbsp;13.1.2025 \u2013 30.4.2025Men\u00e1 [&hellip;]","og_url":"https:\/\/www.charita.sk\/svet\/charitna-kuchyna-v-dnipre-ii\/","og_site_name":"Charita vo svete","article_publisher":"https:\/\/www.facebook.com\/CaritasSlovakia\/","article_modified_time":"2025-01-27T12:04:58+00:00","twitter_card":"summary_large_image","twitter_misc":{"Predpokladan\u00fd \u010das \u010d\u00edtania":"1 min\u00fata"},"schema":{"@context":"https:\/\/schema.org","@graph":[{"@type":"WebPage","@id":"https:\/\/www.charita.sk\/svet\/charitna-kuchyna-v-dnipre-ii\/","url":"https:\/\/www.charita.sk\/svet\/charitna-kuchyna-v-dnipre-ii\/","name":"Charitn\u00e1 kuchy\u0148a v Dnipre II | Charita vo svete","isPartOf":{"@id":"https:\/\/www.charita.sk\/svet\/#website"},"datePublished":"2025-01-22T08:15:55+00:00","dateModified":"2025-01-27T12:04:58+00:00","breadcrumb":{"@id":"https:\/\/www.charita.sk\/svet\/charitna-kuchyna-v-dnipre-ii\/#breadcrumb"},"inLanguage":"sk-SK","potentialAction":[{"@type":"ReadAction","target":["https:\/\/www.charita.sk\/svet\/charitna-kuchyna-v-dnipre-ii\/"]}]},{"@type":"BreadcrumbList","@id":"https:\/\/www.charita.sk\/svet\/charitna-kuchyna-v-dnipre-ii\/#breadcrumb","itemListElement":[{"@type":"ListItem","position":1,"name":"Domovsk\u00e1 str\u00e1nka","item":"https:\/\/www.charita.sk\/svet\/"},{"@type":"ListItem","position":2,"name":"Charitn\u00e1 kuchy\u0148a v Dnipre II"}]},{"@type":"WebSite","@id":"https:\/\/www.charita.sk\/svet\/#website","url":"https:\/\/www.charita.sk\/svet\/","name":"Charita vo svete","description":"Slovensk\u00e1 katol\u00edcka charita pom\u00e1ha \u013eu\u010fom v n\u00fadzi vo svete","publisher":{"@id":"https:\/\/www.charita.sk\/svet\/#organization"},"potentialAction":[{"@type":"SearchAction","target":{"@type":"EntryPoint","urlTemplate":"https:\/\/www.charita.sk\/svet\/?s={search_term_string}"},"query-input":{"@type":"PropertyValueSpecification","valueRequired":true,"valueName":"search_term_string"}}],"inLanguage":"sk-SK"},{"@type":"Organization","@id":"https:\/\/www.charita.sk\/svet\/#organization","name":"Slovensk\u00e1 katol\u00edcka charita","url":"https:\/\/www.charita.sk\/svet\/","logo":{"@type":"ImageObject","inLanguage":"sk-SK","@id":"https:\/\/www.charita.sk\/svet\/#\/schema\/logo\/image\/","url":"https:\/\/www.charita.sk\/pomoc-utecencom\/wp-content\/uploads\/2020\/11\/logo_pomoc_utecencom.jpg","contentUrl":"https:\/\/www.charita.sk\/pomoc-utecencom\/wp-content\/uploads\/2020\/11\/logo_pomoc_utecencom.jpg","width":1712,"height":480,"caption":"Slovensk\u00e1 katol\u00edcka charita"},"image":{"@id":"https:\/\/www.charita.sk\/svet\/#\/schema\/logo\/image\/"},"sameAs":["https:\/\/www.facebook.com\/CaritasSlovakia\/","https:\/\/www.instagram.com\/caritas_slovakia\/","https:\/\/www.linkedin.com\/company\/caritas-slovakia-skch-","https:\/\/www.youtube.com\/user\/katolickacharita"]}]}},"featured_image_src":null,"featured_image_src_square":null,"_links":{"self":[{"href":"https:\/\/www.charita.sk\/svet\/wp-json\/wp\/v2\/pages\/3131","targetHints":{"allow":["GET"]}}],"collection":[{"href":"https:\/\/www.charita.sk\/svet\/wp-json\/wp\/v2\/pages"}],"about":[{"href":"https:\/\/www.charita.sk\/svet\/wp-json\/wp\/v2\/types\/page"}],"author":[{"embeddable":true,"href":"https:\/\/www.charita.sk\/svet\/wp-json\/wp\/v2\/users\/2"}],"replies":[{"embeddable":true,"href":"https:\/\/www.charita.sk\/svet\/wp-json\/wp\/v2\/comments?post=3131"}],"version-history":[{"count":4,"href":"https:\/\/www.charita.sk\/svet\/wp-json\/wp\/v2\/pages\/3131\/revisions"}],"predecessor-version":[{"id":3191,"href":"https:\/\/www.charita.sk\/svet\/wp-json\/wp\/v2\/pages\/3131\/revisions\/3191"}],"wp:attachment":[{"href":"https:\/\/www.charita.sk\/svet\/wp-json\/wp\/v2\/media?parent=3131"}],"curies":[{"name":"wp","href":"https:\/\/api.w.org\/{rel}","templated":true}]}}

Charitná kuchyňa v Dnipre II

<p class="has-white-color has-text-color has-background has-link-color wp-elements-0a2005f04bf49f6ca0b468ac5897bcc0" style="background-color:#c42f41"><strong>Názov projektu:&nbsp;</strong>&nbsp;Charitná kuchyňa II<br><strong>Lokalita implementácie:&nbsp;</strong>Dnipro a&nbsp;Dnepropetrovská&nbsp;oblasť, Ukrajina<br><strong>Meno partnera:</strong>&nbsp;Caritas Donetsk<br><strong>Trvanie projektu:</strong>&nbsp;13.1.2025 – 30.4.2025<br><strong>Mená donorov:&nbsp;</strong>SKCH<br><strong>Počet príjemcov pomoci:&nbsp;</strong>4500 teplých jedál vydaných počas 3 mesiacov<br><strong>Výška podpory:&nbsp;</strong>12 000 EUR</p>



<p>Vojna, ktorá na Ukrajine trvá už skoro tri roky, viedla k humanitárnej kríze, extrémnemu zbedačeniu obyvateľstva a sťažila prístup vnútorne vysídlených osôb a miestneho obyvateľstva, ktoré sa nachádza v ťažkých životných podmienkach, k sociálnym a zdravotníckym službám, vzdelávaniu a k zamestnaniu. Dnepropetrovská oblasť je lídrom z hľadiska počtu vnútorne vysídlených osôb prijatých v rámci Ukrajiny, k septembru 2024 bolo v meste Dnipro oficiálne zaregistrovaných viac ako 173 458 vnútorne vysídlených osôb. V dôsledku zintenzívnenia bojov v doneckom smere v posledných mesiacoch prichádza do oblasti nová vlna utečencov.</p>



<p>Vďaka finančnej podpore darcov SKCH môžeme aj v&nbsp;roku 2025 poskytnúť komplexné teplé obedy v&nbsp;charitnej kuchyni v Dnipre najzraniteľnejším ľuďom v&nbsp;zimnom období.&nbsp;</p>



<p>Cieľom projektu je zabezpečiť najodkázanejším členom z radov vnútorne vysídlených osôb a zástupcov miestneho obyvateľstva v ťažkých životných podmienkach základné potreby poskytovaním teplých komplexných obedov v stacionárnom výdajnom mieste &#8211; sociálnej kaviarni Caritas Doneck.</p>

<p>Názov projektu:&nbsp;&nbsp;Charitná kuchyňa IILokalita implementácie:&nbsp;Dnipro a&nbsp;Dnepropetrovská&nbsp;oblasť, UkrajinaMeno partnera:&nbsp;Caritas DonetskTrvanie projektu:&nbsp;13.1.2025 – 30.4.2025Mená [&hellip;]</p>

<!-- This site is optimized with the Yoast SEO plugin v25.4 - https://yoast.com/wordpress/plugins/seo/ -->
<title>Charitná kuchyňa v Dnipre II | Charita vo svete</title>
<meta name="robots" content="index, follow, max-snippet:-1, max-image-preview:large, max-video-preview:-1" />
<link rel="canonical" href="https://www.charita.sk/svet/charitna-kuchyna-v-dnipre-ii/" />
<meta property="og:locale" content="sk_SK" />
<meta property="og:type" content="article" />
<meta property="og:title" content="Charitná kuchyňa v Dnipre II | Charita vo svete" />
<meta property="og:description" content="Názov projektu:&nbsp;&nbsp;Charitná kuchyňa IILokalita implementácie:&nbsp;Dnipro a&nbsp;Dnepropetrovská&nbsp;oblasť, UkrajinaMeno partnera:&nbsp;Caritas DonetskTrvanie projektu:&nbsp;13.1.2025 – 30.4.2025Mená [&hellip;]" />
<meta property="og:url" content="https://www.charita.sk/svet/charitna-kuchyna-v-dnipre-ii/" />
<meta property="og:site_name" content="Charita vo svete" />
<meta property="article:publisher" content="https://www.facebook.com/CaritasSlovakia/" />
<meta property="article:modified_time" content="2025-01-27T12:04:58+00:00" />
<meta name="twitter:card" content="summary_large_image" />
<meta name="twitter:label1" content="Predpokladaný čas čítania" />
	<meta name="twitter:data1" content="1 minúta" />
<script type="application/ld+json" class="yoast-schema-graph">{"@context":"https://schema.org","@graph":[{"@type":"WebPage","@id":"https://www.charita.sk/svet/charitna-kuchyna-v-dnipre-ii/","url":"https://www.charita.sk/svet/charitna-kuchyna-v-dnipre-ii/","name":"Charitná kuchyňa v Dnipre II | Charita vo svete","isPartOf":{"@id":"https://www.charita.sk/svet/#website"},"datePublished":"2025-01-22T08:15:55+00:00","dateModified":"2025-01-27T12:04:58+00:00","breadcrumb":{"@id":"https://www.charita.sk/svet/charitna-kuchyna-v-dnipre-ii/#breadcrumb"},"inLanguage":"sk-SK","potentialAction":[{"@type":"ReadAction","target":["https://www.charita.sk/svet/charitna-kuchyna-v-dnipre-ii/"]}]},{"@type":"BreadcrumbList","@id":"https://www.charita.sk/svet/charitna-kuchyna-v-dnipre-ii/#breadcrumb","itemListElement":[{"@type":"ListItem","position":1,"name":"Domovská stránka","item":"https://www.charita.sk/svet/"},{"@type":"ListItem","position":2,"name":"Charitná kuchyňa v Dnipre II"}]},{"@type":"WebSite","@id":"https://www.charita.sk/svet/#website","url":"https://www.charita.sk/svet/","name":"Charita vo svete","description":"Slovenská katolícka charita pomáha ľuďom v núdzi vo svete","publisher":{"@id":"https://www.charita.sk/svet/#organization"},"potentialAction":[{"@type":"SearchAction","target":{"@type":"EntryPoint","urlTemplate":"https://www.charita.sk/svet/?s={search_term_string}"},"query-input":{"@type":"PropertyValueSpecification","valueRequired":true,"valueName":"search_term_string"}}],"inLanguage":"sk-SK"},{"@type":"Organization","@id":"https://www.charita.sk/svet/#organization","name":"Slovenská katolícka charita","url":"https://www.charita.sk/svet/","logo":{"@type":"ImageObject","inLanguage":"sk-SK","@id":"https://www.charita.sk/svet/#/schema/logo/image/","url":"https://www.charita.sk/pomoc-utecencom/wp-content/uploads/2020/11/logo_pomoc_utecencom.jpg","contentUrl":"https://www.charita.sk/pomoc-utecencom/wp-content/uploads/2020/11/logo_pomoc_utecencom.jpg","width":1712,"height":480,"caption":"Slovenská katolícka charita"},"image":{"@id":"https://www.charita.sk/svet/#/schema/logo/image/"},"sameAs":["https://www.facebook.com/CaritasSlovakia/","https://www.instagram.com/caritas_slovakia/","https://www.linkedin.com/company/caritas-slovakia-skch-","https://www.youtube.com/user/katolickacharita"]}]}</script>
<!-- / Yoast SEO plugin. -->

Charitná kuchyňa v Dnipre II | Charita vo svete

Názov projektu:&nbsp;&nbsp;Charitná kuchyňa IILokalita implementácie:&nbsp;Dnipro a&nbsp;Dnepropetrovská&nbsp;oblasť, UkrajinaMeno partnera:&nbsp;Caritas DonetskTrvanie projektu:&nbsp;13.1.2025 – 30.4.2025Mená [&hellip;]

1 minúta

Domovská stránka

Slovenská katolícka charita pomáha ľuďom v núdzi vo svete

Slovenská katolícka charita
