{"id":315,"date":"2018-10-01T13:56:24","date_gmt":"2018-10-01T11:56:24","guid":{"rendered":"https:\/\/charita.sk\/pomoc-utecencom\/?page_id=315"},"modified":"2021-03-17T21:26:52","modified_gmt":"2021-03-17T20:26:52","slug":"vybudovanie-studne-na-pitnu-vodu-v-meste-sindzar","status":"publish","type":"page","link":"https:\/\/www.charita.sk\/svet\/vybudovanie-studne-na-pitnu-vodu-v-meste-sindzar\/","title":{"rendered":"Vybudovanie studne na pitn\u00fa vodu v meste Sind\u017e\u00e1r"},"content":{"rendered":"\n<p class=\"has-text-color has-background\" style=\"background-color:#c42f41;color:#ffffff\"><strong>N\u00e1zov projektu:<\/strong> Vybudovanie studne na pitn\u00fa vodu v\u00a0meste Sind\u017e\u00e1r<br><strong>Miesto implement\u00e1cie:<\/strong> Sind\u017e\u00e1r (angl. Sinjar) , Irak<br><strong>Obdobie podpory projektu:<\/strong> j\u00fan &#8211; okt\u00f3ber 2018<br><strong>Po\u010det pr\u00edjemcov pomoci:<\/strong> 4 000 +<br><strong>Suma na podporu projektu:<\/strong>\u00a044 300,- EUR<\/p>\n\n\n\n<p>Mesto \u0160ing\u00e1l (kurdsky) alebo Sind\u017e\u00e1r (arabsky), ktor\u00e9 bolo ob\u00fdvan\u00e9 prim\u00e1rne jez\u00eddmi bolo napadnut\u00e9 teroristami ISIS 3. augusta 2014. Pribli\u017ene 5 tis\u00edc jeho obyvate\u013eov ( hlavne mu\u017eov) zahynulo po\u010das \u00fatoku a \u010fal\u0161\u00edch 5 tis\u00edc (hlavne \u017eien a det\u00ed) bolo vzat\u00fdch do otroctva. Ostatn\u00fdm obyvate\u013eom sa podarilo utiec\u0165 a moment\u00e1lne \u017eij\u00fa v proviz\u00f3rnych t\u00e1boroch v irackom Kurdistane alebo v severov\u00fdchodnej S\u00fdrii.<\/p>\n\n\n\n<p>Po osloboden\u00ed mesta a jeho okolia sa jeho obyvatelia za\u010dali pomaly vraca\u0165 a&nbsp;&nbsp;\u00faspechoch koal\u00edcie proti bl\u00edzkym poz\u00edci\u00e1m ISIS v predch\u00e1dzaj\u00facich mesiacoch sa do mesta vr\u00e1tilo u\u017e pribli\u017ene 1 000 rod\u00edn. Okrem zni\u010den\u00fdch domov a infra\u0161trukt\u00fary v\u0161ak teroristi ISIS zni\u010dili aj vodn\u00e9 studne a tak vracaj\u00faci sa obyvatelia nemaj\u00fa pr\u00edstup k pitnej vode, ktor\u00e1 sa moment\u00e1lne mus\u00ed do mesta dov\u00e1\u017ea\u0165 cisternami.<\/p>\n\n\n\n<p>Tento projekt v\u00fdrazne zlep\u0161il \u017eivotn\u00e9 podmienky miestnej komunity a z\u00e1rove\u0148 podporil n\u00e1vrat \u010fal\u0161\u00edch rod\u00edn a n\u00e1sledn\u00e9 r\u00fdchlej\u0161ie obnovenie \u017eivota v meste. Ke\u010f\u017ee ISIS p\u00f4vodne studne \u00faplne zni\u010dil, je bolo potrebn\u00e9 nav\u0155ta\u0165 a zalo\u017ei\u0165 nov\u00fa stud\u0148u. S\u00fa\u010das\u0165ou studne je 10 tis\u00edc litrov\u00fd z\u00e1sobn\u00edk, v\u010faka ktor\u00e9mu gener\u00e1tor a \u010derpadlo nemusia by\u0165 v prev\u00e1dzke v\u017edy, ke\u010f niekto pr\u00eddu ku studni. Okolo studne je taktie\u017e vybudovan\u00fd murovan\u00fd ochrann\u00fd pr\u00edstre\u0161ok.<\/p>\n","protected":false},"excerpt":{"rendered":"<p>N\u00e1zov projektu: Vybudovanie studne na pitn\u00fa vodu v\u00a0meste Sind\u017e\u00e1rMiesto implement\u00e1cie: Sind\u017e\u00e1r (angl. [&hellip;]<\/p>\n","protected":false},"author":2,"featured_media":0,"parent":0,"menu_order":0,"comment_status":"closed","ping_status":"closed","template":"","meta":{"footnotes":""},"class_list":["post-315","page","type-page","status-publish","hentry"],"yoast_head":"<!-- This site is optimized with the Yoast SEO plugin v25.4 - https:\/\/yoast.com\/wordpress\/plugins\/seo\/ -->\n<title>Vybudovanie studne na pitn\u00fa vodu v meste Sind\u017e\u00e1r | Charita vo svete<\/title>\n<meta name=\"robots\" content=\"index, follow, max-snippet:-1, max-image-preview:large, max-video-preview:-1\" \/>\n<link rel=\"canonical\" href=\"https:\/\/www.charita.sk\/svet\/vybudovanie-studne-na-pitnu-vodu-v-meste-sindzar\/\" \/>\n<meta property=\"og:locale\" content=\"sk_SK\" \/>\n<meta property=\"og:type\" content=\"article\" \/>\n<meta property=\"og:title\" content=\"Vybudovanie studne na pitn\u00fa vodu v meste Sind\u017e\u00e1r | Charita vo svete\" \/>\n<meta property=\"og:description\" content=\"N\u00e1zov projektu: Vybudovanie studne na pitn\u00fa vodu v\u00a0meste Sind\u017e\u00e1rMiesto implement\u00e1cie: Sind\u017e\u00e1r (angl. [&hellip;]\" \/>\n<meta property=\"og:url\" content=\"https:\/\/www.charita.sk\/svet\/vybudovanie-studne-na-pitnu-vodu-v-meste-sindzar\/\" \/>\n<meta property=\"og:site_name\" content=\"Charita vo svete\" \/>\n<meta property=\"article:publisher\" content=\"https:\/\/www.facebook.com\/CaritasSlovakia\/\" \/>\n<meta property=\"article:modified_time\" content=\"2021-03-17T20:26:52+00:00\" \/>\n<meta name=\"twitter:card\" content=\"summary_large_image\" \/>\n<meta name=\"twitter:label1\" content=\"Predpokladan\u00fd \u010das \u010d\u00edtania\" \/>\n\t<meta name=\"twitter:data1\" content=\"1 min\u00fata\" \/>\n<script type=\"application\/ld+json\" class=\"yoast-schema-graph\">{\"@context\":\"https:\/\/schema.org\",\"@graph\":[{\"@type\":\"WebPage\",\"@id\":\"https:\/\/www.charita.sk\/svet\/vybudovanie-studne-na-pitnu-vodu-v-meste-sindzar\/\",\"url\":\"https:\/\/www.charita.sk\/svet\/vybudovanie-studne-na-pitnu-vodu-v-meste-sindzar\/\",\"name\":\"Vybudovanie studne na pitn\u00fa vodu v meste Sind\u017e\u00e1r | Charita vo svete\",\"isPartOf\":{\"@id\":\"https:\/\/www.charita.sk\/svet\/#website\"},\"datePublished\":\"2018-10-01T11:56:24+00:00\",\"dateModified\":\"2021-03-17T20:26:52+00:00\",\"breadcrumb\":{\"@id\":\"https:\/\/www.charita.sk\/svet\/vybudovanie-studne-na-pitnu-vodu-v-meste-sindzar\/#breadcrumb\"},\"inLanguage\":\"sk-SK\",\"potentialAction\":[{\"@type\":\"ReadAction\",\"target\":[\"https:\/\/www.charita.sk\/svet\/vybudovanie-studne-na-pitnu-vodu-v-meste-sindzar\/\"]}]},{\"@type\":\"BreadcrumbList\",\"@id\":\"https:\/\/www.charita.sk\/svet\/vybudovanie-studne-na-pitnu-vodu-v-meste-sindzar\/#breadcrumb\",\"itemListElement\":[{\"@type\":\"ListItem\",\"position\":1,\"name\":\"Domovsk\u00e1 str\u00e1nka\",\"item\":\"https:\/\/www.charita.sk\/svet\/\"},{\"@type\":\"ListItem\",\"position\":2,\"name\":\"Vybudovanie studne na pitn\u00fa vodu v meste Sind\u017e\u00e1r\"}]},{\"@type\":\"WebSite\",\"@id\":\"https:\/\/www.charita.sk\/svet\/#website\",\"url\":\"https:\/\/www.charita.sk\/svet\/\",\"name\":\"Charita vo svete\",\"description\":\"Slovensk\u00e1 katol\u00edcka charita pom\u00e1ha \u013eu\u010fom v n\u00fadzi vo svete\",\"publisher\":{\"@id\":\"https:\/\/www.charita.sk\/svet\/#organization\"},\"potentialAction\":[{\"@type\":\"SearchAction\",\"target\":{\"@type\":\"EntryPoint\",\"urlTemplate\":\"https:\/\/www.charita.sk\/svet\/?s={search_term_string}\"},\"query-input\":{\"@type\":\"PropertyValueSpecification\",\"valueRequired\":true,\"valueName\":\"search_term_string\"}}],\"inLanguage\":\"sk-SK\"},{\"@type\":\"Organization\",\"@id\":\"https:\/\/www.charita.sk\/svet\/#organization\",\"name\":\"Slovensk\u00e1 katol\u00edcka charita\",\"url\":\"https:\/\/www.charita.sk\/svet\/\",\"logo\":{\"@type\":\"ImageObject\",\"inLanguage\":\"sk-SK\",\"@id\":\"https:\/\/www.charita.sk\/svet\/#\/schema\/logo\/image\/\",\"url\":\"https:\/\/www.charita.sk\/pomoc-utecencom\/wp-content\/uploads\/2020\/11\/logo_pomoc_utecencom.jpg\",\"contentUrl\":\"https:\/\/www.charita.sk\/pomoc-utecencom\/wp-content\/uploads\/2020\/11\/logo_pomoc_utecencom.jpg\",\"width\":1712,\"height\":480,\"caption\":\"Slovensk\u00e1 katol\u00edcka charita\"},\"image\":{\"@id\":\"https:\/\/www.charita.sk\/svet\/#\/schema\/logo\/image\/\"},\"sameAs\":[\"https:\/\/www.facebook.com\/CaritasSlovakia\/\",\"https:\/\/www.instagram.com\/caritas_slovakia\/\",\"https:\/\/www.linkedin.com\/company\/caritas-slovakia-skch-\",\"https:\/\/www.youtube.com\/user\/katolickacharita\"]}]}<\/script>\n<!-- \/ Yoast SEO plugin. -->","yoast_head_json":{"title":"Vybudovanie studne na pitn\u00fa vodu v meste Sind\u017e\u00e1r | Charita vo svete","robots":{"index":"index","follow":"follow","max-snippet":"max-snippet:-1","max-image-preview":"max-image-preview:large","max-video-preview":"max-video-preview:-1"},"canonical":"https:\/\/www.charita.sk\/svet\/vybudovanie-studne-na-pitnu-vodu-v-meste-sindzar\/","og_locale":"sk_SK","og_type":"article","og_title":"Vybudovanie studne na pitn\u00fa vodu v meste Sind\u017e\u00e1r | Charita vo svete","og_description":"N\u00e1zov projektu: Vybudovanie studne na pitn\u00fa vodu v\u00a0meste Sind\u017e\u00e1rMiesto implement\u00e1cie: Sind\u017e\u00e1r (angl. [&hellip;]","og_url":"https:\/\/www.charita.sk\/svet\/vybudovanie-studne-na-pitnu-vodu-v-meste-sindzar\/","og_site_name":"Charita vo svete","article_publisher":"https:\/\/www.facebook.com\/CaritasSlovakia\/","article_modified_time":"2021-03-17T20:26:52+00:00","twitter_card":"summary_large_image","twitter_misc":{"Predpokladan\u00fd \u010das \u010d\u00edtania":"1 min\u00fata"},"schema":{"@context":"https:\/\/schema.org","@graph":[{"@type":"WebPage","@id":"https:\/\/www.charita.sk\/svet\/vybudovanie-studne-na-pitnu-vodu-v-meste-sindzar\/","url":"https:\/\/www.charita.sk\/svet\/vybudovanie-studne-na-pitnu-vodu-v-meste-sindzar\/","name":"Vybudovanie studne na pitn\u00fa vodu v meste Sind\u017e\u00e1r | Charita vo svete","isPartOf":{"@id":"https:\/\/www.charita.sk\/svet\/#website"},"datePublished":"2018-10-01T11:56:24+00:00","dateModified":"2021-03-17T20:26:52+00:00","breadcrumb":{"@id":"https:\/\/www.charita.sk\/svet\/vybudovanie-studne-na-pitnu-vodu-v-meste-sindzar\/#breadcrumb"},"inLanguage":"sk-SK","potentialAction":[{"@type":"ReadAction","target":["https:\/\/www.charita.sk\/svet\/vybudovanie-studne-na-pitnu-vodu-v-meste-sindzar\/"]}]},{"@type":"BreadcrumbList","@id":"https:\/\/www.charita.sk\/svet\/vybudovanie-studne-na-pitnu-vodu-v-meste-sindzar\/#breadcrumb","itemListElement":[{"@type":"ListItem","position":1,"name":"Domovsk\u00e1 str\u00e1nka","item":"https:\/\/www.charita.sk\/svet\/"},{"@type":"ListItem","position":2,"name":"Vybudovanie studne na pitn\u00fa vodu v meste Sind\u017e\u00e1r"}]},{"@type":"WebSite","@id":"https:\/\/www.charita.sk\/svet\/#website","url":"https:\/\/www.charita.sk\/svet\/","name":"Charita vo svete","description":"Slovensk\u00e1 katol\u00edcka charita pom\u00e1ha \u013eu\u010fom v n\u00fadzi vo svete","publisher":{"@id":"https:\/\/www.charita.sk\/svet\/#organization"},"potentialAction":[{"@type":"SearchAction","target":{"@type":"EntryPoint","urlTemplate":"https:\/\/www.charita.sk\/svet\/?s={search_term_string}"},"query-input":{"@type":"PropertyValueSpecification","valueRequired":true,"valueName":"search_term_string"}}],"inLanguage":"sk-SK"},{"@type":"Organization","@id":"https:\/\/www.charita.sk\/svet\/#organization","name":"Slovensk\u00e1 katol\u00edcka charita","url":"https:\/\/www.charita.sk\/svet\/","logo":{"@type":"ImageObject","inLanguage":"sk-SK","@id":"https:\/\/www.charita.sk\/svet\/#\/schema\/logo\/image\/","url":"https:\/\/www.charita.sk\/pomoc-utecencom\/wp-content\/uploads\/2020\/11\/logo_pomoc_utecencom.jpg","contentUrl":"https:\/\/www.charita.sk\/pomoc-utecencom\/wp-content\/uploads\/2020\/11\/logo_pomoc_utecencom.jpg","width":1712,"height":480,"caption":"Slovensk\u00e1 katol\u00edcka charita"},"image":{"@id":"https:\/\/www.charita.sk\/svet\/#\/schema\/logo\/image\/"},"sameAs":["https:\/\/www.facebook.com\/CaritasSlovakia\/","https:\/\/www.instagram.com\/caritas_slovakia\/","https:\/\/www.linkedin.com\/company\/caritas-slovakia-skch-","https:\/\/www.youtube.com\/user\/katolickacharita"]}]}},"featured_image_src":null,"featured_image_src_square":null,"_links":{"self":[{"href":"https:\/\/www.charita.sk\/svet\/wp-json\/wp\/v2\/pages\/315","targetHints":{"allow":["GET"]}}],"collection":[{"href":"https:\/\/www.charita.sk\/svet\/wp-json\/wp\/v2\/pages"}],"about":[{"href":"https:\/\/www.charita.sk\/svet\/wp-json\/wp\/v2\/types\/page"}],"author":[{"embeddable":true,"href":"https:\/\/www.charita.sk\/svet\/wp-json\/wp\/v2\/users\/2"}],"replies":[{"embeddable":true,"href":"https:\/\/www.charita.sk\/svet\/wp-json\/wp\/v2\/comments?post=315"}],"version-history":[{"count":3,"href":"https:\/\/www.charita.sk\/svet\/wp-json\/wp\/v2\/pages\/315\/revisions"}],"predecessor-version":[{"id":1581,"href":"https:\/\/www.charita.sk\/svet\/wp-json\/wp\/v2\/pages\/315\/revisions\/1581"}],"wp:attachment":[{"href":"https:\/\/www.charita.sk\/svet\/wp-json\/wp\/v2\/media?parent=315"}],"curies":[{"name":"wp","href":"https:\/\/api.w.org\/{rel}","templated":true}]}}