{"id":317,"date":"2018-10-01T13:58:20","date_gmt":"2018-10-01T11:58:20","guid":{"rendered":"https:\/\/charita.sk\/pomoc-utecencom\/?page_id=317"},"modified":"2021-03-17T21:23:02","modified_gmt":"2021-03-17T20:23:02","slug":"zabezpecenie-elektrickej-energie-a-teplej-vody-pre-klastor-maryam-al-adhra","status":"publish","type":"page","link":"https:\/\/www.charita.sk\/svet\/zabezpecenie-elektrickej-energie-a-teplej-vody-pre-klastor-maryam-al-adhra\/","title":{"rendered":"Zabezpe\u010denie elektrickej energie a teplej vody pre kl\u00e1\u0161tor Maryam al-Adhra"},"content":{"rendered":"\n<p class=\"has-text-color has-background\" style=\"background-color:#c42f41;color:#ffffff\"><strong>N\u00e1zov projektu:<\/strong> Zabezpe\u010denie elektrickej energie a teplej vody pre kl\u00e1\u0161tor Maryam al-Adhra<br><strong>Miesto implement\u00e1cie:<\/strong> Sulejmania (angl. Sulaymaniyah), Regi\u00f3n Kurdistan, Irak<br><strong>Obdobie podpory projektu:<\/strong> j\u00fan 2018 &#8211; november 2018<br><strong>Po\u010det pr\u00edjemcov pomoci:<\/strong> 300 +<br><strong>Suma na podporu projektu:<\/strong> 32 150,- EUR<\/p>\n\n\n\n<p>Reho\u013en\u00e1 komunita al-Khalil, sa zameriava na medzi n\u00e1bo\u017eensk\u00fd dial\u00f3g medzi kres\u0165anstvom a islamom. Po za\u010diatku ozbrojen\u00e9ho konfliktu v Iraku reho\u013en\u00e1&nbsp;&nbsp;komunita poskytla \u00fato\u010disko pribli\u017ene 200 kres\u0165anom z Ninivskej planiny. Ke\u010f\u017ee v meste, kde komunita p\u00f4sob\u00ed doch\u00e1dza \u010dasto k v\u00fdpadkom el. energie, KBS podporila v roku 2015 zak\u00fapenie gener\u00e1tora, ktor\u00fd zabezpe\u010dil elektrick\u00fa energiu po\u010das v\u00fdpadkov.<\/p>\n\n\n\n<p>Napriek n\u00e1ro\u010dnej situ\u00e1cii reho\u013en\u00e1 komunita pokra\u010duje vo svojej misii a okrem toho za\u010dala s vyu\u010dovan\u00edm kurdsk\u00e9ho jazyka, ktor\u00fd je v Auton\u00f3mnom regi\u00f3ne Kurdistan ofici\u00e1lnym jazykom a kres\u0165ania \u010di moslimovia, ktor\u00ed u\u0161li pred ISIS, tento jazyk neovl\u00e1daj\u00fa. Moment\u00e1lne m\u00e1 reho\u013en\u00e1 komunita k dispoz\u00edcii 12 lektorov a pribli\u017ene 150 \u0161tudentov kurdsk\u00e9ho jazyka. Znalos\u0165 Kurdsk\u00e9ho jazyka tak vn\u00fatorne pres\u00eddlen\u00fdm osob\u00e1m \u017eij\u00facim v Kurdistane pom\u00e1ha n\u00e1js\u0165 lep\u0161ie uplatnenie.<\/p>\n\n\n\n<p>Po\u010das predch\u00e1dzaj\u00faceho roka sa v\u00fdpadky el. energie zv\u00fd\u0161ili \u2013 predch\u00e1dzaj\u00face zimn\u00e9 obdobie bola el. energia k dispoz\u00edcii len 2 hodiny denne a tak zvy\u0161n\u00e9 obdobie pokr\u00fdval zak\u00fapen\u00fd gener\u00e1tor. Av\u0161ak v pr\u00edpade gener\u00e1tora sa pl\u00e1novalo len jeho ob\u010dasn\u00e9 vyu\u017eitie a pri jeho st\u00e1lom pou\u017e\u00edvan\u00ed hroz\u00ed pred\u010dasn\u00e9 zni\u010denie. Jeho nadmern\u00e9 pou\u017e\u00edvanie je taktie\u017e ve\u013ekou finan\u010dnou z\u00e1\u0165a\u017eou pre komunitu \u2013 mesa\u010dn\u00e1 prev\u00e1dzka v zimnom obdob\u00ed predstavuje 3 200 EUR.<\/p>\n\n\n\n<p>Reho\u013en\u00e1 komunita preto realizovala projekt zameran\u00fd na in\u0161tal\u00e1ciu sol\u00e1rnych panelov, ktor\u00e9 by poskytovali miestnej komunite potrebn\u00fa elektrick\u00fa energiu, ktor\u00e1 zabezpe\u010dila stabiln\u00e9 fungovanie komunitn\u00e9ho centra. Sol\u00e1rne panely v\u010faka vysok\u00e9mu po\u010dtu slne\u010dn\u00fdch dn\u00ed po\u010das cel\u00e9ho roka ekologick\u00fdm sp\u00f4sobom zabezpe\u010duj\u00fa potrebn\u00fa el. energiu a tepl\u00fa vodu pre v\u0161etk\u00fdch. Nain\u0161talovalo sa 60 sol\u00e1rnych panelov s celkovou kapacitou 40 Amp\u00e9rov.<\/p>\n","protected":false},"excerpt":{"rendered":"<p>N\u00e1zov projektu: Zabezpe\u010denie elektrickej energie a teplej vody pre kl\u00e1\u0161tor Maryam al-AdhraMiesto [&hellip;]<\/p>\n","protected":false},"author":2,"featured_media":0,"parent":0,"menu_order":0,"comment_status":"closed","ping_status":"closed","template":"","meta":{"footnotes":""},"class_list":["post-317","page","type-page","status-publish","hentry"],"yoast_head":"<!-- This site is optimized with the Yoast SEO plugin v25.4 - https:\/\/yoast.com\/wordpress\/plugins\/seo\/ -->\n<title>Zabezpe\u010denie elektrickej energie a teplej vody pre kl\u00e1\u0161tor Maryam al-Adhra | Charita vo svete<\/title>\n<meta name=\"robots\" content=\"index, follow, max-snippet:-1, max-image-preview:large, max-video-preview:-1\" \/>\n<link rel=\"canonical\" href=\"https:\/\/www.charita.sk\/svet\/zabezpecenie-elektrickej-energie-a-teplej-vody-pre-klastor-maryam-al-adhra\/\" \/>\n<meta property=\"og:locale\" content=\"sk_SK\" \/>\n<meta property=\"og:type\" content=\"article\" \/>\n<meta property=\"og:title\" content=\"Zabezpe\u010denie elektrickej energie a teplej vody pre kl\u00e1\u0161tor Maryam al-Adhra | Charita vo svete\" \/>\n<meta property=\"og:description\" content=\"N\u00e1zov projektu: Zabezpe\u010denie elektrickej energie a teplej vody pre kl\u00e1\u0161tor Maryam al-AdhraMiesto [&hellip;]\" \/>\n<meta property=\"og:url\" content=\"https:\/\/www.charita.sk\/svet\/zabezpecenie-elektrickej-energie-a-teplej-vody-pre-klastor-maryam-al-adhra\/\" \/>\n<meta property=\"og:site_name\" content=\"Charita vo svete\" \/>\n<meta property=\"article:publisher\" content=\"https:\/\/www.facebook.com\/CaritasSlovakia\/\" \/>\n<meta property=\"article:modified_time\" content=\"2021-03-17T20:23:02+00:00\" \/>\n<meta name=\"twitter:card\" content=\"summary_large_image\" \/>\n<meta name=\"twitter:label1\" content=\"Predpokladan\u00fd \u010das \u010d\u00edtania\" \/>\n\t<meta name=\"twitter:data1\" content=\"2 min\u00faty\" \/>\n<script type=\"application\/ld+json\" class=\"yoast-schema-graph\">{\"@context\":\"https:\/\/schema.org\",\"@graph\":[{\"@type\":\"WebPage\",\"@id\":\"https:\/\/www.charita.sk\/svet\/zabezpecenie-elektrickej-energie-a-teplej-vody-pre-klastor-maryam-al-adhra\/\",\"url\":\"https:\/\/www.charita.sk\/svet\/zabezpecenie-elektrickej-energie-a-teplej-vody-pre-klastor-maryam-al-adhra\/\",\"name\":\"Zabezpe\u010denie elektrickej energie a teplej vody pre kl\u00e1\u0161tor Maryam al-Adhra | Charita vo svete\",\"isPartOf\":{\"@id\":\"https:\/\/www.charita.sk\/svet\/#website\"},\"datePublished\":\"2018-10-01T11:58:20+00:00\",\"dateModified\":\"2021-03-17T20:23:02+00:00\",\"breadcrumb\":{\"@id\":\"https:\/\/www.charita.sk\/svet\/zabezpecenie-elektrickej-energie-a-teplej-vody-pre-klastor-maryam-al-adhra\/#breadcrumb\"},\"inLanguage\":\"sk-SK\",\"potentialAction\":[{\"@type\":\"ReadAction\",\"target\":[\"https:\/\/www.charita.sk\/svet\/zabezpecenie-elektrickej-energie-a-teplej-vody-pre-klastor-maryam-al-adhra\/\"]}]},{\"@type\":\"BreadcrumbList\",\"@id\":\"https:\/\/www.charita.sk\/svet\/zabezpecenie-elektrickej-energie-a-teplej-vody-pre-klastor-maryam-al-adhra\/#breadcrumb\",\"itemListElement\":[{\"@type\":\"ListItem\",\"position\":1,\"name\":\"Domovsk\u00e1 str\u00e1nka\",\"item\":\"https:\/\/www.charita.sk\/svet\/\"},{\"@type\":\"ListItem\",\"position\":2,\"name\":\"Zabezpe\u010denie elektrickej energie a teplej vody pre kl\u00e1\u0161tor Maryam al-Adhra\"}]},{\"@type\":\"WebSite\",\"@id\":\"https:\/\/www.charita.sk\/svet\/#website\",\"url\":\"https:\/\/www.charita.sk\/svet\/\",\"name\":\"Charita vo svete\",\"description\":\"Slovensk\u00e1 katol\u00edcka charita pom\u00e1ha \u013eu\u010fom v n\u00fadzi vo svete\",\"publisher\":{\"@id\":\"https:\/\/www.charita.sk\/svet\/#organization\"},\"potentialAction\":[{\"@type\":\"SearchAction\",\"target\":{\"@type\":\"EntryPoint\",\"urlTemplate\":\"https:\/\/www.charita.sk\/svet\/?s={search_term_string}\"},\"query-input\":{\"@type\":\"PropertyValueSpecification\",\"valueRequired\":true,\"valueName\":\"search_term_string\"}}],\"inLanguage\":\"sk-SK\"},{\"@type\":\"Organization\",\"@id\":\"https:\/\/www.charita.sk\/svet\/#organization\",\"name\":\"Slovensk\u00e1 katol\u00edcka charita\",\"url\":\"https:\/\/www.charita.sk\/svet\/\",\"logo\":{\"@type\":\"ImageObject\",\"inLanguage\":\"sk-SK\",\"@id\":\"https:\/\/www.charita.sk\/svet\/#\/schema\/logo\/image\/\",\"url\":\"https:\/\/www.charita.sk\/pomoc-utecencom\/wp-content\/uploads\/2020\/11\/logo_pomoc_utecencom.jpg\",\"contentUrl\":\"https:\/\/www.charita.sk\/pomoc-utecencom\/wp-content\/uploads\/2020\/11\/logo_pomoc_utecencom.jpg\",\"width\":1712,\"height\":480,\"caption\":\"Slovensk\u00e1 katol\u00edcka charita\"},\"image\":{\"@id\":\"https:\/\/www.charita.sk\/svet\/#\/schema\/logo\/image\/\"},\"sameAs\":[\"https:\/\/www.facebook.com\/CaritasSlovakia\/\",\"https:\/\/www.instagram.com\/caritas_slovakia\/\",\"https:\/\/www.linkedin.com\/company\/caritas-slovakia-skch-\",\"https:\/\/www.youtube.com\/user\/katolickacharita\"]}]}<\/script>\n<!-- \/ Yoast SEO plugin. -->","yoast_head_json":{"title":"Zabezpe\u010denie elektrickej energie a teplej vody pre kl\u00e1\u0161tor Maryam al-Adhra | Charita vo svete","robots":{"index":"index","follow":"follow","max-snippet":"max-snippet:-1","max-image-preview":"max-image-preview:large","max-video-preview":"max-video-preview:-1"},"canonical":"https:\/\/www.charita.sk\/svet\/zabezpecenie-elektrickej-energie-a-teplej-vody-pre-klastor-maryam-al-adhra\/","og_locale":"sk_SK","og_type":"article","og_title":"Zabezpe\u010denie elektrickej energie a teplej vody pre kl\u00e1\u0161tor Maryam al-Adhra | Charita vo svete","og_description":"N\u00e1zov projektu: Zabezpe\u010denie elektrickej energie a teplej vody pre kl\u00e1\u0161tor Maryam al-AdhraMiesto [&hellip;]","og_url":"https:\/\/www.charita.sk\/svet\/zabezpecenie-elektrickej-energie-a-teplej-vody-pre-klastor-maryam-al-adhra\/","og_site_name":"Charita vo svete","article_publisher":"https:\/\/www.facebook.com\/CaritasSlovakia\/","article_modified_time":"2021-03-17T20:23:02+00:00","twitter_card":"summary_large_image","twitter_misc":{"Predpokladan\u00fd \u010das \u010d\u00edtania":"2 min\u00faty"},"schema":{"@context":"https:\/\/schema.org","@graph":[{"@type":"WebPage","@id":"https:\/\/www.charita.sk\/svet\/zabezpecenie-elektrickej-energie-a-teplej-vody-pre-klastor-maryam-al-adhra\/","url":"https:\/\/www.charita.sk\/svet\/zabezpecenie-elektrickej-energie-a-teplej-vody-pre-klastor-maryam-al-adhra\/","name":"Zabezpe\u010denie elektrickej energie a teplej vody pre kl\u00e1\u0161tor Maryam al-Adhra | Charita vo svete","isPartOf":{"@id":"https:\/\/www.charita.sk\/svet\/#website"},"datePublished":"2018-10-01T11:58:20+00:00","dateModified":"2021-03-17T20:23:02+00:00","breadcrumb":{"@id":"https:\/\/www.charita.sk\/svet\/zabezpecenie-elektrickej-energie-a-teplej-vody-pre-klastor-maryam-al-adhra\/#breadcrumb"},"inLanguage":"sk-SK","potentialAction":[{"@type":"ReadAction","target":["https:\/\/www.charita.sk\/svet\/zabezpecenie-elektrickej-energie-a-teplej-vody-pre-klastor-maryam-al-adhra\/"]}]},{"@type":"BreadcrumbList","@id":"https:\/\/www.charita.sk\/svet\/zabezpecenie-elektrickej-energie-a-teplej-vody-pre-klastor-maryam-al-adhra\/#breadcrumb","itemListElement":[{"@type":"ListItem","position":1,"name":"Domovsk\u00e1 str\u00e1nka","item":"https:\/\/www.charita.sk\/svet\/"},{"@type":"ListItem","position":2,"name":"Zabezpe\u010denie elektrickej energie a teplej vody pre kl\u00e1\u0161tor Maryam al-Adhra"}]},{"@type":"WebSite","@id":"https:\/\/www.charita.sk\/svet\/#website","url":"https:\/\/www.charita.sk\/svet\/","name":"Charita vo svete","description":"Slovensk\u00e1 katol\u00edcka charita pom\u00e1ha \u013eu\u010fom v n\u00fadzi vo svete","publisher":{"@id":"https:\/\/www.charita.sk\/svet\/#organization"},"potentialAction":[{"@type":"SearchAction","target":{"@type":"EntryPoint","urlTemplate":"https:\/\/www.charita.sk\/svet\/?s={search_term_string}"},"query-input":{"@type":"PropertyValueSpecification","valueRequired":true,"valueName":"search_term_string"}}],"inLanguage":"sk-SK"},{"@type":"Organization","@id":"https:\/\/www.charita.sk\/svet\/#organization","name":"Slovensk\u00e1 katol\u00edcka charita","url":"https:\/\/www.charita.sk\/svet\/","logo":{"@type":"ImageObject","inLanguage":"sk-SK","@id":"https:\/\/www.charita.sk\/svet\/#\/schema\/logo\/image\/","url":"https:\/\/www.charita.sk\/pomoc-utecencom\/wp-content\/uploads\/2020\/11\/logo_pomoc_utecencom.jpg","contentUrl":"https:\/\/www.charita.sk\/pomoc-utecencom\/wp-content\/uploads\/2020\/11\/logo_pomoc_utecencom.jpg","width":1712,"height":480,"caption":"Slovensk\u00e1 katol\u00edcka charita"},"image":{"@id":"https:\/\/www.charita.sk\/svet\/#\/schema\/logo\/image\/"},"sameAs":["https:\/\/www.facebook.com\/CaritasSlovakia\/","https:\/\/www.instagram.com\/caritas_slovakia\/","https:\/\/www.linkedin.com\/company\/caritas-slovakia-skch-","https:\/\/www.youtube.com\/user\/katolickacharita"]}]}},"featured_image_src":null,"featured_image_src_square":null,"_links":{"self":[{"href":"https:\/\/www.charita.sk\/svet\/wp-json\/wp\/v2\/pages\/317","targetHints":{"allow":["GET"]}}],"collection":[{"href":"https:\/\/www.charita.sk\/svet\/wp-json\/wp\/v2\/pages"}],"about":[{"href":"https:\/\/www.charita.sk\/svet\/wp-json\/wp\/v2\/types\/page"}],"author":[{"embeddable":true,"href":"https:\/\/www.charita.sk\/svet\/wp-json\/wp\/v2\/users\/2"}],"replies":[{"embeddable":true,"href":"https:\/\/www.charita.sk\/svet\/wp-json\/wp\/v2\/comments?post=317"}],"version-history":[{"count":3,"href":"https:\/\/www.charita.sk\/svet\/wp-json\/wp\/v2\/pages\/317\/revisions"}],"predecessor-version":[{"id":1578,"href":"https:\/\/www.charita.sk\/svet\/wp-json\/wp\/v2\/pages\/317\/revisions\/1578"}],"wp:attachment":[{"href":"https:\/\/www.charita.sk\/svet\/wp-json\/wp\/v2\/media?parent=317"}],"curies":[{"name":"wp","href":"https:\/\/api.w.org\/{rel}","templated":true}]}}