{"id":3404,"date":"2026-03-03T09:39:51","date_gmt":"2026-03-03T08:39:51","guid":{"rendered":"https:\/\/www.charita.sk\/svet\/?page_id=3404"},"modified":"2026-03-03T09:42:30","modified_gmt":"2026-03-03T08:42:30","slug":"navrat-do-skol-vzdelanie-pre-deti-v-syrskom-homse","status":"publish","type":"page","link":"https:\/\/www.charita.sk\/svet\/navrat-do-skol-vzdelanie-pre-deti-v-syrskom-homse\/","title":{"rendered":"N\u00e1vrat do \u0161k\u00f4l: vzdelanie pre deti v S\u00fdrskom Homse"},"content":{"rendered":"\n<p class=\"has-white-color has-text-color has-background\" style=\"background-color:#c42f41\"><strong>N\u00e1zov projektu:<\/strong>\u00a0Reintegr\u00e1cia vracaj\u00facich sa det\u00ed z ute\u010deneck\u00fdch t\u00e1borov<br><strong>Miesto implement\u00e1cie:<\/strong> Homs, S\u00fdria \u2013 \u0161tvr\u0165 Al-Waer, v r\u00e1mci \u0161t\u00e1tnej \u0161koly<br><strong>Projektov\u00fd partner:<\/strong>\u00a0S\u00fdrskokatol\u00edcka arcidiec\u00e9za Homs, Hama, Nabek<br><strong>Po\u010det pr\u00edjemcov pomoci:<\/strong>\u00a0300 deti<br><strong>Suma na podporu projektu:<\/strong>\u00a040 000 EUR<br><strong>Obdobie implement\u00e1cie projektu<\/strong>: \u0160kolsk\u00fd rok 2025 \u2013 2026<\/p>\n\n\n\n<p>Deti, ktor\u00e9 sa vracaj\u00fa z vys\u00eddlen\u00fdch t\u00e1borov do \u0161tvrte Al-Waer v Homse, \u010delia zna\u010dn\u00fdm probl\u00e9mom pri reintegr\u00e1cii do spolo\u010dnosti po dlhotrvaj\u00facich preru\u0161eniach ich vzdel\u00e1vania.<\/p>\n\n\n\n<p class=\"has-text-align-center has-background\" style=\"background-color:#e2e2e2\"><strong>Projekt finan\u010dne podporuje&nbsp;<a rel=\"noreferrer noopener\" href=\"https:\/\/kbs.sk\" target=\"_blank\">Konferencia biskupov Slovenska<\/a><\/strong><\/p>\n\n\n\n<p>Deti, ktor\u00e9 sa vracaj\u00fa z vys\u00eddlen\u00fdch t\u00e1borov do \u0161tvrte Al-Waer v s\u00fdrskom meste Homs, \u010delia po rokoch vojny \u0442\u0430 neistoty mimoriadne \u0165a\u017ekej v\u00fdzve. Dlhodob\u00e9 preru\u0161enie \u0161kolskej doch\u00e1dzky sp\u00f4sobilo u mnoh\u00fdch z nich vysok\u00fa mieru negramotnosti, \u010do im br\u00e1ni v plnohodnotnom za\u010dlenen\u00ed do spolo\u010dnosti a v budovan\u00ed lep\u0161ej bud\u00facnosti. Bez vzdelania zost\u00e1vaj\u00fa tieto deti uv\u00e4znen\u00e9 v kruhu chudoby, bez re\u00e1lnej \u0161ance podie\u013ea\u0165 sa na obnove svojej krajiny.<\/p>\n\n\n\n<p>Cie\u013eom n\u00e1\u0161ho projektu je poskytn\u00fa\u0165 t\u00fdmto de\u0165om bezpe\u010dn\u00e9 \u0456 stabiln\u00e9 prostredie, ktor\u00e9 je k\u013e\u00fa\u010dov\u00e9 pre ich psychologick\u00e9 zotavenie z n\u00e1sledkov konfliktu. Prostredn\u00edctvom intenz\u00edvnych vzdel\u00e1vac\u00edch programov im pom\u00e1hame preklen\u00fa\u0165 priepastn\u00e9 medzery vo vedomostiach, ktor\u00e9 vznikli po\u010das rokov str\u00e1ven\u00fdch v t\u00e1boroch. Zameriavame sa na v\u00fdu\u010dbu z\u00e1kladnej gramotnosti \u2013 \u010d\u00edtanie, p\u00edsanie a aritmetiku \u2013 a tie\u017e na dou\u010dovanie k\u013e\u00fa\u010dov\u00fdch predmetov, ako s\u00fa matematika, arab\u010dina a angli\u010dtina.<\/p>\n\n\n\n<p>Vzdel\u00e1vanie v\u0161ak v na\u0161om pon\u00edman\u00ed nie je len o u\u010debniciach. Je to n\u00e1stroj, ktor\u00fd de\u0165om poskytuje stabilitu, mo\u017enos\u0165 pozit\u00edvnej komunik\u00e1cie s rovesn\u00edkmi a priestor na vyjadrenie svojich pocitov. S\u00fa\u010das\u0165ou projektu s\u00fa preto aj programy psychosoci\u00e1lnej podpory, ktor\u00e9 pom\u00e1haj\u00fa de\u0165om prekona\u0165 traumy z vys\u00eddlenia. Ver\u00edme, \u017ee invest\u00edcia do vzdelania det\u00ed v Homse je invest\u00edciou do mierovej a prosperuj\u00facej bud\u00facnosti celej S\u00fdrie.<\/p>\n\n\n\n<p><\/p>\n","protected":false},"excerpt":{"rendered":"<p>N\u00e1zov projektu:\u00a0Reintegr\u00e1cia vracaj\u00facich sa det\u00ed z ute\u010deneck\u00fdch t\u00e1borovMiesto implement\u00e1cie: Homs, S\u00fdria \u2013 [&hellip;]<\/p>\n","protected":false},"author":10,"featured_media":0,"parent":0,"menu_order":0,"comment_status":"closed","ping_status":"closed","template":"","meta":{"footnotes":""},"class_list":["post-3404","page","type-page","status-publish","hentry"],"yoast_head":"<!-- This site is optimized with the Yoast SEO plugin v25.4 - https:\/\/yoast.com\/wordpress\/plugins\/seo\/ -->\n<title>N\u00e1vrat do \u0161k\u00f4l: vzdelanie pre deti v S\u00fdrskom Homse | Charita vo svete<\/title>\n<meta name=\"robots\" content=\"index, follow, max-snippet:-1, max-image-preview:large, max-video-preview:-1\" \/>\n<link rel=\"canonical\" href=\"https:\/\/www.charita.sk\/svet\/navrat-do-skol-vzdelanie-pre-deti-v-syrskom-homse\/\" \/>\n<meta property=\"og:locale\" content=\"sk_SK\" \/>\n<meta property=\"og:type\" content=\"article\" \/>\n<meta property=\"og:title\" content=\"N\u00e1vrat do \u0161k\u00f4l: vzdelanie pre deti v S\u00fdrskom Homse | Charita vo svete\" \/>\n<meta property=\"og:description\" content=\"N\u00e1zov projektu:\u00a0Reintegr\u00e1cia vracaj\u00facich sa det\u00ed z ute\u010deneck\u00fdch t\u00e1borovMiesto implement\u00e1cie: Homs, S\u00fdria \u2013 [&hellip;]\" \/>\n<meta property=\"og:url\" content=\"https:\/\/www.charita.sk\/svet\/navrat-do-skol-vzdelanie-pre-deti-v-syrskom-homse\/\" \/>\n<meta property=\"og:site_name\" content=\"Charita vo svete\" \/>\n<meta property=\"article:publisher\" content=\"https:\/\/www.facebook.com\/CaritasSlovakia\/\" \/>\n<meta property=\"article:modified_time\" content=\"2026-03-03T08:42:30+00:00\" \/>\n<meta name=\"twitter:card\" content=\"summary_large_image\" \/>\n<meta name=\"twitter:label1\" content=\"Predpokladan\u00fd \u010das \u010d\u00edtania\" \/>\n\t<meta name=\"twitter:data1\" content=\"2 min\u00faty\" \/>\n<script type=\"application\/ld+json\" class=\"yoast-schema-graph\">{\"@context\":\"https:\/\/schema.org\",\"@graph\":[{\"@type\":\"WebPage\",\"@id\":\"https:\/\/www.charita.sk\/svet\/navrat-do-skol-vzdelanie-pre-deti-v-syrskom-homse\/\",\"url\":\"https:\/\/www.charita.sk\/svet\/navrat-do-skol-vzdelanie-pre-deti-v-syrskom-homse\/\",\"name\":\"N\u00e1vrat do \u0161k\u00f4l: vzdelanie pre deti v S\u00fdrskom Homse | Charita vo svete\",\"isPartOf\":{\"@id\":\"https:\/\/www.charita.sk\/svet\/#website\"},\"datePublished\":\"2026-03-03T08:39:51+00:00\",\"dateModified\":\"2026-03-03T08:42:30+00:00\",\"breadcrumb\":{\"@id\":\"https:\/\/www.charita.sk\/svet\/navrat-do-skol-vzdelanie-pre-deti-v-syrskom-homse\/#breadcrumb\"},\"inLanguage\":\"sk-SK\",\"potentialAction\":[{\"@type\":\"ReadAction\",\"target\":[\"https:\/\/www.charita.sk\/svet\/navrat-do-skol-vzdelanie-pre-deti-v-syrskom-homse\/\"]}]},{\"@type\":\"BreadcrumbList\",\"@id\":\"https:\/\/www.charita.sk\/svet\/navrat-do-skol-vzdelanie-pre-deti-v-syrskom-homse\/#breadcrumb\",\"itemListElement\":[{\"@type\":\"ListItem\",\"position\":1,\"name\":\"Domovsk\u00e1 str\u00e1nka\",\"item\":\"https:\/\/www.charita.sk\/svet\/\"},{\"@type\":\"ListItem\",\"position\":2,\"name\":\"N\u00e1vrat do \u0161k\u00f4l: vzdelanie pre deti v S\u00fdrskom Homse\"}]},{\"@type\":\"WebSite\",\"@id\":\"https:\/\/www.charita.sk\/svet\/#website\",\"url\":\"https:\/\/www.charita.sk\/svet\/\",\"name\":\"Charita vo svete\",\"description\":\"Slovensk\u00e1 katol\u00edcka charita pom\u00e1ha \u013eu\u010fom v n\u00fadzi vo svete\",\"publisher\":{\"@id\":\"https:\/\/www.charita.sk\/svet\/#organization\"},\"potentialAction\":[{\"@type\":\"SearchAction\",\"target\":{\"@type\":\"EntryPoint\",\"urlTemplate\":\"https:\/\/www.charita.sk\/svet\/?s={search_term_string}\"},\"query-input\":{\"@type\":\"PropertyValueSpecification\",\"valueRequired\":true,\"valueName\":\"search_term_string\"}}],\"inLanguage\":\"sk-SK\"},{\"@type\":\"Organization\",\"@id\":\"https:\/\/www.charita.sk\/svet\/#organization\",\"name\":\"Slovensk\u00e1 katol\u00edcka charita\",\"url\":\"https:\/\/www.charita.sk\/svet\/\",\"logo\":{\"@type\":\"ImageObject\",\"inLanguage\":\"sk-SK\",\"@id\":\"https:\/\/www.charita.sk\/svet\/#\/schema\/logo\/image\/\",\"url\":\"https:\/\/www.charita.sk\/pomoc-utecencom\/wp-content\/uploads\/2020\/11\/logo_pomoc_utecencom.jpg\",\"contentUrl\":\"https:\/\/www.charita.sk\/pomoc-utecencom\/wp-content\/uploads\/2020\/11\/logo_pomoc_utecencom.jpg\",\"width\":1712,\"height\":480,\"caption\":\"Slovensk\u00e1 katol\u00edcka charita\"},\"image\":{\"@id\":\"https:\/\/www.charita.sk\/svet\/#\/schema\/logo\/image\/\"},\"sameAs\":[\"https:\/\/www.facebook.com\/CaritasSlovakia\/\",\"https:\/\/www.instagram.com\/caritas_slovakia\/\",\"https:\/\/www.linkedin.com\/company\/caritas-slovakia-skch-\",\"https:\/\/www.youtube.com\/user\/katolickacharita\"]}]}<\/script>\n<!-- \/ Yoast SEO plugin. -->","yoast_head_json":{"title":"N\u00e1vrat do \u0161k\u00f4l: vzdelanie pre deti v S\u00fdrskom Homse | Charita vo svete","robots":{"index":"index","follow":"follow","max-snippet":"max-snippet:-1","max-image-preview":"max-image-preview:large","max-video-preview":"max-video-preview:-1"},"canonical":"https:\/\/www.charita.sk\/svet\/navrat-do-skol-vzdelanie-pre-deti-v-syrskom-homse\/","og_locale":"sk_SK","og_type":"article","og_title":"N\u00e1vrat do \u0161k\u00f4l: vzdelanie pre deti v S\u00fdrskom Homse | Charita vo svete","og_description":"N\u00e1zov projektu:\u00a0Reintegr\u00e1cia vracaj\u00facich sa det\u00ed z ute\u010deneck\u00fdch t\u00e1borovMiesto implement\u00e1cie: Homs, S\u00fdria \u2013 [&hellip;]","og_url":"https:\/\/www.charita.sk\/svet\/navrat-do-skol-vzdelanie-pre-deti-v-syrskom-homse\/","og_site_name":"Charita vo svete","article_publisher":"https:\/\/www.facebook.com\/CaritasSlovakia\/","article_modified_time":"2026-03-03T08:42:30+00:00","twitter_card":"summary_large_image","twitter_misc":{"Predpokladan\u00fd \u010das \u010d\u00edtania":"2 min\u00faty"},"schema":{"@context":"https:\/\/schema.org","@graph":[{"@type":"WebPage","@id":"https:\/\/www.charita.sk\/svet\/navrat-do-skol-vzdelanie-pre-deti-v-syrskom-homse\/","url":"https:\/\/www.charita.sk\/svet\/navrat-do-skol-vzdelanie-pre-deti-v-syrskom-homse\/","name":"N\u00e1vrat do \u0161k\u00f4l: vzdelanie pre deti v S\u00fdrskom Homse | Charita vo svete","isPartOf":{"@id":"https:\/\/www.charita.sk\/svet\/#website"},"datePublished":"2026-03-03T08:39:51+00:00","dateModified":"2026-03-03T08:42:30+00:00","breadcrumb":{"@id":"https:\/\/www.charita.sk\/svet\/navrat-do-skol-vzdelanie-pre-deti-v-syrskom-homse\/#breadcrumb"},"inLanguage":"sk-SK","potentialAction":[{"@type":"ReadAction","target":["https:\/\/www.charita.sk\/svet\/navrat-do-skol-vzdelanie-pre-deti-v-syrskom-homse\/"]}]},{"@type":"BreadcrumbList","@id":"https:\/\/www.charita.sk\/svet\/navrat-do-skol-vzdelanie-pre-deti-v-syrskom-homse\/#breadcrumb","itemListElement":[{"@type":"ListItem","position":1,"name":"Domovsk\u00e1 str\u00e1nka","item":"https:\/\/www.charita.sk\/svet\/"},{"@type":"ListItem","position":2,"name":"N\u00e1vrat do \u0161k\u00f4l: vzdelanie pre deti v S\u00fdrskom Homse"}]},{"@type":"WebSite","@id":"https:\/\/www.charita.sk\/svet\/#website","url":"https:\/\/www.charita.sk\/svet\/","name":"Charita vo svete","description":"Slovensk\u00e1 katol\u00edcka charita pom\u00e1ha \u013eu\u010fom v n\u00fadzi vo svete","publisher":{"@id":"https:\/\/www.charita.sk\/svet\/#organization"},"potentialAction":[{"@type":"SearchAction","target":{"@type":"EntryPoint","urlTemplate":"https:\/\/www.charita.sk\/svet\/?s={search_term_string}"},"query-input":{"@type":"PropertyValueSpecification","valueRequired":true,"valueName":"search_term_string"}}],"inLanguage":"sk-SK"},{"@type":"Organization","@id":"https:\/\/www.charita.sk\/svet\/#organization","name":"Slovensk\u00e1 katol\u00edcka charita","url":"https:\/\/www.charita.sk\/svet\/","logo":{"@type":"ImageObject","inLanguage":"sk-SK","@id":"https:\/\/www.charita.sk\/svet\/#\/schema\/logo\/image\/","url":"https:\/\/www.charita.sk\/pomoc-utecencom\/wp-content\/uploads\/2020\/11\/logo_pomoc_utecencom.jpg","contentUrl":"https:\/\/www.charita.sk\/pomoc-utecencom\/wp-content\/uploads\/2020\/11\/logo_pomoc_utecencom.jpg","width":1712,"height":480,"caption":"Slovensk\u00e1 katol\u00edcka charita"},"image":{"@id":"https:\/\/www.charita.sk\/svet\/#\/schema\/logo\/image\/"},"sameAs":["https:\/\/www.facebook.com\/CaritasSlovakia\/","https:\/\/www.instagram.com\/caritas_slovakia\/","https:\/\/www.linkedin.com\/company\/caritas-slovakia-skch-","https:\/\/www.youtube.com\/user\/katolickacharita"]}]}},"featured_image_src":null,"featured_image_src_square":null,"_links":{"self":[{"href":"https:\/\/www.charita.sk\/svet\/wp-json\/wp\/v2\/pages\/3404","targetHints":{"allow":["GET"]}}],"collection":[{"href":"https:\/\/www.charita.sk\/svet\/wp-json\/wp\/v2\/pages"}],"about":[{"href":"https:\/\/www.charita.sk\/svet\/wp-json\/wp\/v2\/types\/page"}],"author":[{"embeddable":true,"href":"https:\/\/www.charita.sk\/svet\/wp-json\/wp\/v2\/users\/10"}],"replies":[{"embeddable":true,"href":"https:\/\/www.charita.sk\/svet\/wp-json\/wp\/v2\/comments?post=3404"}],"version-history":[{"count":2,"href":"https:\/\/www.charita.sk\/svet\/wp-json\/wp\/v2\/pages\/3404\/revisions"}],"predecessor-version":[{"id":3410,"href":"https:\/\/www.charita.sk\/svet\/wp-json\/wp\/v2\/pages\/3404\/revisions\/3410"}],"wp:attachment":[{"href":"https:\/\/www.charita.sk\/svet\/wp-json\/wp\/v2\/media?parent=3404"}],"curies":[{"name":"wp","href":"https:\/\/api.w.org\/{rel}","templated":true}]}}

Návrat do škôl: vzdelanie pre deti v Sýrskom Homse

<p class="has-white-color has-text-color has-background" style="background-color:#c42f41"><strong>Názov projektu:</strong> Reintegrácia vracajúcich sa detí z utečeneckých táborov<br><strong>Miesto implementácie:</strong> Homs, Sýria – štvrť Al-Waer, v rámci štátnej školy<br><strong>Projektový partner:</strong> Sýrskokatolícka arcidiecéza Homs, Hama, Nabek<br><strong>Počet príjemcov pomoci:</strong> 300 deti<br><strong>Suma na podporu projektu:</strong> 40 000 EUR<br><strong>Obdobie implementácie projektu</strong>: Školský rok 2025 – 2026</p>



<p>Deti, ktoré sa vracajú z vysídlených táborov do štvrte Al-Waer v Homse, čelia značným problémom pri reintegrácii do spoločnosti po dlhotrvajúcich prerušeniach ich vzdelávania.</p>



<p class="has-text-align-center has-background" style="background-color:#e2e2e2"><strong>Projekt finančne podporuje&nbsp;<a rel="noreferrer noopener" href="https://kbs.sk" target="_blank">Konferencia biskupov Slovenska</a></strong></p>



<p>Deti, ktoré sa vracajú z vysídlených táborov do štvrte Al-Waer v sýrskom meste Homs, čelia po rokoch vojny та neistoty mimoriadne ťažkej výzve. Dlhodobé prerušenie školskej dochádzky spôsobilo u mnohých z nich vysokú mieru negramotnosti, čo im bráni v plnohodnotnom začlenení do spoločnosti a v budovaní lepšej budúcnosti. Bez vzdelania zostávajú tieto deti uväznené v kruhu chudoby, bez reálnej šance podieľať sa na obnove svojej krajiny.</p>



<p>Cieľom nášho projektu je poskytnúť týmto deťom bezpečné і stabilné prostredie, ktoré je kľúčové pre ich psychologické zotavenie z následkov konfliktu. Prostredníctvom intenzívnych vzdelávacích programov im pomáhame preklenúť priepastné medzery vo vedomostiach, ktoré vznikli počas rokov strávených v táboroch. Zameriavame sa na výučbu základnej gramotnosti – čítanie, písanie a aritmetiku – a tiež na doučovanie kľúčových predmetov, ako sú matematika, arabčina a angličtina.</p>



<p>Vzdelávanie však v našom ponímaní nie je len o učebniciach. Je to nástroj, ktorý deťom poskytuje stabilitu, možnosť pozitívnej komunikácie s rovesníkmi a priestor na vyjadrenie svojich pocitov. Súčasťou projektu sú preto aj programy psychosociálnej podpory, ktoré pomáhajú deťom prekonať traumy z vysídlenia. Veríme, že investícia do vzdelania detí v Homse je investíciou do mierovej a prosperujúcej budúcnosti celej Sýrie.</p>



<p></p>

<p>Názov projektu: Reintegrácia vracajúcich sa detí z utečeneckých táborovMiesto implementácie: Homs, Sýria – [&hellip;]</p>

<!-- This site is optimized with the Yoast SEO plugin v25.4 - https://yoast.com/wordpress/plugins/seo/ -->
<title>Návrat do škôl: vzdelanie pre deti v Sýrskom Homse | Charita vo svete</title>
<meta name="robots" content="index, follow, max-snippet:-1, max-image-preview:large, max-video-preview:-1" />
<link rel="canonical" href="https://www.charita.sk/svet/navrat-do-skol-vzdelanie-pre-deti-v-syrskom-homse/" />
<meta property="og:locale" content="sk_SK" />
<meta property="og:type" content="article" />
<meta property="og:title" content="Návrat do škôl: vzdelanie pre deti v Sýrskom Homse | Charita vo svete" />
<meta property="og:description" content="Názov projektu: Reintegrácia vracajúcich sa detí z utečeneckých táborovMiesto implementácie: Homs, Sýria – [&hellip;]" />
<meta property="og:url" content="https://www.charita.sk/svet/navrat-do-skol-vzdelanie-pre-deti-v-syrskom-homse/" />
<meta property="og:site_name" content="Charita vo svete" />
<meta property="article:publisher" content="https://www.facebook.com/CaritasSlovakia/" />
<meta property="article:modified_time" content="2026-03-03T08:42:30+00:00" />
<meta name="twitter:card" content="summary_large_image" />
<meta name="twitter:label1" content="Predpokladaný čas čítania" />
	<meta name="twitter:data1" content="2 minúty" />
<script type="application/ld+json" class="yoast-schema-graph">{"@context":"https://schema.org","@graph":[{"@type":"WebPage","@id":"https://www.charita.sk/svet/navrat-do-skol-vzdelanie-pre-deti-v-syrskom-homse/","url":"https://www.charita.sk/svet/navrat-do-skol-vzdelanie-pre-deti-v-syrskom-homse/","name":"Návrat do škôl: vzdelanie pre deti v Sýrskom Homse | Charita vo svete","isPartOf":{"@id":"https://www.charita.sk/svet/#website"},"datePublished":"2026-03-03T08:39:51+00:00","dateModified":"2026-03-03T08:42:30+00:00","breadcrumb":{"@id":"https://www.charita.sk/svet/navrat-do-skol-vzdelanie-pre-deti-v-syrskom-homse/#breadcrumb"},"inLanguage":"sk-SK","potentialAction":[{"@type":"ReadAction","target":["https://www.charita.sk/svet/navrat-do-skol-vzdelanie-pre-deti-v-syrskom-homse/"]}]},{"@type":"BreadcrumbList","@id":"https://www.charita.sk/svet/navrat-do-skol-vzdelanie-pre-deti-v-syrskom-homse/#breadcrumb","itemListElement":[{"@type":"ListItem","position":1,"name":"Domovská stránka","item":"https://www.charita.sk/svet/"},{"@type":"ListItem","position":2,"name":"Návrat do škôl: vzdelanie pre deti v Sýrskom Homse"}]},{"@type":"WebSite","@id":"https://www.charita.sk/svet/#website","url":"https://www.charita.sk/svet/","name":"Charita vo svete","description":"Slovenská katolícka charita pomáha ľuďom v núdzi vo svete","publisher":{"@id":"https://www.charita.sk/svet/#organization"},"potentialAction":[{"@type":"SearchAction","target":{"@type":"EntryPoint","urlTemplate":"https://www.charita.sk/svet/?s={search_term_string}"},"query-input":{"@type":"PropertyValueSpecification","valueRequired":true,"valueName":"search_term_string"}}],"inLanguage":"sk-SK"},{"@type":"Organization","@id":"https://www.charita.sk/svet/#organization","name":"Slovenská katolícka charita","url":"https://www.charita.sk/svet/","logo":{"@type":"ImageObject","inLanguage":"sk-SK","@id":"https://www.charita.sk/svet/#/schema/logo/image/","url":"https://www.charita.sk/pomoc-utecencom/wp-content/uploads/2020/11/logo_pomoc_utecencom.jpg","contentUrl":"https://www.charita.sk/pomoc-utecencom/wp-content/uploads/2020/11/logo_pomoc_utecencom.jpg","width":1712,"height":480,"caption":"Slovenská katolícka charita"},"image":{"@id":"https://www.charita.sk/svet/#/schema/logo/image/"},"sameAs":["https://www.facebook.com/CaritasSlovakia/","https://www.instagram.com/caritas_slovakia/","https://www.linkedin.com/company/caritas-slovakia-skch-","https://www.youtube.com/user/katolickacharita"]}]}</script>
<!-- / Yoast SEO plugin. -->

Návrat do škôl: vzdelanie pre deti v Sýrskom Homse | Charita vo svete

Názov projektu: Reintegrácia vracajúcich sa detí z utečeneckých táborovMiesto implementácie: Homs, Sýria – [&hellip;]

2 minúty

Domovská stránka

Slovenská katolícka charita pomáha ľuďom v núdzi vo svete

Slovenská katolícka charita
