{"id":3441,"date":"2026-03-03T11:14:36","date_gmt":"2026-03-03T10:14:36","guid":{"rendered":"https:\/\/www.charita.sk\/svet\/?page_id=3441"},"modified":"2026-03-03T11:18:12","modified_gmt":"2026-03-03T10:18:12","slug":"podpora-pre-matersku-skolu-shible-2","status":"publish","type":"page","link":"https:\/\/www.charita.sk\/svet\/podpora-pre-matersku-skolu-shible-2\/","title":{"rendered":"Podpora pre matersk\u00fa \u0161kolu Shible"},"content":{"rendered":"\n<p class=\"has-white-color has-text-color has-background\" style=\"background-color:#c42f41\"><strong>N\u00e1zov projektu:<\/strong>\u00a0Podpora pre matersk\u00fa \u0161kolu Shible<br><strong>Miesto implement\u00e1cie:<\/strong> Derik, Governor\u00e1t <a>Al Hassaka<\/a><br>Auton\u00f3mna administrat\u00edva severu a\u00a0v\u00fdchodu S\u00fdrie, S\u00fdria<br><strong>Projektov\u00fd partner:<\/strong>\u00a0Syriac Cross<br><strong>Po\u010det pr\u00edjemcov pomoci:<\/strong>\u00a065 det\u00ed + rodinn\u00ed pr\u00edslu\u0161n\u00edci<br><strong>Suma na podporu projektu:<\/strong>\u00a04 600 EUR<br><strong>Obdobie implement\u00e1cie projektu<\/strong>: 01.09.2025 \u2013 01.08.2026<\/p>\n\n\n\n<p>V s\u00fdrskom meste Derik predstavuje matersk\u00e1 \u0161kola Shible k\u013e\u00fa\u010dov\u00fd bod podpory pre komunitu, ktor\u00e1 sa sna\u017e\u00ed o obnovu be\u017en\u00e9ho \u017eivota v n\u00e1ro\u010dn\u00fdch ekonomick\u00fdch podmienkach. Mnoh\u00e9 s\u00fdrske \u017eeny s\u00fa dnes z finan\u010dn\u00fdch d\u00f4vodov n\u00faten\u00e9 h\u013eada\u0165 si zamestnanie, \u010do vyvol\u00e1va naliehav\u00fa potrebu bezpe\u010dn\u00e9ho a podnetn\u00e9ho prostredia pre ich deti. Projekt materskej \u0161koly Shible reaguje priamo na t\u00fato v\u00fdzvu \u2013 matk\u00e1m umo\u017e\u0148uje pracova\u0165 a finan\u010dne zabezpe\u010di\u0165 svoje rodiny, zatia\u013e \u010do deti nach\u00e1dzaj\u00fa priestor na hru, rozvoj a vzdel\u00e1vanie.<\/p>\n\n\n\n<p>\u0160k\u00f4lka pre\u0161la od svojho zalo\u017eenia v roku 2018 v\u00fdznamn\u00fdm v\u00fdvojom. V\u010faka strategickej podpore Slovenskej katol\u00edckej charity a Konferencie biskupov Slovenska sa v roku 2020 podarilo zdvojn\u00e1sobi\u0165 jej kapacitu z p\u00f4vodn\u00fdch 30 na s\u00fa\u010dasn\u00fdch 60 det\u00ed. Presun do v\u00e4\u010d\u0161\u00edch priestorov sprev\u00e1dzalo aj kompletn\u00e9 dovybavenie modern\u00fdmi hra\u010dkami, u\u010debn\u00fdmi pom\u00f4ckami a materi\u00e1lom, ktor\u00fd de\u0165om zabezpe\u010duje kvalitn\u00fd \u0161tart do \u017eivota.<\/p>\n\n\n\n<p>V\u00fdnimo\u010dnos\u0165 materskej \u0161koly Shible spo\u010d\u00edva v jej inkluz\u00edvnom charaktere. Jej dvere s\u00fa otvoren\u00e9 de\u0165om s\u00fdrskych kres\u0165anov, Kurdov aj Arabov vo veku od 3 do 6 rokov. Vyu\u010dovanie prebieha v troch jazykoch \u2013 v aramej\u010dine, arab\u010dine a angli\u010dtine, \u010do de\u0165om poskytuje v\u00fdborn\u00fa \u0161tartovaciu poz\u00edciu pre \u010fal\u0161ie \u0161t\u00fadium. V citlivom kontexte Bl\u00edzkeho v\u00fdchodu sa tu deti u\u017e od \u00fatleho veku u\u010dia vz\u00e1jomn\u00e9mu re\u0161pektu a \u00facte ku kult\u00farnej rozmanitosti.<\/p>\n\n\n\n<p>Na\u0161\u00edm cie\u013eom v tomto roku je zabezpe\u010di\u0165 plynul\u00fa prev\u00e1dzku \u0161k\u00f4lky na \u010fal\u0161\u00edch 12 mesiacov. Va\u0161a podpora premen\u00ed t\u00fato vzdel\u00e1vaciu in\u0161tit\u00faciu na pilier medzikult\u00farneho dial\u00f3gu a tolerancie, ktor\u00fd pom\u00e1ha budova\u0165 stabilnej\u0161iu a zmierlivej\u0161iu bud\u00facnos\u0165 pre cel\u00fa miestnu komunitu.<\/p>\n\n\n\n<p class=\"has-text-align-center has-background\" style=\"background-color:#e2e2e2\"><strong>Projekt finan\u010dne podporuje&nbsp;<a href=\"https:\/\/kbs.sk\" target=\"_blank\" rel=\"noreferrer noopener\">Konferencia biskupov Slovenska<\/a><\/strong><\/p>\n\n\n\n<p><\/p>\n\n\n\n<p><\/p>\n","protected":false},"excerpt":{"rendered":"<p>N\u00e1zov projektu:\u00a0Podpora pre matersk\u00fa \u0161kolu ShibleMiesto implement\u00e1cie: Derik, Governor\u00e1t Al HassakaAuton\u00f3mna administrat\u00edva [&hellip;]<\/p>\n","protected":false},"author":10,"featured_media":0,"parent":0,"menu_order":0,"comment_status":"closed","ping_status":"closed","template":"","meta":{"footnotes":""},"class_list":["post-3441","page","type-page","status-publish","hentry"],"yoast_head":"<!-- This site is optimized with the Yoast SEO plugin v25.4 - https:\/\/yoast.com\/wordpress\/plugins\/seo\/ -->\n<title>Podpora pre matersk\u00fa \u0161kolu Shible | Charita vo svete<\/title>\n<meta name=\"robots\" content=\"index, follow, max-snippet:-1, max-image-preview:large, max-video-preview:-1\" \/>\n<link rel=\"canonical\" href=\"https:\/\/www.charita.sk\/svet\/podpora-pre-matersku-skolu-shible-2\/\" \/>\n<meta property=\"og:locale\" content=\"sk_SK\" \/>\n<meta property=\"og:type\" content=\"article\" \/>\n<meta property=\"og:title\" content=\"Podpora pre matersk\u00fa \u0161kolu Shible | Charita vo svete\" \/>\n<meta property=\"og:description\" content=\"N\u00e1zov projektu:\u00a0Podpora pre matersk\u00fa \u0161kolu ShibleMiesto implement\u00e1cie: Derik, Governor\u00e1t Al HassakaAuton\u00f3mna administrat\u00edva [&hellip;]\" \/>\n<meta property=\"og:url\" content=\"https:\/\/www.charita.sk\/svet\/podpora-pre-matersku-skolu-shible-2\/\" \/>\n<meta property=\"og:site_name\" content=\"Charita vo svete\" \/>\n<meta property=\"article:publisher\" content=\"https:\/\/www.facebook.com\/CaritasSlovakia\/\" \/>\n<meta property=\"article:modified_time\" content=\"2026-03-03T10:18:12+00:00\" \/>\n<meta name=\"twitter:card\" content=\"summary_large_image\" \/>\n<meta name=\"twitter:label1\" content=\"Predpokladan\u00fd \u010das \u010d\u00edtania\" \/>\n\t<meta name=\"twitter:data1\" content=\"2 min\u00faty\" \/>\n<script type=\"application\/ld+json\" class=\"yoast-schema-graph\">{\"@context\":\"https:\/\/schema.org\",\"@graph\":[{\"@type\":\"WebPage\",\"@id\":\"https:\/\/www.charita.sk\/svet\/podpora-pre-matersku-skolu-shible-2\/\",\"url\":\"https:\/\/www.charita.sk\/svet\/podpora-pre-matersku-skolu-shible-2\/\",\"name\":\"Podpora pre matersk\u00fa \u0161kolu Shible | Charita vo svete\",\"isPartOf\":{\"@id\":\"https:\/\/www.charita.sk\/svet\/#website\"},\"datePublished\":\"2026-03-03T10:14:36+00:00\",\"dateModified\":\"2026-03-03T10:18:12+00:00\",\"breadcrumb\":{\"@id\":\"https:\/\/www.charita.sk\/svet\/podpora-pre-matersku-skolu-shible-2\/#breadcrumb\"},\"inLanguage\":\"sk-SK\",\"potentialAction\":[{\"@type\":\"ReadAction\",\"target\":[\"https:\/\/www.charita.sk\/svet\/podpora-pre-matersku-skolu-shible-2\/\"]}]},{\"@type\":\"BreadcrumbList\",\"@id\":\"https:\/\/www.charita.sk\/svet\/podpora-pre-matersku-skolu-shible-2\/#breadcrumb\",\"itemListElement\":[{\"@type\":\"ListItem\",\"position\":1,\"name\":\"Domovsk\u00e1 str\u00e1nka\",\"item\":\"https:\/\/www.charita.sk\/svet\/\"},{\"@type\":\"ListItem\",\"position\":2,\"name\":\"Podpora pre matersk\u00fa \u0161kolu Shible\"}]},{\"@type\":\"WebSite\",\"@id\":\"https:\/\/www.charita.sk\/svet\/#website\",\"url\":\"https:\/\/www.charita.sk\/svet\/\",\"name\":\"Charita vo svete\",\"description\":\"Slovensk\u00e1 katol\u00edcka charita pom\u00e1ha \u013eu\u010fom v n\u00fadzi vo svete\",\"publisher\":{\"@id\":\"https:\/\/www.charita.sk\/svet\/#organization\"},\"potentialAction\":[{\"@type\":\"SearchAction\",\"target\":{\"@type\":\"EntryPoint\",\"urlTemplate\":\"https:\/\/www.charita.sk\/svet\/?s={search_term_string}\"},\"query-input\":{\"@type\":\"PropertyValueSpecification\",\"valueRequired\":true,\"valueName\":\"search_term_string\"}}],\"inLanguage\":\"sk-SK\"},{\"@type\":\"Organization\",\"@id\":\"https:\/\/www.charita.sk\/svet\/#organization\",\"name\":\"Slovensk\u00e1 katol\u00edcka charita\",\"url\":\"https:\/\/www.charita.sk\/svet\/\",\"logo\":{\"@type\":\"ImageObject\",\"inLanguage\":\"sk-SK\",\"@id\":\"https:\/\/www.charita.sk\/svet\/#\/schema\/logo\/image\/\",\"url\":\"https:\/\/www.charita.sk\/pomoc-utecencom\/wp-content\/uploads\/2020\/11\/logo_pomoc_utecencom.jpg\",\"contentUrl\":\"https:\/\/www.charita.sk\/pomoc-utecencom\/wp-content\/uploads\/2020\/11\/logo_pomoc_utecencom.jpg\",\"width\":1712,\"height\":480,\"caption\":\"Slovensk\u00e1 katol\u00edcka charita\"},\"image\":{\"@id\":\"https:\/\/www.charita.sk\/svet\/#\/schema\/logo\/image\/\"},\"sameAs\":[\"https:\/\/www.facebook.com\/CaritasSlovakia\/\",\"https:\/\/www.instagram.com\/caritas_slovakia\/\",\"https:\/\/www.linkedin.com\/company\/caritas-slovakia-skch-\",\"https:\/\/www.youtube.com\/user\/katolickacharita\"]}]}<\/script>\n<!-- \/ Yoast SEO plugin. -->","yoast_head_json":{"title":"Podpora pre matersk\u00fa \u0161kolu Shible | Charita vo svete","robots":{"index":"index","follow":"follow","max-snippet":"max-snippet:-1","max-image-preview":"max-image-preview:large","max-video-preview":"max-video-preview:-1"},"canonical":"https:\/\/www.charita.sk\/svet\/podpora-pre-matersku-skolu-shible-2\/","og_locale":"sk_SK","og_type":"article","og_title":"Podpora pre matersk\u00fa \u0161kolu Shible | Charita vo svete","og_description":"N\u00e1zov projektu:\u00a0Podpora pre matersk\u00fa \u0161kolu ShibleMiesto implement\u00e1cie: Derik, Governor\u00e1t Al HassakaAuton\u00f3mna administrat\u00edva [&hellip;]","og_url":"https:\/\/www.charita.sk\/svet\/podpora-pre-matersku-skolu-shible-2\/","og_site_name":"Charita vo svete","article_publisher":"https:\/\/www.facebook.com\/CaritasSlovakia\/","article_modified_time":"2026-03-03T10:18:12+00:00","twitter_card":"summary_large_image","twitter_misc":{"Predpokladan\u00fd \u010das \u010d\u00edtania":"2 min\u00faty"},"schema":{"@context":"https:\/\/schema.org","@graph":[{"@type":"WebPage","@id":"https:\/\/www.charita.sk\/svet\/podpora-pre-matersku-skolu-shible-2\/","url":"https:\/\/www.charita.sk\/svet\/podpora-pre-matersku-skolu-shible-2\/","name":"Podpora pre matersk\u00fa \u0161kolu Shible | Charita vo svete","isPartOf":{"@id":"https:\/\/www.charita.sk\/svet\/#website"},"datePublished":"2026-03-03T10:14:36+00:00","dateModified":"2026-03-03T10:18:12+00:00","breadcrumb":{"@id":"https:\/\/www.charita.sk\/svet\/podpora-pre-matersku-skolu-shible-2\/#breadcrumb"},"inLanguage":"sk-SK","potentialAction":[{"@type":"ReadAction","target":["https:\/\/www.charita.sk\/svet\/podpora-pre-matersku-skolu-shible-2\/"]}]},{"@type":"BreadcrumbList","@id":"https:\/\/www.charita.sk\/svet\/podpora-pre-matersku-skolu-shible-2\/#breadcrumb","itemListElement":[{"@type":"ListItem","position":1,"name":"Domovsk\u00e1 str\u00e1nka","item":"https:\/\/www.charita.sk\/svet\/"},{"@type":"ListItem","position":2,"name":"Podpora pre matersk\u00fa \u0161kolu Shible"}]},{"@type":"WebSite","@id":"https:\/\/www.charita.sk\/svet\/#website","url":"https:\/\/www.charita.sk\/svet\/","name":"Charita vo svete","description":"Slovensk\u00e1 katol\u00edcka charita pom\u00e1ha \u013eu\u010fom v n\u00fadzi vo svete","publisher":{"@id":"https:\/\/www.charita.sk\/svet\/#organization"},"potentialAction":[{"@type":"SearchAction","target":{"@type":"EntryPoint","urlTemplate":"https:\/\/www.charita.sk\/svet\/?s={search_term_string}"},"query-input":{"@type":"PropertyValueSpecification","valueRequired":true,"valueName":"search_term_string"}}],"inLanguage":"sk-SK"},{"@type":"Organization","@id":"https:\/\/www.charita.sk\/svet\/#organization","name":"Slovensk\u00e1 katol\u00edcka charita","url":"https:\/\/www.charita.sk\/svet\/","logo":{"@type":"ImageObject","inLanguage":"sk-SK","@id":"https:\/\/www.charita.sk\/svet\/#\/schema\/logo\/image\/","url":"https:\/\/www.charita.sk\/pomoc-utecencom\/wp-content\/uploads\/2020\/11\/logo_pomoc_utecencom.jpg","contentUrl":"https:\/\/www.charita.sk\/pomoc-utecencom\/wp-content\/uploads\/2020\/11\/logo_pomoc_utecencom.jpg","width":1712,"height":480,"caption":"Slovensk\u00e1 katol\u00edcka charita"},"image":{"@id":"https:\/\/www.charita.sk\/svet\/#\/schema\/logo\/image\/"},"sameAs":["https:\/\/www.facebook.com\/CaritasSlovakia\/","https:\/\/www.instagram.com\/caritas_slovakia\/","https:\/\/www.linkedin.com\/company\/caritas-slovakia-skch-","https:\/\/www.youtube.com\/user\/katolickacharita"]}]}},"featured_image_src":null,"featured_image_src_square":null,"_links":{"self":[{"href":"https:\/\/www.charita.sk\/svet\/wp-json\/wp\/v2\/pages\/3441","targetHints":{"allow":["GET"]}}],"collection":[{"href":"https:\/\/www.charita.sk\/svet\/wp-json\/wp\/v2\/pages"}],"about":[{"href":"https:\/\/www.charita.sk\/svet\/wp-json\/wp\/v2\/types\/page"}],"author":[{"embeddable":true,"href":"https:\/\/www.charita.sk\/svet\/wp-json\/wp\/v2\/users\/10"}],"replies":[{"embeddable":true,"href":"https:\/\/www.charita.sk\/svet\/wp-json\/wp\/v2\/comments?post=3441"}],"version-history":[{"count":1,"href":"https:\/\/www.charita.sk\/svet\/wp-json\/wp\/v2\/pages\/3441\/revisions"}],"predecessor-version":[{"id":3442,"href":"https:\/\/www.charita.sk\/svet\/wp-json\/wp\/v2\/pages\/3441\/revisions\/3442"}],"wp:attachment":[{"href":"https:\/\/www.charita.sk\/svet\/wp-json\/wp\/v2\/media?parent=3441"}],"curies":[{"name":"wp","href":"https:\/\/api.w.org\/{rel}","templated":true}]}}

Podpora pre materskú školu Shible

<p class="has-white-color has-text-color has-background" style="background-color:#c42f41"><strong>Názov projektu:</strong> Podpora pre materskú školu Shible<br><strong>Miesto implementácie:</strong> Derik, Governorát <a>Al Hassaka</a><br>Autonómna administratíva severu a východu Sýrie, Sýria<br><strong>Projektový partner:</strong> Syriac Cross<br><strong>Počet príjemcov pomoci:</strong> 65 detí + rodinní príslušníci<br><strong>Suma na podporu projektu:</strong> 4 600 EUR<br><strong>Obdobie implementácie projektu</strong>: 01.09.2025 – 01.08.2026</p>



<p>V sýrskom meste Derik predstavuje materská škola Shible kľúčový bod podpory pre komunitu, ktorá sa snaží o obnovu bežného života v náročných ekonomických podmienkach. Mnohé sýrske ženy sú dnes z finančných dôvodov nútené hľadať si zamestnanie, čo vyvoláva naliehavú potrebu bezpečného a podnetného prostredia pre ich deti. Projekt materskej školy Shible reaguje priamo na túto výzvu – matkám umožňuje pracovať a finančne zabezpečiť svoje rodiny, zatiaľ čo deti nachádzajú priestor na hru, rozvoj a vzdelávanie.</p>



<p>Škôlka prešla od svojho založenia v roku 2018 významným vývojom. Vďaka strategickej podpore Slovenskej katolíckej charity a Konferencie biskupov Slovenska sa v roku 2020 podarilo zdvojnásobiť jej kapacitu z pôvodných 30 na súčasných 60 detí. Presun do väčších priestorov sprevádzalo aj kompletné dovybavenie modernými hračkami, učebnými pomôckami a materiálom, ktorý deťom zabezpečuje kvalitný štart do života.</p>



<p>Výnimočnosť materskej školy Shible spočíva v jej inkluzívnom charaktere. Jej dvere sú otvorené deťom sýrskych kresťanov, Kurdov aj Arabov vo veku od 3 do 6 rokov. Vyučovanie prebieha v troch jazykoch – v aramejčine, arabčine a angličtine, čo deťom poskytuje výbornú štartovaciu pozíciu pre ďalšie štúdium. V citlivom kontexte Blízkeho východu sa tu deti už od útleho veku učia vzájomnému rešpektu a úcte ku kultúrnej rozmanitosti.</p>



<p>Naším cieľom v tomto roku je zabezpečiť plynulú prevádzku škôlky na ďalších 12 mesiacov. Vaša podpora premení túto vzdelávaciu inštitúciu na pilier medzikultúrneho dialógu a tolerancie, ktorý pomáha budovať stabilnejšiu a zmierlivejšiu budúcnosť pre celú miestnu komunitu.</p>



<p class="has-text-align-center has-background" style="background-color:#e2e2e2"><strong>Projekt finančne podporuje&nbsp;<a href="https://kbs.sk" target="_blank" rel="noreferrer noopener">Konferencia biskupov Slovenska</a></strong></p>



<p></p>



<p></p>

<p>Názov projektu: Podpora pre materskú školu ShibleMiesto implementácie: Derik, Governorát Al HassakaAutonómna administratíva [&hellip;]</p>

<!-- This site is optimized with the Yoast SEO plugin v25.4 - https://yoast.com/wordpress/plugins/seo/ -->
<title>Podpora pre materskú školu Shible | Charita vo svete</title>
<meta name="robots" content="index, follow, max-snippet:-1, max-image-preview:large, max-video-preview:-1" />
<link rel="canonical" href="https://www.charita.sk/svet/podpora-pre-matersku-skolu-shible-2/" />
<meta property="og:locale" content="sk_SK" />
<meta property="og:type" content="article" />
<meta property="og:title" content="Podpora pre materskú školu Shible | Charita vo svete" />
<meta property="og:description" content="Názov projektu: Podpora pre materskú školu ShibleMiesto implementácie: Derik, Governorát Al HassakaAutonómna administratíva [&hellip;]" />
<meta property="og:url" content="https://www.charita.sk/svet/podpora-pre-matersku-skolu-shible-2/" />
<meta property="og:site_name" content="Charita vo svete" />
<meta property="article:publisher" content="https://www.facebook.com/CaritasSlovakia/" />
<meta property="article:modified_time" content="2026-03-03T10:18:12+00:00" />
<meta name="twitter:card" content="summary_large_image" />
<meta name="twitter:label1" content="Predpokladaný čas čítania" />
	<meta name="twitter:data1" content="2 minúty" />
<script type="application/ld+json" class="yoast-schema-graph">{"@context":"https://schema.org","@graph":[{"@type":"WebPage","@id":"https://www.charita.sk/svet/podpora-pre-matersku-skolu-shible-2/","url":"https://www.charita.sk/svet/podpora-pre-matersku-skolu-shible-2/","name":"Podpora pre materskú školu Shible | Charita vo svete","isPartOf":{"@id":"https://www.charita.sk/svet/#website"},"datePublished":"2026-03-03T10:14:36+00:00","dateModified":"2026-03-03T10:18:12+00:00","breadcrumb":{"@id":"https://www.charita.sk/svet/podpora-pre-matersku-skolu-shible-2/#breadcrumb"},"inLanguage":"sk-SK","potentialAction":[{"@type":"ReadAction","target":["https://www.charita.sk/svet/podpora-pre-matersku-skolu-shible-2/"]}]},{"@type":"BreadcrumbList","@id":"https://www.charita.sk/svet/podpora-pre-matersku-skolu-shible-2/#breadcrumb","itemListElement":[{"@type":"ListItem","position":1,"name":"Domovská stránka","item":"https://www.charita.sk/svet/"},{"@type":"ListItem","position":2,"name":"Podpora pre materskú školu Shible"}]},{"@type":"WebSite","@id":"https://www.charita.sk/svet/#website","url":"https://www.charita.sk/svet/","name":"Charita vo svete","description":"Slovenská katolícka charita pomáha ľuďom v núdzi vo svete","publisher":{"@id":"https://www.charita.sk/svet/#organization"},"potentialAction":[{"@type":"SearchAction","target":{"@type":"EntryPoint","urlTemplate":"https://www.charita.sk/svet/?s={search_term_string}"},"query-input":{"@type":"PropertyValueSpecification","valueRequired":true,"valueName":"search_term_string"}}],"inLanguage":"sk-SK"},{"@type":"Organization","@id":"https://www.charita.sk/svet/#organization","name":"Slovenská katolícka charita","url":"https://www.charita.sk/svet/","logo":{"@type":"ImageObject","inLanguage":"sk-SK","@id":"https://www.charita.sk/svet/#/schema/logo/image/","url":"https://www.charita.sk/pomoc-utecencom/wp-content/uploads/2020/11/logo_pomoc_utecencom.jpg","contentUrl":"https://www.charita.sk/pomoc-utecencom/wp-content/uploads/2020/11/logo_pomoc_utecencom.jpg","width":1712,"height":480,"caption":"Slovenská katolícka charita"},"image":{"@id":"https://www.charita.sk/svet/#/schema/logo/image/"},"sameAs":["https://www.facebook.com/CaritasSlovakia/","https://www.instagram.com/caritas_slovakia/","https://www.linkedin.com/company/caritas-slovakia-skch-","https://www.youtube.com/user/katolickacharita"]}]}</script>
<!-- / Yoast SEO plugin. -->

Podpora pre materskú školu Shible | Charita vo svete

Názov projektu: Podpora pre materskú školu ShibleMiesto implementácie: Derik, Governorát Al HassakaAutonómna administratíva [&hellip;]

2 minúty

Domovská stránka

Slovenská katolícka charita pomáha ľuďom v núdzi vo svete

Slovenská katolícka charita
