{"id":3521,"date":"2026-03-04T15:13:49","date_gmt":"2026-03-04T14:13:49","guid":{"rendered":"https:\/\/www.charita.sk\/svet\/?page_id=3521"},"modified":"2026-03-04T15:21:00","modified_gmt":"2026-03-04T14:21:00","slug":"podpora-deti-a-rodin-v-centre-svitlytsia","status":"publish","type":"page","link":"https:\/\/www.charita.sk\/svet\/podpora-deti-a-rodin-v-centre-svitlytsia\/","title":{"rendered":"Podpora det\u00ed a rod\u00edn v centre Svitlytsia"},"content":{"rendered":"\n<p class=\"has-white-color has-text-color has-background has-link-color wp-elements-234bb9ff60bb5a87088a1b8b7c44f6ff\" style=\"background-color:#c42f41\"><strong>N\u00e1zov projektu:\u00a0\u00a0<\/strong>Podpora det\u00ed, sir\u00f4t a\u00a0rod\u00edn v n\u00fadzi.<br><strong>Lokalita implement\u00e1cie:\u00a0<\/strong>Luck, Volynsk\u00e1 oblas\u0165<br><strong>Meno partnera:\u00a0<\/strong>Caritas-Spes Lutsk\u00a0<br><strong>Trvanie projektu:\u00a0<\/strong>2026<br><strong>V\u00fd\u0161ka podpory:\u00a0<\/strong>44 880 EUR<\/p>\n\n\n\n<p>V meste Luck a v \u0161ir\u0161om regi\u00f3ne Voly\u0148 \u010delia rodiny s de\u0165mi neust\u00e1lemu tlaku a neistote. Slovensk\u00e1 katol\u00edcka charita preto v roku 2026 sumou <strong>44 880 EUR<\/strong> podporuje prev\u00e1dzku centra <strong>Svitlytsia<\/strong>, ktor\u00e9 spravuje n\u00e1\u0161 partner Caritas-Spes Lutsk. Na\u0161\u00edm spolo\u010dn\u00fdm cie\u013eom je vytvori\u0165 bezpe\u010dn\u00e9 \u00fato\u010disko, kde deti a ich rodi\u010dia n\u00e1jdu potrebn\u00fa pomoc, prijatie a priestor na rozvoj.<\/p>\n\n\n\n<p><strong>Invest\u00edcia do odbornosti a bezpe\u010dia<\/strong> Finan\u010dn\u00e9 prostriedky smerujeme najm\u00e4 na zabezpe\u010denie kvalitn\u00e9ho person\u00e1lu a prev\u00e1dzku priestorov, ktor\u00e9 s\u00fa pre zranite\u013en\u00e9 skupiny k\u013e\u00fa\u010dov\u00e9. V centre pracuj\u00fa odborn\u00edci, ktor\u00ed rozumej\u00fa \u0161pecifick\u00fdm potreb\u00e1m det\u00ed, vr\u00e1tane sir\u00f4t a det\u00ed z rod\u00edn v n\u00fadzi. Vytv\u00e1rame prostredie, kde sa odbornos\u0165 sp\u00e1ja s \u013eudsk\u00fdm pr\u00edstupom, \u010do umo\u017e\u0148uje rodin\u00e1m v Lucku prekon\u00e1va\u0165 kr\u00edzov\u00e9 obdobia s v\u00e4\u010d\u0161ou istotou.<\/p>\n\n\n\n<p><strong>Komplexn\u00fd pr\u00edstup k rozvoju<\/strong> Centrum Svitlytsia nie je len budova, je to \u017eiv\u00e1 komunita. Na\u0161a podpora umo\u017e\u0148uje realiz\u00e1ciu \u0161irokej \u0161k\u00e1ly aktiv\u00edt:<\/p>\n\n\n\n<ul class=\"wp-block-list\">\n<li><strong>Vzdel\u00e1vacie programy:<\/strong> Pom\u00e1hame de\u0165om zvl\u00e1da\u0165 \u0161kolsk\u00e9 povinnosti a rozv\u00edja\u0165 ich talenty.<\/li>\n\n\n\n<li><strong>Psychosoci\u00e1lna pomoc:<\/strong> Poskytujeme bezpe\u010dn\u00fd priestor na spracovanie em\u00f3ci\u00ed a posil\u0148ovanie psychickej odolnosti rod\u00edn.<\/li>\n\n\n\n<li><strong>Vo\u013eno\u010dasov\u00e9 aktivity:<\/strong> Organizujeme tvoriv\u00e9 dielne a hry, ktor\u00e9 de\u0165om vracaj\u00fa pocit bezstarostn\u00e9ho detstva.<\/li>\n<\/ul>\n\n\n\n<p>V\u010faka tejto stabilnej podpore pom\u00e1hame rodin\u00e1m v regi\u00f3ne Voly\u0148 budova\u0165 lep\u0161iu bud\u00facnos\u0165 priamo v ich domovoch. Spolo\u010dne chr\u00e1nime detstvo a posil\u0148ujeme s\u00fadr\u017enos\u0165 komun\u00edt, ktor\u00e9 to najviac potrebuj\u00fa.<\/p>\n","protected":false},"excerpt":{"rendered":"<p>N\u00e1zov projektu:\u00a0\u00a0Podpora det\u00ed, sir\u00f4t a\u00a0rod\u00edn v n\u00fadzi.Lokalita implement\u00e1cie:\u00a0Luck, Volynsk\u00e1 oblas\u0165Meno partnera:\u00a0Caritas-Spes Lutsk\u00a0Trvanie [&hellip;]<\/p>\n","protected":false},"author":10,"featured_media":0,"parent":0,"menu_order":0,"comment_status":"closed","ping_status":"closed","template":"","meta":{"footnotes":""},"class_list":["post-3521","page","type-page","status-publish","hentry"],"yoast_head":"<!-- This site is optimized with the Yoast SEO plugin v25.4 - https:\/\/yoast.com\/wordpress\/plugins\/seo\/ -->\n<title>Podpora det\u00ed a rod\u00edn v centre Svitlytsia | Charita vo svete<\/title>\n<meta name=\"robots\" content=\"index, follow, max-snippet:-1, max-image-preview:large, max-video-preview:-1\" \/>\n<link rel=\"canonical\" href=\"https:\/\/www.charita.sk\/svet\/podpora-deti-a-rodin-v-centre-svitlytsia\/\" \/>\n<meta property=\"og:locale\" content=\"sk_SK\" \/>\n<meta property=\"og:type\" content=\"article\" \/>\n<meta property=\"og:title\" content=\"Podpora det\u00ed a rod\u00edn v centre Svitlytsia | Charita vo svete\" \/>\n<meta property=\"og:description\" content=\"N\u00e1zov projektu:\u00a0\u00a0Podpora det\u00ed, sir\u00f4t a\u00a0rod\u00edn v n\u00fadzi.Lokalita implement\u00e1cie:\u00a0Luck, Volynsk\u00e1 oblas\u0165Meno partnera:\u00a0Caritas-Spes Lutsk\u00a0Trvanie [&hellip;]\" \/>\n<meta property=\"og:url\" content=\"https:\/\/www.charita.sk\/svet\/podpora-deti-a-rodin-v-centre-svitlytsia\/\" \/>\n<meta property=\"og:site_name\" content=\"Charita vo svete\" \/>\n<meta property=\"article:publisher\" content=\"https:\/\/www.facebook.com\/CaritasSlovakia\/\" \/>\n<meta property=\"article:modified_time\" content=\"2026-03-04T14:21:00+00:00\" \/>\n<meta name=\"twitter:card\" content=\"summary_large_image\" \/>\n<meta name=\"twitter:label1\" content=\"Predpokladan\u00fd \u010das \u010d\u00edtania\" \/>\n\t<meta name=\"twitter:data1\" content=\"2 min\u00faty\" \/>\n<script type=\"application\/ld+json\" class=\"yoast-schema-graph\">{\"@context\":\"https:\/\/schema.org\",\"@graph\":[{\"@type\":\"WebPage\",\"@id\":\"https:\/\/www.charita.sk\/svet\/podpora-deti-a-rodin-v-centre-svitlytsia\/\",\"url\":\"https:\/\/www.charita.sk\/svet\/podpora-deti-a-rodin-v-centre-svitlytsia\/\",\"name\":\"Podpora det\u00ed a rod\u00edn v centre Svitlytsia | Charita vo svete\",\"isPartOf\":{\"@id\":\"https:\/\/www.charita.sk\/svet\/#website\"},\"datePublished\":\"2026-03-04T14:13:49+00:00\",\"dateModified\":\"2026-03-04T14:21:00+00:00\",\"breadcrumb\":{\"@id\":\"https:\/\/www.charita.sk\/svet\/podpora-deti-a-rodin-v-centre-svitlytsia\/#breadcrumb\"},\"inLanguage\":\"sk-SK\",\"potentialAction\":[{\"@type\":\"ReadAction\",\"target\":[\"https:\/\/www.charita.sk\/svet\/podpora-deti-a-rodin-v-centre-svitlytsia\/\"]}]},{\"@type\":\"BreadcrumbList\",\"@id\":\"https:\/\/www.charita.sk\/svet\/podpora-deti-a-rodin-v-centre-svitlytsia\/#breadcrumb\",\"itemListElement\":[{\"@type\":\"ListItem\",\"position\":1,\"name\":\"Domovsk\u00e1 str\u00e1nka\",\"item\":\"https:\/\/www.charita.sk\/svet\/\"},{\"@type\":\"ListItem\",\"position\":2,\"name\":\"Podpora det\u00ed a rod\u00edn v centre Svitlytsia\"}]},{\"@type\":\"WebSite\",\"@id\":\"https:\/\/www.charita.sk\/svet\/#website\",\"url\":\"https:\/\/www.charita.sk\/svet\/\",\"name\":\"Charita vo svete\",\"description\":\"Slovensk\u00e1 katol\u00edcka charita pom\u00e1ha \u013eu\u010fom v n\u00fadzi vo svete\",\"publisher\":{\"@id\":\"https:\/\/www.charita.sk\/svet\/#organization\"},\"potentialAction\":[{\"@type\":\"SearchAction\",\"target\":{\"@type\":\"EntryPoint\",\"urlTemplate\":\"https:\/\/www.charita.sk\/svet\/?s={search_term_string}\"},\"query-input\":{\"@type\":\"PropertyValueSpecification\",\"valueRequired\":true,\"valueName\":\"search_term_string\"}}],\"inLanguage\":\"sk-SK\"},{\"@type\":\"Organization\",\"@id\":\"https:\/\/www.charita.sk\/svet\/#organization\",\"name\":\"Slovensk\u00e1 katol\u00edcka charita\",\"url\":\"https:\/\/www.charita.sk\/svet\/\",\"logo\":{\"@type\":\"ImageObject\",\"inLanguage\":\"sk-SK\",\"@id\":\"https:\/\/www.charita.sk\/svet\/#\/schema\/logo\/image\/\",\"url\":\"https:\/\/www.charita.sk\/pomoc-utecencom\/wp-content\/uploads\/2020\/11\/logo_pomoc_utecencom.jpg\",\"contentUrl\":\"https:\/\/www.charita.sk\/pomoc-utecencom\/wp-content\/uploads\/2020\/11\/logo_pomoc_utecencom.jpg\",\"width\":1712,\"height\":480,\"caption\":\"Slovensk\u00e1 katol\u00edcka charita\"},\"image\":{\"@id\":\"https:\/\/www.charita.sk\/svet\/#\/schema\/logo\/image\/\"},\"sameAs\":[\"https:\/\/www.facebook.com\/CaritasSlovakia\/\",\"https:\/\/www.instagram.com\/caritas_slovakia\/\",\"https:\/\/www.linkedin.com\/company\/caritas-slovakia-skch-\",\"https:\/\/www.youtube.com\/user\/katolickacharita\"]}]}<\/script>\n<!-- \/ Yoast SEO plugin. -->","yoast_head_json":{"title":"Podpora det\u00ed a rod\u00edn v centre Svitlytsia | Charita vo svete","robots":{"index":"index","follow":"follow","max-snippet":"max-snippet:-1","max-image-preview":"max-image-preview:large","max-video-preview":"max-video-preview:-1"},"canonical":"https:\/\/www.charita.sk\/svet\/podpora-deti-a-rodin-v-centre-svitlytsia\/","og_locale":"sk_SK","og_type":"article","og_title":"Podpora det\u00ed a rod\u00edn v centre Svitlytsia | Charita vo svete","og_description":"N\u00e1zov projektu:\u00a0\u00a0Podpora det\u00ed, sir\u00f4t a\u00a0rod\u00edn v n\u00fadzi.Lokalita implement\u00e1cie:\u00a0Luck, Volynsk\u00e1 oblas\u0165Meno partnera:\u00a0Caritas-Spes Lutsk\u00a0Trvanie [&hellip;]","og_url":"https:\/\/www.charita.sk\/svet\/podpora-deti-a-rodin-v-centre-svitlytsia\/","og_site_name":"Charita vo svete","article_publisher":"https:\/\/www.facebook.com\/CaritasSlovakia\/","article_modified_time":"2026-03-04T14:21:00+00:00","twitter_card":"summary_large_image","twitter_misc":{"Predpokladan\u00fd \u010das \u010d\u00edtania":"2 min\u00faty"},"schema":{"@context":"https:\/\/schema.org","@graph":[{"@type":"WebPage","@id":"https:\/\/www.charita.sk\/svet\/podpora-deti-a-rodin-v-centre-svitlytsia\/","url":"https:\/\/www.charita.sk\/svet\/podpora-deti-a-rodin-v-centre-svitlytsia\/","name":"Podpora det\u00ed a rod\u00edn v centre Svitlytsia | Charita vo svete","isPartOf":{"@id":"https:\/\/www.charita.sk\/svet\/#website"},"datePublished":"2026-03-04T14:13:49+00:00","dateModified":"2026-03-04T14:21:00+00:00","breadcrumb":{"@id":"https:\/\/www.charita.sk\/svet\/podpora-deti-a-rodin-v-centre-svitlytsia\/#breadcrumb"},"inLanguage":"sk-SK","potentialAction":[{"@type":"ReadAction","target":["https:\/\/www.charita.sk\/svet\/podpora-deti-a-rodin-v-centre-svitlytsia\/"]}]},{"@type":"BreadcrumbList","@id":"https:\/\/www.charita.sk\/svet\/podpora-deti-a-rodin-v-centre-svitlytsia\/#breadcrumb","itemListElement":[{"@type":"ListItem","position":1,"name":"Domovsk\u00e1 str\u00e1nka","item":"https:\/\/www.charita.sk\/svet\/"},{"@type":"ListItem","position":2,"name":"Podpora det\u00ed a rod\u00edn v centre Svitlytsia"}]},{"@type":"WebSite","@id":"https:\/\/www.charita.sk\/svet\/#website","url":"https:\/\/www.charita.sk\/svet\/","name":"Charita vo svete","description":"Slovensk\u00e1 katol\u00edcka charita pom\u00e1ha \u013eu\u010fom v n\u00fadzi vo svete","publisher":{"@id":"https:\/\/www.charita.sk\/svet\/#organization"},"potentialAction":[{"@type":"SearchAction","target":{"@type":"EntryPoint","urlTemplate":"https:\/\/www.charita.sk\/svet\/?s={search_term_string}"},"query-input":{"@type":"PropertyValueSpecification","valueRequired":true,"valueName":"search_term_string"}}],"inLanguage":"sk-SK"},{"@type":"Organization","@id":"https:\/\/www.charita.sk\/svet\/#organization","name":"Slovensk\u00e1 katol\u00edcka charita","url":"https:\/\/www.charita.sk\/svet\/","logo":{"@type":"ImageObject","inLanguage":"sk-SK","@id":"https:\/\/www.charita.sk\/svet\/#\/schema\/logo\/image\/","url":"https:\/\/www.charita.sk\/pomoc-utecencom\/wp-content\/uploads\/2020\/11\/logo_pomoc_utecencom.jpg","contentUrl":"https:\/\/www.charita.sk\/pomoc-utecencom\/wp-content\/uploads\/2020\/11\/logo_pomoc_utecencom.jpg","width":1712,"height":480,"caption":"Slovensk\u00e1 katol\u00edcka charita"},"image":{"@id":"https:\/\/www.charita.sk\/svet\/#\/schema\/logo\/image\/"},"sameAs":["https:\/\/www.facebook.com\/CaritasSlovakia\/","https:\/\/www.instagram.com\/caritas_slovakia\/","https:\/\/www.linkedin.com\/company\/caritas-slovakia-skch-","https:\/\/www.youtube.com\/user\/katolickacharita"]}]}},"featured_image_src":null,"featured_image_src_square":null,"_links":{"self":[{"href":"https:\/\/www.charita.sk\/svet\/wp-json\/wp\/v2\/pages\/3521","targetHints":{"allow":["GET"]}}],"collection":[{"href":"https:\/\/www.charita.sk\/svet\/wp-json\/wp\/v2\/pages"}],"about":[{"href":"https:\/\/www.charita.sk\/svet\/wp-json\/wp\/v2\/types\/page"}],"author":[{"embeddable":true,"href":"https:\/\/www.charita.sk\/svet\/wp-json\/wp\/v2\/users\/10"}],"replies":[{"embeddable":true,"href":"https:\/\/www.charita.sk\/svet\/wp-json\/wp\/v2\/comments?post=3521"}],"version-history":[{"count":3,"href":"https:\/\/www.charita.sk\/svet\/wp-json\/wp\/v2\/pages\/3521\/revisions"}],"predecessor-version":[{"id":3531,"href":"https:\/\/www.charita.sk\/svet\/wp-json\/wp\/v2\/pages\/3521\/revisions\/3531"}],"wp:attachment":[{"href":"https:\/\/www.charita.sk\/svet\/wp-json\/wp\/v2\/media?parent=3521"}],"curies":[{"name":"wp","href":"https:\/\/api.w.org\/{rel}","templated":true}]}}

Podpora detí a rodín v centre Svitlytsia

<p class="has-white-color has-text-color has-background has-link-color wp-elements-234bb9ff60bb5a87088a1b8b7c44f6ff" style="background-color:#c42f41"><strong>Názov projektu:  </strong>Podpora detí, sirôt a rodín v núdzi.<br><strong>Lokalita implementácie: </strong>Luck, Volynská oblasť<br><strong>Meno partnera: </strong>Caritas-Spes Lutsk <br><strong>Trvanie projektu: </strong>2026<br><strong>Výška podpory: </strong>44 880 EUR</p>



<p>V meste Luck a v širšom regióne Volyň čelia rodiny s deťmi neustálemu tlaku a neistote. Slovenská katolícka charita preto v roku 2026 sumou <strong>44 880 EUR</strong> podporuje prevádzku centra <strong>Svitlytsia</strong>, ktoré spravuje náš partner Caritas-Spes Lutsk. Naším spoločným cieľom je vytvoriť bezpečné útočisko, kde deti a ich rodičia nájdu potrebnú pomoc, prijatie a priestor na rozvoj.</p>



<p><strong>Investícia do odbornosti a bezpečia</strong> Finančné prostriedky smerujeme najmä na zabezpečenie kvalitného personálu a prevádzku priestorov, ktoré sú pre zraniteľné skupiny kľúčové. V centre pracujú odborníci, ktorí rozumejú špecifickým potrebám detí, vrátane sirôt a detí z rodín v núdzi. Vytvárame prostredie, kde sa odbornosť spája s ľudským prístupom, čo umožňuje rodinám v Lucku prekonávať krízové obdobia s väčšou istotou.</p>



<p><strong>Komplexný prístup k rozvoju</strong> Centrum Svitlytsia nie je len budova, je to živá komunita. Naša podpora umožňuje realizáciu širokej škály aktivít:</p>



<ul class="wp-block-list">
<li><strong>Vzdelávacie programy:</strong> Pomáhame deťom zvládať školské povinnosti a rozvíjať ich talenty.</li>



<li><strong>Psychosociálna pomoc:</strong> Poskytujeme bezpečný priestor na spracovanie emócií a posilňovanie psychickej odolnosti rodín.</li>



<li><strong>Voľnočasové aktivity:</strong> Organizujeme tvorivé dielne a hry, ktoré deťom vracajú pocit bezstarostného detstva.</li>
</ul>



<p>Vďaka tejto stabilnej podpore pomáhame rodinám v regióne Volyň budovať lepšiu budúcnosť priamo v ich domovoch. Spoločne chránime detstvo a posilňujeme súdržnosť komunít, ktoré to najviac potrebujú.</p>

<p>Názov projektu:  Podpora detí, sirôt a rodín v núdzi.Lokalita implementácie: Luck, Volynská oblasťMeno partnera: Caritas-Spes Lutsk Trvanie [&hellip;]</p>

<!-- This site is optimized with the Yoast SEO plugin v25.4 - https://yoast.com/wordpress/plugins/seo/ -->
<title>Podpora detí a rodín v centre Svitlytsia | Charita vo svete</title>
<meta name="robots" content="index, follow, max-snippet:-1, max-image-preview:large, max-video-preview:-1" />
<link rel="canonical" href="https://www.charita.sk/svet/podpora-deti-a-rodin-v-centre-svitlytsia/" />
<meta property="og:locale" content="sk_SK" />
<meta property="og:type" content="article" />
<meta property="og:title" content="Podpora detí a rodín v centre Svitlytsia | Charita vo svete" />
<meta property="og:description" content="Názov projektu:  Podpora detí, sirôt a rodín v núdzi.Lokalita implementácie: Luck, Volynská oblasťMeno partnera: Caritas-Spes Lutsk Trvanie [&hellip;]" />
<meta property="og:url" content="https://www.charita.sk/svet/podpora-deti-a-rodin-v-centre-svitlytsia/" />
<meta property="og:site_name" content="Charita vo svete" />
<meta property="article:publisher" content="https://www.facebook.com/CaritasSlovakia/" />
<meta property="article:modified_time" content="2026-03-04T14:21:00+00:00" />
<meta name="twitter:card" content="summary_large_image" />
<meta name="twitter:label1" content="Predpokladaný čas čítania" />
	<meta name="twitter:data1" content="2 minúty" />
<script type="application/ld+json" class="yoast-schema-graph">{"@context":"https://schema.org","@graph":[{"@type":"WebPage","@id":"https://www.charita.sk/svet/podpora-deti-a-rodin-v-centre-svitlytsia/","url":"https://www.charita.sk/svet/podpora-deti-a-rodin-v-centre-svitlytsia/","name":"Podpora detí a rodín v centre Svitlytsia | Charita vo svete","isPartOf":{"@id":"https://www.charita.sk/svet/#website"},"datePublished":"2026-03-04T14:13:49+00:00","dateModified":"2026-03-04T14:21:00+00:00","breadcrumb":{"@id":"https://www.charita.sk/svet/podpora-deti-a-rodin-v-centre-svitlytsia/#breadcrumb"},"inLanguage":"sk-SK","potentialAction":[{"@type":"ReadAction","target":["https://www.charita.sk/svet/podpora-deti-a-rodin-v-centre-svitlytsia/"]}]},{"@type":"BreadcrumbList","@id":"https://www.charita.sk/svet/podpora-deti-a-rodin-v-centre-svitlytsia/#breadcrumb","itemListElement":[{"@type":"ListItem","position":1,"name":"Domovská stránka","item":"https://www.charita.sk/svet/"},{"@type":"ListItem","position":2,"name":"Podpora detí a rodín v centre Svitlytsia"}]},{"@type":"WebSite","@id":"https://www.charita.sk/svet/#website","url":"https://www.charita.sk/svet/","name":"Charita vo svete","description":"Slovenská katolícka charita pomáha ľuďom v núdzi vo svete","publisher":{"@id":"https://www.charita.sk/svet/#organization"},"potentialAction":[{"@type":"SearchAction","target":{"@type":"EntryPoint","urlTemplate":"https://www.charita.sk/svet/?s={search_term_string}"},"query-input":{"@type":"PropertyValueSpecification","valueRequired":true,"valueName":"search_term_string"}}],"inLanguage":"sk-SK"},{"@type":"Organization","@id":"https://www.charita.sk/svet/#organization","name":"Slovenská katolícka charita","url":"https://www.charita.sk/svet/","logo":{"@type":"ImageObject","inLanguage":"sk-SK","@id":"https://www.charita.sk/svet/#/schema/logo/image/","url":"https://www.charita.sk/pomoc-utecencom/wp-content/uploads/2020/11/logo_pomoc_utecencom.jpg","contentUrl":"https://www.charita.sk/pomoc-utecencom/wp-content/uploads/2020/11/logo_pomoc_utecencom.jpg","width":1712,"height":480,"caption":"Slovenská katolícka charita"},"image":{"@id":"https://www.charita.sk/svet/#/schema/logo/image/"},"sameAs":["https://www.facebook.com/CaritasSlovakia/","https://www.instagram.com/caritas_slovakia/","https://www.linkedin.com/company/caritas-slovakia-skch-","https://www.youtube.com/user/katolickacharita"]}]}</script>
<!-- / Yoast SEO plugin. -->

Podpora detí a rodín v centre Svitlytsia | Charita vo svete

Názov projektu:  Podpora detí, sirôt a rodín v núdzi.Lokalita implementácie: Luck, Volynská oblasťMeno partnera: Caritas-Spes Lutsk Trvanie [&hellip;]

2 minúty

Domovská stránka

Slovenská katolícka charita pomáha ľuďom v núdzi vo svete

Slovenská katolícka charita
