{"id":58,"date":"2018-02-08T16:33:01","date_gmt":"2018-02-08T15:33:01","guid":{"rendered":"http:\/\/charita.sk\/_ute\/?page_id=58"},"modified":"2020-07-17T14:50:47","modified_gmt":"2020-07-17T12:50:47","slug":"podpora-univerzitnych-studentov-kirkuk","status":"publish","type":"page","link":"https:\/\/www.charita.sk\/svet\/podpora-univerzitnych-studentov-kirkuk\/","title":{"rendered":"Podpora univerzitn\u00fdch \u0161tudentov (Kirkuk, Irak)"},"content":{"rendered":"\n<p style=\"color:#ffffff\" class=\"has-text-color has-background has-vivid-red-background-color\"><strong>N\u00e1zov projektu:<\/strong> Podpora vn\u00fatorne vys\u00eddlen\u00fdch univerzitn\u00fdch \u0161tudentov \u0161tuduj\u00facich na Univerzite v Kirkuku<br>\n<strong>Miesto implement\u00e1cie:<\/strong> Kirkuk, Irak<br>\n<strong>Obdobie podpory projektu:<\/strong> 1. september 2015 \u2013 december 2017<br>\n<strong>Po\u010det pr\u00edjemcov pomoci:<\/strong>&nbsp;700 \u0161tudentov<br>\n<strong>Suma na podporu projektu:<\/strong> 43 100 EUR (2015) +&nbsp;40 000 EUR (2017)<\/p>\n\n\n\n<p>Projekt bol podporen\u00fd od akademick\u00e9ho roku 2015\/2016 a umo\u017enil 700 univerzitn\u00fdm \u0161tudentom, ktor\u00ed u\u0161li pred terorom tzv. ISIS z univerzity v meste Mosul, na ktorej \u0161tudovali. V\u010faka podpore m\u00f4\u017eu pokra\u010dova\u0165 vo svojom \u0161t\u00fadiu a tak sa pripravova\u0165 na ich p\u00f4sobenie v irackej spolo\u010dnosti, ktor\u00e1 po skon\u010den\u00ed prebiehaj\u00faceho ozbrojen\u00e9ho konfliktu bude nevyhnutne potrebova\u0165 nielen materi\u00e1lnu obnovu. \u010eal\u0161\u00edm pr\u00ednosom projektu je vytvorenie podmienok, v\u010faka ktor\u00fdm mlad\u00ed vzdelan\u00ed \u013eudia neop\u00fa\u0161\u0165aj\u00fa svoju krajinu, ale pripravuj\u00fa sa na jej obnovu.<\/p>\n\n\n\n<p>Po osloboden\u00ed mesta Mosul v j\u00fali 2017, za\u010dala \u010das\u0165 \u0161tudentov op\u00e4\u0165 \u0161tudova\u0165 na miestnej univerzite, av\u0161ak hlavne v noci bezpe\u010dnostn\u00e1 situ\u00e1cia v meste st\u00e1le nie je stabiln\u00e1, preto im projekt pokr\u00fdval n\u00e1klady na denn\u00e9 doch\u00e1dzanie do mesta.<\/p>\n\n\n\n<figure class=\"wp-block-gallery columns-2 is-cropped wp-block-gallery-1 is-layout-flex wp-block-gallery-is-layout-flex\"><ul class=\"blocks-gallery-grid\"><li class=\"blocks-gallery-item\"><figure><a href=\"https:\/\/www.charita.sk\/svet\/wp-content\/uploads\/2018\/04\/127.jpg\"><img fetchpriority=\"high\" decoding=\"async\" width=\"800\" height=\"534\" src=\"https:\/\/www.charita.sk\/svet\/wp-content\/uploads\/2018\/04\/127.jpg\" alt=\"\" data-id=\"251\" data-full-url=\"https:\/\/www.charita.sk\/svet\/wp-content\/uploads\/2018\/04\/127.jpg\" data-link=\"https:\/\/www.charita.sk\/svet\/podpora-univerzitnych-studentov-kirkuk\/attachment\/127\/\" class=\"wp-image-251\" srcset=\"https:\/\/www.charita.sk\/svet\/wp-content\/uploads\/2018\/04\/127.jpg 800w, https:\/\/www.charita.sk\/svet\/wp-content\/uploads\/2018\/04\/127-300x200.jpg 300w, https:\/\/www.charita.sk\/svet\/wp-content\/uploads\/2018\/04\/127-768x513.jpg 768w\" sizes=\"(max-width: 800px) 100vw, 800px\" \/><\/a><figcaption class=\"blocks-gallery-item__caption\">spolo\u010dn\u00e9 varenie na intern\u00e1te<\/figcaption><\/figure><\/li><li class=\"blocks-gallery-item\"><figure><a href=\"https:\/\/www.charita.sk\/svet\/wp-content\/uploads\/2018\/04\/124.jpg\"><img decoding=\"async\" width=\"800\" height=\"534\" src=\"https:\/\/www.charita.sk\/svet\/wp-content\/uploads\/2018\/04\/124.jpg\" alt=\"\" data-id=\"250\" data-full-url=\"https:\/\/www.charita.sk\/svet\/wp-content\/uploads\/2018\/04\/124.jpg\" data-link=\"https:\/\/www.charita.sk\/svet\/podpora-univerzitnych-studentov-kirkuk\/attachment\/124\/\" class=\"wp-image-250\" srcset=\"https:\/\/www.charita.sk\/svet\/wp-content\/uploads\/2018\/04\/124.jpg 800w, https:\/\/www.charita.sk\/svet\/wp-content\/uploads\/2018\/04\/124-300x200.jpg 300w, https:\/\/www.charita.sk\/svet\/wp-content\/uploads\/2018\/04\/124-768x513.jpg 768w\" sizes=\"(max-width: 800px) 100vw, 800px\" \/><\/a><figcaption class=\"blocks-gallery-item__caption\">aktivity robia spolu \u0161tudenti v\u0161etk\u00fdch vierovyznan\u00ed<\/figcaption><\/figure><\/li><li class=\"blocks-gallery-item\"><figure><a href=\"https:\/\/www.charita.sk\/svet\/wp-content\/uploads\/2018\/04\/121.jpg\"><img decoding=\"async\" width=\"1024\" height=\"683\" src=\"https:\/\/www.charita.sk\/svet\/wp-content\/uploads\/2018\/04\/121-1024x683.jpg\" alt=\"\" data-id=\"252\" data-full-url=\"https:\/\/www.charita.sk\/svet\/wp-content\/uploads\/2018\/04\/121.jpg\" data-link=\"https:\/\/www.charita.sk\/svet\/podpora-univerzitnych-studentov-kirkuk\/attachment\/121\/\" class=\"wp-image-252\" srcset=\"https:\/\/www.charita.sk\/svet\/wp-content\/uploads\/2018\/04\/121-1024x683.jpg 1024w, https:\/\/www.charita.sk\/svet\/wp-content\/uploads\/2018\/04\/121-300x200.jpg 300w, https:\/\/www.charita.sk\/svet\/wp-content\/uploads\/2018\/04\/121-768x513.jpg 768w, https:\/\/www.charita.sk\/svet\/wp-content\/uploads\/2018\/04\/121.jpg 1840w\" sizes=\"(max-width: 1024px) 100vw, 1024px\" \/><\/a><figcaption class=\"blocks-gallery-item__caption\">t\u00edto mlad\u00ed \u013eudia \u0161tuduj\u00fa v\u010faka va\u0161ej \u0161tedrosti<\/figcaption><\/figure><\/li><\/ul><\/figure>\n","protected":false},"excerpt":{"rendered":"<p>N\u00e1zov projektu: Podpora vn\u00fatorne vys\u00eddlen\u00fdch univerzitn\u00fdch \u0161tudentov \u0161tuduj\u00facich na Univerzite v Kirkuku [&hellip;]<\/p>\n","protected":false},"author":2,"featured_media":0,"parent":0,"menu_order":0,"comment_status":"closed","ping_status":"closed","template":"","meta":{"footnotes":""},"class_list":["post-58","page","type-page","status-publish","hentry"],"yoast_head":"<!-- This site is optimized with the Yoast SEO plugin v25.4 - https:\/\/yoast.com\/wordpress\/plugins\/seo\/ -->\n<title>Podpora univerzitn\u00fdch \u0161tudentov (Kirkuk, Irak) | Charita vo svete<\/title>\n<meta name=\"robots\" content=\"index, follow, max-snippet:-1, max-image-preview:large, max-video-preview:-1\" \/>\n<link rel=\"canonical\" href=\"https:\/\/www.charita.sk\/svet\/podpora-univerzitnych-studentov-kirkuk\/\" \/>\n<meta property=\"og:locale\" content=\"sk_SK\" \/>\n<meta property=\"og:type\" content=\"article\" \/>\n<meta property=\"og:title\" content=\"Podpora univerzitn\u00fdch \u0161tudentov (Kirkuk, Irak) | Charita vo svete\" \/>\n<meta property=\"og:description\" content=\"N\u00e1zov projektu: Podpora vn\u00fatorne vys\u00eddlen\u00fdch univerzitn\u00fdch \u0161tudentov \u0161tuduj\u00facich na Univerzite v Kirkuku [&hellip;]\" \/>\n<meta property=\"og:url\" content=\"https:\/\/www.charita.sk\/svet\/podpora-univerzitnych-studentov-kirkuk\/\" \/>\n<meta property=\"og:site_name\" content=\"Charita vo svete\" \/>\n<meta property=\"article:publisher\" content=\"https:\/\/www.facebook.com\/CaritasSlovakia\/\" \/>\n<meta property=\"article:modified_time\" content=\"2020-07-17T12:50:47+00:00\" \/>\n<meta property=\"og:image\" content=\"https:\/\/www.charita.sk\/pomoc-utecencom\/wp-content\/uploads\/2018\/04\/127.jpg\" \/>\n<meta name=\"twitter:card\" content=\"summary_large_image\" \/>\n<meta name=\"twitter:label1\" content=\"Predpokladan\u00fd \u010das \u010d\u00edtania\" \/>\n\t<meta name=\"twitter:data1\" content=\"1 min\u00fata\" \/>\n<script type=\"application\/ld+json\" class=\"yoast-schema-graph\">{\"@context\":\"https:\/\/schema.org\",\"@graph\":[{\"@type\":\"WebPage\",\"@id\":\"https:\/\/www.charita.sk\/svet\/podpora-univerzitnych-studentov-kirkuk\/\",\"url\":\"https:\/\/www.charita.sk\/svet\/podpora-univerzitnych-studentov-kirkuk\/\",\"name\":\"Podpora univerzitn\u00fdch \u0161tudentov (Kirkuk, Irak) | Charita vo svete\",\"isPartOf\":{\"@id\":\"https:\/\/www.charita.sk\/svet\/#website\"},\"primaryImageOfPage\":{\"@id\":\"https:\/\/www.charita.sk\/svet\/podpora-univerzitnych-studentov-kirkuk\/#primaryimage\"},\"image\":{\"@id\":\"https:\/\/www.charita.sk\/svet\/podpora-univerzitnych-studentov-kirkuk\/#primaryimage\"},\"thumbnailUrl\":\"https:\/\/www.charita.sk\/svet\/wp-content\/uploads\/2018\/04\/127.jpg\",\"datePublished\":\"2018-02-08T15:33:01+00:00\",\"dateModified\":\"2020-07-17T12:50:47+00:00\",\"breadcrumb\":{\"@id\":\"https:\/\/www.charita.sk\/svet\/podpora-univerzitnych-studentov-kirkuk\/#breadcrumb\"},\"inLanguage\":\"sk-SK\",\"potentialAction\":[{\"@type\":\"ReadAction\",\"target\":[\"https:\/\/www.charita.sk\/svet\/podpora-univerzitnych-studentov-kirkuk\/\"]}]},{\"@type\":\"ImageObject\",\"inLanguage\":\"sk-SK\",\"@id\":\"https:\/\/www.charita.sk\/svet\/podpora-univerzitnych-studentov-kirkuk\/#primaryimage\",\"url\":\"https:\/\/www.charita.sk\/svet\/wp-content\/uploads\/2018\/04\/127.jpg\",\"contentUrl\":\"https:\/\/www.charita.sk\/svet\/wp-content\/uploads\/2018\/04\/127.jpg\",\"width\":800,\"height\":534},{\"@type\":\"BreadcrumbList\",\"@id\":\"https:\/\/www.charita.sk\/svet\/podpora-univerzitnych-studentov-kirkuk\/#breadcrumb\",\"itemListElement\":[{\"@type\":\"ListItem\",\"position\":1,\"name\":\"Domovsk\u00e1 str\u00e1nka\",\"item\":\"https:\/\/www.charita.sk\/svet\/\"},{\"@type\":\"ListItem\",\"position\":2,\"name\":\"Podpora univerzitn\u00fdch \u0161tudentov (Kirkuk, Irak)\"}]},{\"@type\":\"WebSite\",\"@id\":\"https:\/\/www.charita.sk\/svet\/#website\",\"url\":\"https:\/\/www.charita.sk\/svet\/\",\"name\":\"Charita vo svete\",\"description\":\"Slovensk\u00e1 katol\u00edcka charita pom\u00e1ha \u013eu\u010fom v n\u00fadzi vo svete\",\"publisher\":{\"@id\":\"https:\/\/www.charita.sk\/svet\/#organization\"},\"potentialAction\":[{\"@type\":\"SearchAction\",\"target\":{\"@type\":\"EntryPoint\",\"urlTemplate\":\"https:\/\/www.charita.sk\/svet\/?s={search_term_string}\"},\"query-input\":{\"@type\":\"PropertyValueSpecification\",\"valueRequired\":true,\"valueName\":\"search_term_string\"}}],\"inLanguage\":\"sk-SK\"},{\"@type\":\"Organization\",\"@id\":\"https:\/\/www.charita.sk\/svet\/#organization\",\"name\":\"Slovensk\u00e1 katol\u00edcka charita\",\"url\":\"https:\/\/www.charita.sk\/svet\/\",\"logo\":{\"@type\":\"ImageObject\",\"inLanguage\":\"sk-SK\",\"@id\":\"https:\/\/www.charita.sk\/svet\/#\/schema\/logo\/image\/\",\"url\":\"https:\/\/www.charita.sk\/pomoc-utecencom\/wp-content\/uploads\/2020\/11\/logo_pomoc_utecencom.jpg\",\"contentUrl\":\"https:\/\/www.charita.sk\/pomoc-utecencom\/wp-content\/uploads\/2020\/11\/logo_pomoc_utecencom.jpg\",\"width\":1712,\"height\":480,\"caption\":\"Slovensk\u00e1 katol\u00edcka charita\"},\"image\":{\"@id\":\"https:\/\/www.charita.sk\/svet\/#\/schema\/logo\/image\/\"},\"sameAs\":[\"https:\/\/www.facebook.com\/CaritasSlovakia\/\",\"https:\/\/www.instagram.com\/caritas_slovakia\/\",\"https:\/\/www.linkedin.com\/company\/caritas-slovakia-skch-\",\"https:\/\/www.youtube.com\/user\/katolickacharita\"]}]}<\/script>\n<!-- \/ Yoast SEO plugin. -->","yoast_head_json":{"title":"Podpora univerzitn\u00fdch \u0161tudentov (Kirkuk, Irak) | Charita vo svete","robots":{"index":"index","follow":"follow","max-snippet":"max-snippet:-1","max-image-preview":"max-image-preview:large","max-video-preview":"max-video-preview:-1"},"canonical":"https:\/\/www.charita.sk\/svet\/podpora-univerzitnych-studentov-kirkuk\/","og_locale":"sk_SK","og_type":"article","og_title":"Podpora univerzitn\u00fdch \u0161tudentov (Kirkuk, Irak) | Charita vo svete","og_description":"N\u00e1zov projektu: Podpora vn\u00fatorne vys\u00eddlen\u00fdch univerzitn\u00fdch \u0161tudentov \u0161tuduj\u00facich na Univerzite v Kirkuku [&hellip;]","og_url":"https:\/\/www.charita.sk\/svet\/podpora-univerzitnych-studentov-kirkuk\/","og_site_name":"Charita vo svete","article_publisher":"https:\/\/www.facebook.com\/CaritasSlovakia\/","article_modified_time":"2020-07-17T12:50:47+00:00","og_image":[{"url":"https:\/\/www.charita.sk\/pomoc-utecencom\/wp-content\/uploads\/2018\/04\/127.jpg","type":"","width":"","height":""}],"twitter_card":"summary_large_image","twitter_misc":{"Predpokladan\u00fd \u010das \u010d\u00edtania":"1 min\u00fata"},"schema":{"@context":"https:\/\/schema.org","@graph":[{"@type":"WebPage","@id":"https:\/\/www.charita.sk\/svet\/podpora-univerzitnych-studentov-kirkuk\/","url":"https:\/\/www.charita.sk\/svet\/podpora-univerzitnych-studentov-kirkuk\/","name":"Podpora univerzitn\u00fdch \u0161tudentov (Kirkuk, Irak) | Charita vo svete","isPartOf":{"@id":"https:\/\/www.charita.sk\/svet\/#website"},"primaryImageOfPage":{"@id":"https:\/\/www.charita.sk\/svet\/podpora-univerzitnych-studentov-kirkuk\/#primaryimage"},"image":{"@id":"https:\/\/www.charita.sk\/svet\/podpora-univerzitnych-studentov-kirkuk\/#primaryimage"},"thumbnailUrl":"https:\/\/www.charita.sk\/svet\/wp-content\/uploads\/2018\/04\/127.jpg","datePublished":"2018-02-08T15:33:01+00:00","dateModified":"2020-07-17T12:50:47+00:00","breadcrumb":{"@id":"https:\/\/www.charita.sk\/svet\/podpora-univerzitnych-studentov-kirkuk\/#breadcrumb"},"inLanguage":"sk-SK","potentialAction":[{"@type":"ReadAction","target":["https:\/\/www.charita.sk\/svet\/podpora-univerzitnych-studentov-kirkuk\/"]}]},{"@type":"ImageObject","inLanguage":"sk-SK","@id":"https:\/\/www.charita.sk\/svet\/podpora-univerzitnych-studentov-kirkuk\/#primaryimage","url":"https:\/\/www.charita.sk\/svet\/wp-content\/uploads\/2018\/04\/127.jpg","contentUrl":"https:\/\/www.charita.sk\/svet\/wp-content\/uploads\/2018\/04\/127.jpg","width":800,"height":534},{"@type":"BreadcrumbList","@id":"https:\/\/www.charita.sk\/svet\/podpora-univerzitnych-studentov-kirkuk\/#breadcrumb","itemListElement":[{"@type":"ListItem","position":1,"name":"Domovsk\u00e1 str\u00e1nka","item":"https:\/\/www.charita.sk\/svet\/"},{"@type":"ListItem","position":2,"name":"Podpora univerzitn\u00fdch \u0161tudentov (Kirkuk, Irak)"}]},{"@type":"WebSite","@id":"https:\/\/www.charita.sk\/svet\/#website","url":"https:\/\/www.charita.sk\/svet\/","name":"Charita vo svete","description":"Slovensk\u00e1 katol\u00edcka charita pom\u00e1ha \u013eu\u010fom v n\u00fadzi vo svete","publisher":{"@id":"https:\/\/www.charita.sk\/svet\/#organization"},"potentialAction":[{"@type":"SearchAction","target":{"@type":"EntryPoint","urlTemplate":"https:\/\/www.charita.sk\/svet\/?s={search_term_string}"},"query-input":{"@type":"PropertyValueSpecification","valueRequired":true,"valueName":"search_term_string"}}],"inLanguage":"sk-SK"},{"@type":"Organization","@id":"https:\/\/www.charita.sk\/svet\/#organization","name":"Slovensk\u00e1 katol\u00edcka charita","url":"https:\/\/www.charita.sk\/svet\/","logo":{"@type":"ImageObject","inLanguage":"sk-SK","@id":"https:\/\/www.charita.sk\/svet\/#\/schema\/logo\/image\/","url":"https:\/\/www.charita.sk\/pomoc-utecencom\/wp-content\/uploads\/2020\/11\/logo_pomoc_utecencom.jpg","contentUrl":"https:\/\/www.charita.sk\/pomoc-utecencom\/wp-content\/uploads\/2020\/11\/logo_pomoc_utecencom.jpg","width":1712,"height":480,"caption":"Slovensk\u00e1 katol\u00edcka charita"},"image":{"@id":"https:\/\/www.charita.sk\/svet\/#\/schema\/logo\/image\/"},"sameAs":["https:\/\/www.facebook.com\/CaritasSlovakia\/","https:\/\/www.instagram.com\/caritas_slovakia\/","https:\/\/www.linkedin.com\/company\/caritas-slovakia-skch-","https:\/\/www.youtube.com\/user\/katolickacharita"]}]}},"featured_image_src":null,"featured_image_src_square":null,"_links":{"self":[{"href":"https:\/\/www.charita.sk\/svet\/wp-json\/wp\/v2\/pages\/58","targetHints":{"allow":["GET"]}}],"collection":[{"href":"https:\/\/www.charita.sk\/svet\/wp-json\/wp\/v2\/pages"}],"about":[{"href":"https:\/\/www.charita.sk\/svet\/wp-json\/wp\/v2\/types\/page"}],"author":[{"embeddable":true,"href":"https:\/\/www.charita.sk\/svet\/wp-json\/wp\/v2\/users\/2"}],"replies":[{"embeddable":true,"href":"https:\/\/www.charita.sk\/svet\/wp-json\/wp\/v2\/comments?post=58"}],"version-history":[{"count":5,"href":"https:\/\/www.charita.sk\/svet\/wp-json\/wp\/v2\/pages\/58\/revisions"}],"predecessor-version":[{"id":804,"href":"https:\/\/www.charita.sk\/svet\/wp-json\/wp\/v2\/pages\/58\/revisions\/804"}],"wp:attachment":[{"href":"https:\/\/www.charita.sk\/svet\/wp-json\/wp\/v2\/media?parent=58"}],"curies":[{"name":"wp","href":"https:\/\/api.w.org\/{rel}","templated":true}]}}