{"id":65,"date":"2018-02-08T17:13:48","date_gmt":"2018-02-08T16:13:48","guid":{"rendered":"http:\/\/charita.sk\/_ute\/?page_id=65"},"modified":"2023-03-17T14:58:38","modified_gmt":"2023-03-17T13:58:38","slug":"studne-serfadin","status":"publish","type":"page","link":"https:\/\/www.charita.sk\/svet\/studne-serfadin\/","title":{"rendered":"Obnova dvoch studn\u00ed zni\u010den\u00fdch tzv. Daesh (\u0160erfadin, Irak)"},"content":{"rendered":"\n<p class=\"has-vivid-red-background-color has-text-color has-background\" style=\"color:#ffffff\"><strong>N\u00e1zov projektu:<\/strong> Obnova dvoch studn\u00ed zni\u010den\u00fdch tzv. Daesh (\u0160erfadin, Irak)<br><strong>Miesto implement\u00e1cie:<\/strong> \u0160erfadin, Irak<br><strong>Obdobie podpory projektu:<\/strong> apr\u00edl 2017 \u2013 m\u00e1j 2017<br><strong>Po\u010det pr\u00edjemcov pomoci: <\/strong>pribli\u017ene 5 000<br><strong>Suma na podporu projektu:<\/strong> 57 000 EUR<\/p>\n\n\n\n<p class=\"has-text-align-center has-very-light-gray-background-color has-background\"><strong>\u010eakujeme Konferenci\u00ed biskupov Slovenska za finan\u010dn\u00fa podporu projektu.<\/strong><\/p>\n\n\n\n<p>Projekt obnovy studn\u00ed, ktor\u00e9 boli zni\u010den\u00e9 teroristami z tzv. Daesh zabezpe\u010dil pr\u00edstup k pitnej vode pre pribli\u017ene 5 000 vn\u00fatorne vys\u00edden\u00fdch os\u00f4b, ktor\u00e9 na\u0161li \u00fato\u010disko pred ozbrojen\u00fdm konfliktom v dedine \u0160erfadin a v jej okol\u00ed (v bl\u00edzkosti mesta \u0160ing\u00e1l), kde ka\u017ed\u00fd t\u00fd\u017ede\u0148 prich\u00e1dzaj\u00fa \u010fal\u0161ie rodiny na \u00fateku.<\/p>\n\n\n\n<p>Cie\u013eom projektu bolo poskytn\u00fa\u0165 \u013eu\u010fom v n\u00fadzi pr\u00edstup k pitnej vode a tak pred\u00eds\u0165 dehydrat\u00e1cii \u013eud\u00ed v n\u00fadzi, ke\u010f\u017ee po\u010das letn\u00fdch mesiac teploty dosahuj\u00fa aj 50 \u00b0C a minimalizova\u0165 riziko v\u00fdskytu infek\u010dn\u00fdch chor\u00f4b z d\u00f4vodu nedostato\u010dnej hygieny.<\/p>\n\n\n\n<div class=\"wp-block-buttons is-content-justification-center is-layout-flex wp-container-core-buttons-is-layout-16018d1d wp-block-buttons-is-layout-flex\">\n<div class=\"wp-block-button\"><a class=\"wp-block-button__link has-white-color has-vivid-red-background-color has-text-color has-background wp-element-button\" href=\"https:\/\/charita.darujme.sk\/775\/\"><strong>Chcem podpori\u0165 tak\u00e9to projekty<\/strong><\/a><\/div>\n<\/div>\n\n\n\n<div style=\"height:20px\" aria-hidden=\"true\" class=\"wp-block-spacer\"><\/div>\n\n\n\n<figure class=\"wp-block-gallery has-nested-images columns-3 is-cropped wp-block-gallery-1 is-layout-flex wp-block-gallery-is-layout-flex\">\n<figure class=\"wp-block-image size-large\"><a href=\"https:\/\/www.charita.sk\/svet\/wp-content\/uploads\/2018\/04\/02.jpg\"><img fetchpriority=\"high\" decoding=\"async\" width=\"960\" height=\"540\" data-id=\"263\" src=\"https:\/\/www.charita.sk\/svet\/wp-content\/uploads\/2018\/04\/02.jpg\" alt=\"\" class=\"wp-image-263\" srcset=\"https:\/\/www.charita.sk\/svet\/wp-content\/uploads\/2018\/04\/02.jpg 960w, https:\/\/www.charita.sk\/svet\/wp-content\/uploads\/2018\/04\/02-300x169.jpg 300w, https:\/\/www.charita.sk\/svet\/wp-content\/uploads\/2018\/04\/02-768x432.jpg 768w\" sizes=\"(max-width: 960px) 100vw, 960px\" \/><\/a><figcaption class=\"wp-element-caption\">T\u00e1 sympatick\u00e1 blond\u00edna je \u0160\u00e1rka &#8211; na\u0161a spolupracovn\u00ed\u010dka z organiz\u00e1cie Shingala Azad<\/figcaption><\/figure>\n\n\n\n<figure class=\"wp-block-image size-large\"><a href=\"https:\/\/www.charita.sk\/svet\/wp-content\/uploads\/2018\/04\/01-1.jpg\"><img decoding=\"async\" width=\"960\" height=\"540\" data-id=\"262\" src=\"https:\/\/www.charita.sk\/svet\/wp-content\/uploads\/2018\/04\/01-1.jpg\" alt=\"\" class=\"wp-image-262\" srcset=\"https:\/\/www.charita.sk\/svet\/wp-content\/uploads\/2018\/04\/01-1.jpg 960w, https:\/\/www.charita.sk\/svet\/wp-content\/uploads\/2018\/04\/01-1-300x169.jpg 300w, https:\/\/www.charita.sk\/svet\/wp-content\/uploads\/2018\/04\/01-1-768x432.jpg 768w\" sizes=\"(max-width: 960px) 100vw, 960px\" \/><\/a><figcaption class=\"wp-element-caption\">Kontroln\u00fd de\u0148 na skoro hotovej studni<\/figcaption><\/figure>\n\n\n\n<figure class=\"wp-block-image size-large\"><a href=\"https:\/\/www.charita.sk\/svet\/wp-content\/uploads\/2018\/04\/IMG_1759.jpg\"><img decoding=\"async\" width=\"1024\" height=\"683\" data-id=\"261\" src=\"https:\/\/www.charita.sk\/svet\/wp-content\/uploads\/2018\/04\/IMG_1759-1024x683.jpg\" alt=\"\" class=\"wp-image-261\" srcset=\"https:\/\/www.charita.sk\/svet\/wp-content\/uploads\/2018\/04\/IMG_1759-1024x683.jpg 1024w, https:\/\/www.charita.sk\/svet\/wp-content\/uploads\/2018\/04\/IMG_1759-300x200.jpg 300w, https:\/\/www.charita.sk\/svet\/wp-content\/uploads\/2018\/04\/IMG_1759-768x512.jpg 768w\" sizes=\"(max-width: 1024px) 100vw, 1024px\" \/><\/a><figcaption class=\"wp-element-caption\">\u010cerpadlo, ktor\u00e9 \u0165ah\u00e1 vodu potrebuje st\u00e1ly zdroj el. energie. Gener\u00e1tor, ktor\u00fd energiu zabezpe\u010duje je ukryt\u00fd v ochrannom dom\u010deku. <\/figcaption><\/figure>\n<\/figure>\n","protected":false},"excerpt":{"rendered":"<p>N\u00e1zov projektu: Obnova dvoch studn\u00ed zni\u010den\u00fdch tzv. Daesh (\u0160erfadin, Irak)Miesto implement\u00e1cie: \u0160erfadin, [&hellip;]<\/p>\n","protected":false},"author":2,"featured_media":0,"parent":0,"menu_order":0,"comment_status":"closed","ping_status":"closed","template":"","meta":{"footnotes":""},"class_list":["post-65","page","type-page","status-publish","hentry"],"yoast_head":"<!-- This site is optimized with the Yoast SEO plugin v25.4 - https:\/\/yoast.com\/wordpress\/plugins\/seo\/ -->\n<title>Obnova dvoch studn\u00ed zni\u010den\u00fdch tzv. Daesh (\u0160erfadin, Irak) | Charita vo svete<\/title>\n<meta name=\"robots\" content=\"index, follow, max-snippet:-1, max-image-preview:large, max-video-preview:-1\" \/>\n<link rel=\"canonical\" href=\"https:\/\/www.charita.sk\/svet\/studne-serfadin\/\" \/>\n<meta property=\"og:locale\" content=\"sk_SK\" \/>\n<meta property=\"og:type\" content=\"article\" \/>\n<meta property=\"og:title\" content=\"Obnova dvoch studn\u00ed zni\u010den\u00fdch tzv. Daesh (\u0160erfadin, Irak) | Charita vo svete\" \/>\n<meta property=\"og:description\" content=\"N\u00e1zov projektu: Obnova dvoch studn\u00ed zni\u010den\u00fdch tzv. Daesh (\u0160erfadin, Irak)Miesto implement\u00e1cie: \u0160erfadin, [&hellip;]\" \/>\n<meta property=\"og:url\" content=\"https:\/\/www.charita.sk\/svet\/studne-serfadin\/\" \/>\n<meta property=\"og:site_name\" content=\"Charita vo svete\" \/>\n<meta property=\"article:publisher\" content=\"https:\/\/www.facebook.com\/CaritasSlovakia\/\" \/>\n<meta property=\"article:modified_time\" content=\"2023-03-17T13:58:38+00:00\" \/>\n<meta property=\"og:image\" content=\"https:\/\/www.charita.sk\/pomoc-utecencom\/wp-content\/uploads\/2018\/04\/02.jpg\" \/>\n<meta name=\"twitter:card\" content=\"summary_large_image\" \/>\n<meta name=\"twitter:label1\" content=\"Predpokladan\u00fd \u010das \u010d\u00edtania\" \/>\n\t<meta name=\"twitter:data1\" content=\"2 min\u00faty\" \/>\n<script type=\"application\/ld+json\" class=\"yoast-schema-graph\">{\"@context\":\"https:\/\/schema.org\",\"@graph\":[{\"@type\":\"WebPage\",\"@id\":\"https:\/\/www.charita.sk\/svet\/studne-serfadin\/\",\"url\":\"https:\/\/www.charita.sk\/svet\/studne-serfadin\/\",\"name\":\"Obnova dvoch studn\u00ed zni\u010den\u00fdch tzv. Daesh (\u0160erfadin, Irak) | Charita vo svete\",\"isPartOf\":{\"@id\":\"https:\/\/www.charita.sk\/svet\/#website\"},\"primaryImageOfPage\":{\"@id\":\"https:\/\/www.charita.sk\/svet\/studne-serfadin\/#primaryimage\"},\"image\":{\"@id\":\"https:\/\/www.charita.sk\/svet\/studne-serfadin\/#primaryimage\"},\"thumbnailUrl\":\"https:\/\/www.charita.sk\/svet\/wp-content\/uploads\/2018\/04\/02.jpg\",\"datePublished\":\"2018-02-08T16:13:48+00:00\",\"dateModified\":\"2023-03-17T13:58:38+00:00\",\"breadcrumb\":{\"@id\":\"https:\/\/www.charita.sk\/svet\/studne-serfadin\/#breadcrumb\"},\"inLanguage\":\"sk-SK\",\"potentialAction\":[{\"@type\":\"ReadAction\",\"target\":[\"https:\/\/www.charita.sk\/svet\/studne-serfadin\/\"]}]},{\"@type\":\"ImageObject\",\"inLanguage\":\"sk-SK\",\"@id\":\"https:\/\/www.charita.sk\/svet\/studne-serfadin\/#primaryimage\",\"url\":\"https:\/\/www.charita.sk\/svet\/wp-content\/uploads\/2018\/04\/02.jpg\",\"contentUrl\":\"https:\/\/www.charita.sk\/svet\/wp-content\/uploads\/2018\/04\/02.jpg\",\"width\":960,\"height\":540},{\"@type\":\"BreadcrumbList\",\"@id\":\"https:\/\/www.charita.sk\/svet\/studne-serfadin\/#breadcrumb\",\"itemListElement\":[{\"@type\":\"ListItem\",\"position\":1,\"name\":\"Domovsk\u00e1 str\u00e1nka\",\"item\":\"https:\/\/www.charita.sk\/svet\/\"},{\"@type\":\"ListItem\",\"position\":2,\"name\":\"Obnova dvoch studn\u00ed zni\u010den\u00fdch tzv. Daesh (\u0160erfadin, Irak)\"}]},{\"@type\":\"WebSite\",\"@id\":\"https:\/\/www.charita.sk\/svet\/#website\",\"url\":\"https:\/\/www.charita.sk\/svet\/\",\"name\":\"Charita vo svete\",\"description\":\"Slovensk\u00e1 katol\u00edcka charita pom\u00e1ha \u013eu\u010fom v n\u00fadzi vo svete\",\"publisher\":{\"@id\":\"https:\/\/www.charita.sk\/svet\/#organization\"},\"potentialAction\":[{\"@type\":\"SearchAction\",\"target\":{\"@type\":\"EntryPoint\",\"urlTemplate\":\"https:\/\/www.charita.sk\/svet\/?s={search_term_string}\"},\"query-input\":{\"@type\":\"PropertyValueSpecification\",\"valueRequired\":true,\"valueName\":\"search_term_string\"}}],\"inLanguage\":\"sk-SK\"},{\"@type\":\"Organization\",\"@id\":\"https:\/\/www.charita.sk\/svet\/#organization\",\"name\":\"Slovensk\u00e1 katol\u00edcka charita\",\"url\":\"https:\/\/www.charita.sk\/svet\/\",\"logo\":{\"@type\":\"ImageObject\",\"inLanguage\":\"sk-SK\",\"@id\":\"https:\/\/www.charita.sk\/svet\/#\/schema\/logo\/image\/\",\"url\":\"https:\/\/www.charita.sk\/pomoc-utecencom\/wp-content\/uploads\/2020\/11\/logo_pomoc_utecencom.jpg\",\"contentUrl\":\"https:\/\/www.charita.sk\/pomoc-utecencom\/wp-content\/uploads\/2020\/11\/logo_pomoc_utecencom.jpg\",\"width\":1712,\"height\":480,\"caption\":\"Slovensk\u00e1 katol\u00edcka charita\"},\"image\":{\"@id\":\"https:\/\/www.charita.sk\/svet\/#\/schema\/logo\/image\/\"},\"sameAs\":[\"https:\/\/www.facebook.com\/CaritasSlovakia\/\",\"https:\/\/www.instagram.com\/caritas_slovakia\/\",\"https:\/\/www.linkedin.com\/company\/caritas-slovakia-skch-\",\"https:\/\/www.youtube.com\/user\/katolickacharita\"]}]}<\/script>\n<!-- \/ Yoast SEO plugin. -->","yoast_head_json":{"title":"Obnova dvoch studn\u00ed zni\u010den\u00fdch tzv. Daesh (\u0160erfadin, Irak) | Charita vo svete","robots":{"index":"index","follow":"follow","max-snippet":"max-snippet:-1","max-image-preview":"max-image-preview:large","max-video-preview":"max-video-preview:-1"},"canonical":"https:\/\/www.charita.sk\/svet\/studne-serfadin\/","og_locale":"sk_SK","og_type":"article","og_title":"Obnova dvoch studn\u00ed zni\u010den\u00fdch tzv. Daesh (\u0160erfadin, Irak) | Charita vo svete","og_description":"N\u00e1zov projektu: Obnova dvoch studn\u00ed zni\u010den\u00fdch tzv. Daesh (\u0160erfadin, Irak)Miesto implement\u00e1cie: \u0160erfadin, [&hellip;]","og_url":"https:\/\/www.charita.sk\/svet\/studne-serfadin\/","og_site_name":"Charita vo svete","article_publisher":"https:\/\/www.facebook.com\/CaritasSlovakia\/","article_modified_time":"2023-03-17T13:58:38+00:00","og_image":[{"url":"https:\/\/www.charita.sk\/pomoc-utecencom\/wp-content\/uploads\/2018\/04\/02.jpg","type":"","width":"","height":""}],"twitter_card":"summary_large_image","twitter_misc":{"Predpokladan\u00fd \u010das \u010d\u00edtania":"2 min\u00faty"},"schema":{"@context":"https:\/\/schema.org","@graph":[{"@type":"WebPage","@id":"https:\/\/www.charita.sk\/svet\/studne-serfadin\/","url":"https:\/\/www.charita.sk\/svet\/studne-serfadin\/","name":"Obnova dvoch studn\u00ed zni\u010den\u00fdch tzv. Daesh (\u0160erfadin, Irak) | Charita vo svete","isPartOf":{"@id":"https:\/\/www.charita.sk\/svet\/#website"},"primaryImageOfPage":{"@id":"https:\/\/www.charita.sk\/svet\/studne-serfadin\/#primaryimage"},"image":{"@id":"https:\/\/www.charita.sk\/svet\/studne-serfadin\/#primaryimage"},"thumbnailUrl":"https:\/\/www.charita.sk\/svet\/wp-content\/uploads\/2018\/04\/02.jpg","datePublished":"2018-02-08T16:13:48+00:00","dateModified":"2023-03-17T13:58:38+00:00","breadcrumb":{"@id":"https:\/\/www.charita.sk\/svet\/studne-serfadin\/#breadcrumb"},"inLanguage":"sk-SK","potentialAction":[{"@type":"ReadAction","target":["https:\/\/www.charita.sk\/svet\/studne-serfadin\/"]}]},{"@type":"ImageObject","inLanguage":"sk-SK","@id":"https:\/\/www.charita.sk\/svet\/studne-serfadin\/#primaryimage","url":"https:\/\/www.charita.sk\/svet\/wp-content\/uploads\/2018\/04\/02.jpg","contentUrl":"https:\/\/www.charita.sk\/svet\/wp-content\/uploads\/2018\/04\/02.jpg","width":960,"height":540},{"@type":"BreadcrumbList","@id":"https:\/\/www.charita.sk\/svet\/studne-serfadin\/#breadcrumb","itemListElement":[{"@type":"ListItem","position":1,"name":"Domovsk\u00e1 str\u00e1nka","item":"https:\/\/www.charita.sk\/svet\/"},{"@type":"ListItem","position":2,"name":"Obnova dvoch studn\u00ed zni\u010den\u00fdch tzv. Daesh (\u0160erfadin, Irak)"}]},{"@type":"WebSite","@id":"https:\/\/www.charita.sk\/svet\/#website","url":"https:\/\/www.charita.sk\/svet\/","name":"Charita vo svete","description":"Slovensk\u00e1 katol\u00edcka charita pom\u00e1ha \u013eu\u010fom v n\u00fadzi vo svete","publisher":{"@id":"https:\/\/www.charita.sk\/svet\/#organization"},"potentialAction":[{"@type":"SearchAction","target":{"@type":"EntryPoint","urlTemplate":"https:\/\/www.charita.sk\/svet\/?s={search_term_string}"},"query-input":{"@type":"PropertyValueSpecification","valueRequired":true,"valueName":"search_term_string"}}],"inLanguage":"sk-SK"},{"@type":"Organization","@id":"https:\/\/www.charita.sk\/svet\/#organization","name":"Slovensk\u00e1 katol\u00edcka charita","url":"https:\/\/www.charita.sk\/svet\/","logo":{"@type":"ImageObject","inLanguage":"sk-SK","@id":"https:\/\/www.charita.sk\/svet\/#\/schema\/logo\/image\/","url":"https:\/\/www.charita.sk\/pomoc-utecencom\/wp-content\/uploads\/2020\/11\/logo_pomoc_utecencom.jpg","contentUrl":"https:\/\/www.charita.sk\/pomoc-utecencom\/wp-content\/uploads\/2020\/11\/logo_pomoc_utecencom.jpg","width":1712,"height":480,"caption":"Slovensk\u00e1 katol\u00edcka charita"},"image":{"@id":"https:\/\/www.charita.sk\/svet\/#\/schema\/logo\/image\/"},"sameAs":["https:\/\/www.facebook.com\/CaritasSlovakia\/","https:\/\/www.instagram.com\/caritas_slovakia\/","https:\/\/www.linkedin.com\/company\/caritas-slovakia-skch-","https:\/\/www.youtube.com\/user\/katolickacharita"]}]}},"featured_image_src":null,"featured_image_src_square":null,"_links":{"self":[{"href":"https:\/\/www.charita.sk\/svet\/wp-json\/wp\/v2\/pages\/65","targetHints":{"allow":["GET"]}}],"collection":[{"href":"https:\/\/www.charita.sk\/svet\/wp-json\/wp\/v2\/pages"}],"about":[{"href":"https:\/\/www.charita.sk\/svet\/wp-json\/wp\/v2\/types\/page"}],"author":[{"embeddable":true,"href":"https:\/\/www.charita.sk\/svet\/wp-json\/wp\/v2\/users\/2"}],"replies":[{"embeddable":true,"href":"https:\/\/www.charita.sk\/svet\/wp-json\/wp\/v2\/comments?post=65"}],"version-history":[{"count":16,"href":"https:\/\/www.charita.sk\/svet\/wp-json\/wp\/v2\/pages\/65\/revisions"}],"predecessor-version":[{"id":2417,"href":"https:\/\/www.charita.sk\/svet\/wp-json\/wp\/v2\/pages\/65\/revisions\/2417"}],"wp:attachment":[{"href":"https:\/\/www.charita.sk\/svet\/wp-json\/wp\/v2\/media?parent=65"}],"curies":[{"name":"wp","href":"https:\/\/api.w.org\/{rel}","templated":true}]}}