{"id":13092,"date":"2023-01-09T12:07:37","date_gmt":"2023-01-09T11:07:37","guid":{"rendered":"https:\/\/www.charita.sk\/utecenci\/?page_id=13092"},"modified":"2023-02-06T11:05:24","modified_gmt":"2023-02-06T10:05:24","slug":"centrum-podpory-michalovce","status":"publish","type":"page","link":"https:\/\/www.charita.sk\/utecenci\/en\/centrum-podpory-michalovce\/","title":{"rendered":"Michalovce integration center"},"content":{"rendered":"<p><strong>Centrum podpory arcidiec\u00e9znej charity Ko\u0161ice<\/strong><\/p>\n\n\n\n<p>Okru\u017en\u00e1 3657,<br>Michalovce<br>\ud83d\udd70\ufe0f <strong><strong>Mon \u2013 Fri: 8:00 \u2013 16:30<\/strong><\/strong><br><a rel=\"noreferrer noopener\" href=\"mailto:marta.stankova@charita-ke.sk\" target=\"_blank\">marta.stankova@charita-ke.sk<\/a><br><a href=\"tel: 421911174094\">0911 174 094<\/a><\/p>\n\n\n\n<div style=\"height:15px\" aria-hidden=\"true\" class=\"wp-block-spacer\"><\/div>\n\n\n\n<p><strong>Centrum podpory Gr\u00e9ckokatol\u00edckej eparchi\u00e1lnej charity Ko\u0161ice<\/strong><\/p>\n\n\n\n<p>N\u00e1mestie oslobodite\u013eov 25,<br>Michalovce<br>\ud83d\udd70\ufe0f <strong><strong>Mon \u2013 Fri: 8:00 \u2013 16:30<\/strong><\/strong><br><a href=\"mailto:hornakova.marta@grkatke.sk\">hornakova.marta@grkatke.sk<\/a><br><a href=\"tel: 421909250668\">0909 250 668<\/a><\/p>\n\n\n\n<div style=\"height:15px\" aria-hidden=\"true\" class=\"wp-block-spacer\"><\/div>\n\n\n\n<p><strong>Humanitarian aid warehouse<\/strong><\/p>\n\n\n\n<p>Mo\u010darianska 1,<br>Michalovce<\/p>\n\n\n\n<p class=\"has-text-align-center has-black-color has-text-color has-background\" style=\"background-color:#d7e0e8;font-size:17px;letter-spacing:2px;text-decoration:underline;text-transform:uppercase\"><a href=\"https:\/\/www.charita.sk\/utecenci\/en\/mapa\/\"><strong>SHOW MAP<\/strong><\/a><\/p>","protected":false},"excerpt":{"rendered":"<p>Centrum podpory arcidiec\u00e9znej charity Ko\u0161ice Okru\u017en\u00e1 3657,Michalovce\ud83d\udd70\ufe0f Po &#8211; Pia: 8:00 &#8211; [&hellip;]<\/p>","protected":false},"author":1,"featured_media":0,"parent":0,"menu_order":0,"comment_status":"closed","ping_status":"closed","template":"","meta":{"_monsterinsights_skip_tracking":false,"_monsterinsights_sitenote_active":false,"_monsterinsights_sitenote_note":"","_monsterinsights_sitenote_category":0,"footnotes":""},"class_list":["post-13092","page","type-page","status-publish","hentry"],"yoast_head":"<!-- This site is optimized with the Yoast SEO plugin v20.3 - https:\/\/yoast.com\/wordpress\/plugins\/seo\/ -->\n<title>Centrum podpory Michalovce - Ute\u010denci<\/title>\n<meta name=\"robots\" content=\"index, follow, max-snippet:-1, max-image-preview:large, max-video-preview:-1\" \/>\n<link rel=\"canonical\" href=\"https:\/\/www.charita.sk\/utecenci\/en\/centrum-podpory-michalovce\/\" \/>\n<meta property=\"og:locale\" content=\"en_GB\" \/>\n<meta property=\"og:type\" content=\"article\" \/>\n<meta property=\"og:title\" content=\"Centrum podpory Michalovce - Ute\u010denci\" \/>\n<meta property=\"og:description\" content=\"Centrum podpory arcidiec\u00e9znej charity Ko\u0161ice Okru\u017en\u00e1 3657,Michalovce\ud83d\udd70\ufe0f Po &#8211; Pia: 8:00 &#8211; [&hellip;]\" \/>\n<meta property=\"og:url\" content=\"https:\/\/www.charita.sk\/utecenci\/en\/centrum-podpory-michalovce\/\" \/>\n<meta property=\"og:site_name\" content=\"Ute\u010denci\" \/>\n<meta property=\"article:publisher\" content=\"https:\/\/www.facebook.com\/CaritasSlovakia\" \/>\n<meta property=\"article:modified_time\" content=\"2023-02-06T10:05:24+00:00\" \/>\n<meta name=\"twitter:card\" content=\"summary_large_image\" \/>\n<script type=\"application\/ld+json\" class=\"yoast-schema-graph\">{\"@context\":\"https:\/\/schema.org\",\"@graph\":[{\"@type\":\"WebPage\",\"@id\":\"https:\/\/www.charita.sk\/utecenci\/centrum-podpory-michalovce\/\",\"url\":\"https:\/\/www.charita.sk\/utecenci\/centrum-podpory-michalovce\/\",\"name\":\"Centrum podpory Michalovce - Ute\u010denci\",\"isPartOf\":{\"@id\":\"https:\/\/www.charita.sk\/utecenci\/#website\"},\"datePublished\":\"2023-01-09T11:07:37+00:00\",\"dateModified\":\"2023-02-06T10:05:24+00:00\",\"breadcrumb\":{\"@id\":\"https:\/\/www.charita.sk\/utecenci\/centrum-podpory-michalovce\/#breadcrumb\"},\"inLanguage\":\"en-GB\",\"potentialAction\":[{\"@type\":\"ReadAction\",\"target\":[\"https:\/\/www.charita.sk\/utecenci\/centrum-podpory-michalovce\/\"]}]},{\"@type\":\"BreadcrumbList\",\"@id\":\"https:\/\/www.charita.sk\/utecenci\/centrum-podpory-michalovce\/#breadcrumb\",\"itemListElement\":[{\"@type\":\"ListItem\",\"position\":1,\"name\":\"Domovsk\u00e1 str\u00e1nka\",\"item\":\"https:\/\/www.charita.sk\/utecenci\/\"},{\"@type\":\"ListItem\",\"position\":2,\"name\":\"Centrum podpory Michalovce\"}]},{\"@type\":\"WebSite\",\"@id\":\"https:\/\/www.charita.sk\/utecenci\/#website\",\"url\":\"https:\/\/www.charita.sk\/utecenci\/\",\"name\":\"Ute\u010denci\",\"description\":\"Pomoc od\u00eddencom a ute\u010dencom.\",\"publisher\":{\"@id\":\"https:\/\/www.charita.sk\/utecenci\/#organization\"},\"potentialAction\":[{\"@type\":\"SearchAction\",\"target\":{\"@type\":\"EntryPoint\",\"urlTemplate\":\"https:\/\/www.charita.sk\/utecenci\/?s={search_term_string}\"},\"query-input\":\"required name=search_term_string\"}],\"inLanguage\":\"en-GB\"},{\"@type\":\"Organization\",\"@id\":\"https:\/\/www.charita.sk\/utecenci\/#organization\",\"name\":\"Slovensk\u00e1 katol\u00edcka charita\",\"url\":\"https:\/\/www.charita.sk\/utecenci\/\",\"logo\":{\"@type\":\"ImageObject\",\"inLanguage\":\"en-GB\",\"@id\":\"https:\/\/www.charita.sk\/utecenci\/#\/schema\/logo\/image\/\",\"url\":\"https:\/\/www.charita.sk\/utecenci\/wp-content\/uploads\/2023\/01\/utecenci_logo.png\",\"contentUrl\":\"https:\/\/www.charita.sk\/utecenci\/wp-content\/uploads\/2023\/01\/utecenci_logo.png\",\"width\":410,\"height\":134,\"caption\":\"Slovensk\u00e1 katol\u00edcka charita\"},\"image\":{\"@id\":\"https:\/\/www.charita.sk\/utecenci\/#\/schema\/logo\/image\/\"},\"sameAs\":[\"https:\/\/www.facebook.com\/CaritasSlovakia\",\"https:\/\/www.youtube.com\/@katolickacharita\",\"https:\/\/instagram.com\/caritas_slovakia\"]}]}<\/script>\n<!-- \/ Yoast SEO plugin. -->","yoast_head_json":{"title":"Centrum podpory Michalovce - Ute\u010denci","robots":{"index":"index","follow":"follow","max-snippet":"max-snippet:-1","max-image-preview":"max-image-preview:large","max-video-preview":"max-video-preview:-1"},"canonical":"https:\/\/www.charita.sk\/utecenci\/en\/centrum-podpory-michalovce\/","og_locale":"en_GB","og_type":"article","og_title":"Centrum podpory Michalovce - Ute\u010denci","og_description":"Centrum podpory arcidiec\u00e9znej charity Ko\u0161ice Okru\u017en\u00e1 3657,Michalovce\ud83d\udd70\ufe0f Po &#8211; Pia: 8:00 &#8211; [&hellip;]","og_url":"https:\/\/www.charita.sk\/utecenci\/en\/centrum-podpory-michalovce\/","og_site_name":"Ute\u010denci","article_publisher":"https:\/\/www.facebook.com\/CaritasSlovakia","article_modified_time":"2023-02-06T10:05:24+00:00","twitter_card":"summary_large_image","schema":{"@context":"https:\/\/schema.org","@graph":[{"@type":"WebPage","@id":"https:\/\/www.charita.sk\/utecenci\/centrum-podpory-michalovce\/","url":"https:\/\/www.charita.sk\/utecenci\/centrum-podpory-michalovce\/","name":"Centrum podpory Michalovce - Ute\u010denci","isPartOf":{"@id":"https:\/\/www.charita.sk\/utecenci\/#website"},"datePublished":"2023-01-09T11:07:37+00:00","dateModified":"2023-02-06T10:05:24+00:00","breadcrumb":{"@id":"https:\/\/www.charita.sk\/utecenci\/centrum-podpory-michalovce\/#breadcrumb"},"inLanguage":"en-GB","potentialAction":[{"@type":"ReadAction","target":["https:\/\/www.charita.sk\/utecenci\/centrum-podpory-michalovce\/"]}]},{"@type":"BreadcrumbList","@id":"https:\/\/www.charita.sk\/utecenci\/centrum-podpory-michalovce\/#breadcrumb","itemListElement":[{"@type":"ListItem","position":1,"name":"Domovsk\u00e1 str\u00e1nka","item":"https:\/\/www.charita.sk\/utecenci\/"},{"@type":"ListItem","position":2,"name":"Centrum podpory Michalovce"}]},{"@type":"WebSite","@id":"https:\/\/www.charita.sk\/utecenci\/#website","url":"https:\/\/www.charita.sk\/utecenci\/","name":"Ute\u010denci","description":"Pomoc od\u00eddencom a ute\u010dencom.","publisher":{"@id":"https:\/\/www.charita.sk\/utecenci\/#organization"},"potentialAction":[{"@type":"SearchAction","target":{"@type":"EntryPoint","urlTemplate":"https:\/\/www.charita.sk\/utecenci\/?s={search_term_string}"},"query-input":"required name=search_term_string"}],"inLanguage":"en-GB"},{"@type":"Organization","@id":"https:\/\/www.charita.sk\/utecenci\/#organization","name":"Slovensk\u00e1 katol\u00edcka charita","url":"https:\/\/www.charita.sk\/utecenci\/","logo":{"@type":"ImageObject","inLanguage":"en-GB","@id":"https:\/\/www.charita.sk\/utecenci\/#\/schema\/logo\/image\/","url":"https:\/\/www.charita.sk\/utecenci\/wp-content\/uploads\/2023\/01\/utecenci_logo.png","contentUrl":"https:\/\/www.charita.sk\/utecenci\/wp-content\/uploads\/2023\/01\/utecenci_logo.png","width":410,"height":134,"caption":"Slovensk\u00e1 katol\u00edcka charita"},"image":{"@id":"https:\/\/www.charita.sk\/utecenci\/#\/schema\/logo\/image\/"},"sameAs":["https:\/\/www.facebook.com\/CaritasSlovakia","https:\/\/www.youtube.com\/@katolickacharita","https:\/\/instagram.com\/caritas_slovakia"]}]}},"featured_image_src":null,"featured_image_src_square":null,"_links":{"self":[{"href":"https:\/\/www.charita.sk\/utecenci\/en\/wp-json\/wp\/v2\/pages\/13092","targetHints":{"allow":["GET"]}}],"collection":[{"href":"https:\/\/www.charita.sk\/utecenci\/en\/wp-json\/wp\/v2\/pages"}],"about":[{"href":"https:\/\/www.charita.sk\/utecenci\/en\/wp-json\/wp\/v2\/types\/page"}],"author":[{"embeddable":true,"href":"https:\/\/www.charita.sk\/utecenci\/en\/wp-json\/wp\/v2\/users\/1"}],"replies":[{"embeddable":true,"href":"https:\/\/www.charita.sk\/utecenci\/en\/wp-json\/wp\/v2\/comments?post=13092"}],"version-history":[{"count":3,"href":"https:\/\/www.charita.sk\/utecenci\/en\/wp-json\/wp\/v2\/pages\/13092\/revisions"}],"predecessor-version":[{"id":13260,"href":"https:\/\/www.charita.sk\/utecenci\/en\/wp-json\/wp\/v2\/pages\/13092\/revisions\/13260"}],"wp:attachment":[{"href":"https:\/\/www.charita.sk\/utecenci\/en\/wp-json\/wp\/v2\/media?parent=13092"}],"curies":[{"name":"wp","href":"https:\/\/api.w.org\/{rel}","templated":true}]}}

<p><strong>Centrum podpory arcidiecéznej charity Košice</strong></p>



<p>Okružná 3657,<br>Michalovce<br>🕰️ <strong><strong>Mon – Fri: 8:00 – 16:30</strong></strong><br><a rel="noreferrer noopener" href="mailto:marta.stankova@charita-ke.sk" target="_blank">marta.stankova@charita-ke.sk</a><br><a href="tel: 421911174094">0911 174 094</a></p>



<div style="height:15px" aria-hidden="true" class="wp-block-spacer"></div>



<p><strong>Centrum podpory Gréckokatolíckej eparchiálnej charity Košice</strong></p>



<p>Námestie osloboditeľov 25,<br>Michalovce<br>🕰️ <strong><strong>Mon – Fri: 8:00 – 16:30</strong></strong><br><a href="mailto:hornakova.marta@grkatke.sk">hornakova.marta@grkatke.sk</a><br><a href="tel: 421909250668">0909 250 668</a></p>



<div style="height:15px" aria-hidden="true" class="wp-block-spacer"></div>



<p><strong>Humanitarian aid warehouse</strong></p>



<p>Močarianska 1,<br>Michalovce</p>



<p class="has-text-align-center has-black-color has-text-color has-background" style="background-color:#d7e0e8;font-size:17px;letter-spacing:2px;text-decoration:underline;text-transform:uppercase"><a href="https://www.charita.sk/utecenci/en/mapa/"><strong>SHOW MAP</strong></a></p>

<p>Centrum podpory arcidiecéznej charity Košice Okružná 3657,Michalovce🕰️ Po &#8211; Pia: 8:00 &#8211; [&hellip;]</p>

<!-- This site is optimized with the Yoast SEO plugin v20.3 - https://yoast.com/wordpress/plugins/seo/ -->
<title>Centrum podpory Michalovce - Utečenci</title>
<meta name="robots" content="index, follow, max-snippet:-1, max-image-preview:large, max-video-preview:-1" />
<link rel="canonical" href="https://www.charita.sk/utecenci/en/centrum-podpory-michalovce/" />
<meta property="og:locale" content="en_GB" />
<meta property="og:type" content="article" />
<meta property="og:title" content="Centrum podpory Michalovce - Utečenci" />
<meta property="og:description" content="Centrum podpory arcidiecéznej charity Košice Okružná 3657,Michalovce🕰️ Po &#8211; Pia: 8:00 &#8211; [&hellip;]" />
<meta property="og:url" content="https://www.charita.sk/utecenci/en/centrum-podpory-michalovce/" />
<meta property="og:site_name" content="Utečenci" />
<meta property="article:publisher" content="https://www.facebook.com/CaritasSlovakia" />
<meta property="article:modified_time" content="2023-02-06T10:05:24+00:00" />
<meta name="twitter:card" content="summary_large_image" />
<script type="application/ld+json" class="yoast-schema-graph">{"@context":"https://schema.org","@graph":[{"@type":"WebPage","@id":"https://www.charita.sk/utecenci/centrum-podpory-michalovce/","url":"https://www.charita.sk/utecenci/centrum-podpory-michalovce/","name":"Centrum podpory Michalovce - Utečenci","isPartOf":{"@id":"https://www.charita.sk/utecenci/#website"},"datePublished":"2023-01-09T11:07:37+00:00","dateModified":"2023-02-06T10:05:24+00:00","breadcrumb":{"@id":"https://www.charita.sk/utecenci/centrum-podpory-michalovce/#breadcrumb"},"inLanguage":"en-GB","potentialAction":[{"@type":"ReadAction","target":["https://www.charita.sk/utecenci/centrum-podpory-michalovce/"]}]},{"@type":"BreadcrumbList","@id":"https://www.charita.sk/utecenci/centrum-podpory-michalovce/#breadcrumb","itemListElement":[{"@type":"ListItem","position":1,"name":"Domovská stránka","item":"https://www.charita.sk/utecenci/"},{"@type":"ListItem","position":2,"name":"Centrum podpory Michalovce"}]},{"@type":"WebSite","@id":"https://www.charita.sk/utecenci/#website","url":"https://www.charita.sk/utecenci/","name":"Utečenci","description":"Pomoc odídencom a utečencom.","publisher":{"@id":"https://www.charita.sk/utecenci/#organization"},"potentialAction":[{"@type":"SearchAction","target":{"@type":"EntryPoint","urlTemplate":"https://www.charita.sk/utecenci/?s={search_term_string}"},"query-input":"required name=search_term_string"}],"inLanguage":"en-GB"},{"@type":"Organization","@id":"https://www.charita.sk/utecenci/#organization","name":"Slovenská katolícka charita","url":"https://www.charita.sk/utecenci/","logo":{"@type":"ImageObject","inLanguage":"en-GB","@id":"https://www.charita.sk/utecenci/#/schema/logo/image/","url":"https://www.charita.sk/utecenci/wp-content/uploads/2023/01/utecenci_logo.png","contentUrl":"https://www.charita.sk/utecenci/wp-content/uploads/2023/01/utecenci_logo.png","width":410,"height":134,"caption":"Slovenská katolícka charita"},"image":{"@id":"https://www.charita.sk/utecenci/#/schema/logo/image/"},"sameAs":["https://www.facebook.com/CaritasSlovakia","https://www.youtube.com/@katolickacharita","https://instagram.com/caritas_slovakia"]}]}</script>
<!-- / Yoast SEO plugin. -->

Centrum podpory Michalovce - Utečenci

Centrum podpory arcidiecéznej charity Košice Okružná 3657,Michalovce🕰️ Po &#8211; Pia: 8:00 &#8211; [&hellip;]

Utečenci

Domovská stránka

Pomoc odídencom a utečencom.

Slovenská katolícka charita
