{"id":13106,"date":"2023-01-09T12:48:25","date_gmt":"2023-01-09T11:48:25","guid":{"rendered":"https:\/\/www.charita.sk\/utecenci\/?page_id=13106"},"modified":"2023-01-09T12:53:00","modified_gmt":"2023-01-09T11:53:00","slug":"centrum-podpory-nove-zamky","status":"publish","type":"page","link":"https:\/\/www.charita.sk\/utecenci\/centrum-podpory-nove-zamky\/","title":{"rendered":"Centrum podpory Nov\u00e9 Z\u00e1mky"},"content":{"rendered":"\n<p><strong>Farsk\u00e1 charita Nov\u00e9 Z\u00e1mky<\/strong><\/p>\n\n\n\n<p>Banskobystrick\u00e1 1,<br>Nov\u00e9 Z\u00e1mky<br>\ud83d\udd70\ufe0f <strong>Po a \u0160t: 9:30 &#8211; 11:30<\/strong><br><a href=\"mailto:psenak.pavol@gmail.com\">psenak.pavol@gmail.com<\/a><br>mimo otv\u00e1rac\u00edch hod na tel.\u010d.:<br><a href=\"tel:+421905443842\">0905 443 842<br><\/a><a href=\"tel:+421944979323\">0944 979 323<\/a><\/p>\n\n\n\n<p class=\"has-text-align-center has-black-color has-text-color has-background\" style=\"background-color:#d7e0e8;font-size:17px;letter-spacing:2px;text-decoration:underline;text-transform:uppercase\"><a href=\"https:\/\/www.charita.sk\/utecenci\/mapa\/\"><strong>Sp\u00e4\u0165 na mapu centier podpory<\/strong><\/a><\/p>\n","protected":false},"excerpt":{"rendered":"<p>Farsk\u00e1 charita Nov\u00e9 Z\u00e1mky Banskobystrick\u00e1 1,Nov\u00e9 Z\u00e1mky\ud83d\udd70\ufe0f Po a \u0160t: 9:30 &#8211; [&hellip;]<\/p>\n","protected":false},"author":1,"featured_media":0,"parent":0,"menu_order":0,"comment_status":"closed","ping_status":"closed","template":"","meta":{"_monsterinsights_skip_tracking":false,"_monsterinsights_sitenote_active":false,"_monsterinsights_sitenote_note":"","_monsterinsights_sitenote_category":0,"footnotes":""},"class_list":["post-13106","page","type-page","status-publish","hentry"],"yoast_head":"<!-- This site is optimized with the Yoast SEO plugin v20.3 - https:\/\/yoast.com\/wordpress\/plugins\/seo\/ -->\n<title>Centrum podpory Nov\u00e9 Z\u00e1mky - Ute\u010denci<\/title>\n<meta name=\"robots\" content=\"index, follow, max-snippet:-1, max-image-preview:large, max-video-preview:-1\" \/>\n<link rel=\"canonical\" href=\"https:\/\/www.charita.sk\/utecenci\/centrum-podpory-nove-zamky\/\" \/>\n<meta property=\"og:locale\" content=\"sk_SK\" \/>\n<meta property=\"og:type\" content=\"article\" \/>\n<meta property=\"og:title\" content=\"Centrum podpory Nov\u00e9 Z\u00e1mky - Ute\u010denci\" \/>\n<meta property=\"og:description\" content=\"Farsk\u00e1 charita Nov\u00e9 Z\u00e1mky Banskobystrick\u00e1 1,Nov\u00e9 Z\u00e1mky\ud83d\udd70\ufe0f Po a \u0160t: 9:30 &#8211; [&hellip;]\" \/>\n<meta property=\"og:url\" content=\"https:\/\/www.charita.sk\/utecenci\/centrum-podpory-nove-zamky\/\" \/>\n<meta property=\"og:site_name\" content=\"Ute\u010denci\" \/>\n<meta property=\"article:publisher\" content=\"https:\/\/www.facebook.com\/CaritasSlovakia\" \/>\n<meta property=\"article:modified_time\" content=\"2023-01-09T11:53:00+00:00\" \/>\n<meta name=\"twitter:card\" content=\"summary_large_image\" \/>\n<script type=\"application\/ld+json\" class=\"yoast-schema-graph\">{\"@context\":\"https:\/\/schema.org\",\"@graph\":[{\"@type\":\"WebPage\",\"@id\":\"https:\/\/www.charita.sk\/utecenci\/centrum-podpory-nove-zamky\/\",\"url\":\"https:\/\/www.charita.sk\/utecenci\/centrum-podpory-nove-zamky\/\",\"name\":\"Centrum podpory Nov\u00e9 Z\u00e1mky - Ute\u010denci\",\"isPartOf\":{\"@id\":\"https:\/\/www.charita.sk\/utecenci\/#website\"},\"datePublished\":\"2023-01-09T11:48:25+00:00\",\"dateModified\":\"2023-01-09T11:53:00+00:00\",\"breadcrumb\":{\"@id\":\"https:\/\/www.charita.sk\/utecenci\/centrum-podpory-nove-zamky\/#breadcrumb\"},\"inLanguage\":\"sk-SK\",\"potentialAction\":[{\"@type\":\"ReadAction\",\"target\":[\"https:\/\/www.charita.sk\/utecenci\/centrum-podpory-nove-zamky\/\"]}]},{\"@type\":\"BreadcrumbList\",\"@id\":\"https:\/\/www.charita.sk\/utecenci\/centrum-podpory-nove-zamky\/#breadcrumb\",\"itemListElement\":[{\"@type\":\"ListItem\",\"position\":1,\"name\":\"Domovsk\u00e1 str\u00e1nka\",\"item\":\"https:\/\/www.charita.sk\/utecenci\/\"},{\"@type\":\"ListItem\",\"position\":2,\"name\":\"Centrum podpory Nov\u00e9 Z\u00e1mky\"}]},{\"@type\":\"WebSite\",\"@id\":\"https:\/\/www.charita.sk\/utecenci\/#website\",\"url\":\"https:\/\/www.charita.sk\/utecenci\/\",\"name\":\"Ute\u010denci\",\"description\":\"Pomoc od\u00eddencom a ute\u010dencom.\",\"publisher\":{\"@id\":\"https:\/\/www.charita.sk\/utecenci\/#organization\"},\"potentialAction\":[{\"@type\":\"SearchAction\",\"target\":{\"@type\":\"EntryPoint\",\"urlTemplate\":\"https:\/\/www.charita.sk\/utecenci\/?s={search_term_string}\"},\"query-input\":\"required name=search_term_string\"}],\"inLanguage\":\"sk-SK\"},{\"@type\":\"Organization\",\"@id\":\"https:\/\/www.charita.sk\/utecenci\/#organization\",\"name\":\"Slovensk\u00e1 katol\u00edcka charita\",\"url\":\"https:\/\/www.charita.sk\/utecenci\/\",\"logo\":{\"@type\":\"ImageObject\",\"inLanguage\":\"sk-SK\",\"@id\":\"https:\/\/www.charita.sk\/utecenci\/#\/schema\/logo\/image\/\",\"url\":\"https:\/\/www.charita.sk\/utecenci\/wp-content\/uploads\/2023\/01\/utecenci_logo.png\",\"contentUrl\":\"https:\/\/www.charita.sk\/utecenci\/wp-content\/uploads\/2023\/01\/utecenci_logo.png\",\"width\":410,\"height\":134,\"caption\":\"Slovensk\u00e1 katol\u00edcka charita\"},\"image\":{\"@id\":\"https:\/\/www.charita.sk\/utecenci\/#\/schema\/logo\/image\/\"},\"sameAs\":[\"https:\/\/www.facebook.com\/CaritasSlovakia\",\"https:\/\/www.youtube.com\/@katolickacharita\",\"https:\/\/instagram.com\/caritas_slovakia\"]}]}<\/script>\n<!-- \/ Yoast SEO plugin. -->","yoast_head_json":{"title":"Centrum podpory Nov\u00e9 Z\u00e1mky - Ute\u010denci","robots":{"index":"index","follow":"follow","max-snippet":"max-snippet:-1","max-image-preview":"max-image-preview:large","max-video-preview":"max-video-preview:-1"},"canonical":"https:\/\/www.charita.sk\/utecenci\/centrum-podpory-nove-zamky\/","og_locale":"sk_SK","og_type":"article","og_title":"Centrum podpory Nov\u00e9 Z\u00e1mky - Ute\u010denci","og_description":"Farsk\u00e1 charita Nov\u00e9 Z\u00e1mky Banskobystrick\u00e1 1,Nov\u00e9 Z\u00e1mky\ud83d\udd70\ufe0f Po a \u0160t: 9:30 &#8211; [&hellip;]","og_url":"https:\/\/www.charita.sk\/utecenci\/centrum-podpory-nove-zamky\/","og_site_name":"Ute\u010denci","article_publisher":"https:\/\/www.facebook.com\/CaritasSlovakia","article_modified_time":"2023-01-09T11:53:00+00:00","twitter_card":"summary_large_image","schema":{"@context":"https:\/\/schema.org","@graph":[{"@type":"WebPage","@id":"https:\/\/www.charita.sk\/utecenci\/centrum-podpory-nove-zamky\/","url":"https:\/\/www.charita.sk\/utecenci\/centrum-podpory-nove-zamky\/","name":"Centrum podpory Nov\u00e9 Z\u00e1mky - Ute\u010denci","isPartOf":{"@id":"https:\/\/www.charita.sk\/utecenci\/#website"},"datePublished":"2023-01-09T11:48:25+00:00","dateModified":"2023-01-09T11:53:00+00:00","breadcrumb":{"@id":"https:\/\/www.charita.sk\/utecenci\/centrum-podpory-nove-zamky\/#breadcrumb"},"inLanguage":"sk-SK","potentialAction":[{"@type":"ReadAction","target":["https:\/\/www.charita.sk\/utecenci\/centrum-podpory-nove-zamky\/"]}]},{"@type":"BreadcrumbList","@id":"https:\/\/www.charita.sk\/utecenci\/centrum-podpory-nove-zamky\/#breadcrumb","itemListElement":[{"@type":"ListItem","position":1,"name":"Domovsk\u00e1 str\u00e1nka","item":"https:\/\/www.charita.sk\/utecenci\/"},{"@type":"ListItem","position":2,"name":"Centrum podpory Nov\u00e9 Z\u00e1mky"}]},{"@type":"WebSite","@id":"https:\/\/www.charita.sk\/utecenci\/#website","url":"https:\/\/www.charita.sk\/utecenci\/","name":"Ute\u010denci","description":"Pomoc od\u00eddencom a ute\u010dencom.","publisher":{"@id":"https:\/\/www.charita.sk\/utecenci\/#organization"},"potentialAction":[{"@type":"SearchAction","target":{"@type":"EntryPoint","urlTemplate":"https:\/\/www.charita.sk\/utecenci\/?s={search_term_string}"},"query-input":"required name=search_term_string"}],"inLanguage":"sk-SK"},{"@type":"Organization","@id":"https:\/\/www.charita.sk\/utecenci\/#organization","name":"Slovensk\u00e1 katol\u00edcka charita","url":"https:\/\/www.charita.sk\/utecenci\/","logo":{"@type":"ImageObject","inLanguage":"sk-SK","@id":"https:\/\/www.charita.sk\/utecenci\/#\/schema\/logo\/image\/","url":"https:\/\/www.charita.sk\/utecenci\/wp-content\/uploads\/2023\/01\/utecenci_logo.png","contentUrl":"https:\/\/www.charita.sk\/utecenci\/wp-content\/uploads\/2023\/01\/utecenci_logo.png","width":410,"height":134,"caption":"Slovensk\u00e1 katol\u00edcka charita"},"image":{"@id":"https:\/\/www.charita.sk\/utecenci\/#\/schema\/logo\/image\/"},"sameAs":["https:\/\/www.facebook.com\/CaritasSlovakia","https:\/\/www.youtube.com\/@katolickacharita","https:\/\/instagram.com\/caritas_slovakia"]}]}},"featured_image_src":null,"featured_image_src_square":null,"_links":{"self":[{"href":"https:\/\/www.charita.sk\/utecenci\/wp-json\/wp\/v2\/pages\/13106","targetHints":{"allow":["GET"]}}],"collection":[{"href":"https:\/\/www.charita.sk\/utecenci\/wp-json\/wp\/v2\/pages"}],"about":[{"href":"https:\/\/www.charita.sk\/utecenci\/wp-json\/wp\/v2\/types\/page"}],"author":[{"embeddable":true,"href":"https:\/\/www.charita.sk\/utecenci\/wp-json\/wp\/v2\/users\/1"}],"replies":[{"embeddable":true,"href":"https:\/\/www.charita.sk\/utecenci\/wp-json\/wp\/v2\/comments?post=13106"}],"version-history":[{"count":2,"href":"https:\/\/www.charita.sk\/utecenci\/wp-json\/wp\/v2\/pages\/13106\/revisions"}],"predecessor-version":[{"id":13115,"href":"https:\/\/www.charita.sk\/utecenci\/wp-json\/wp\/v2\/pages\/13106\/revisions\/13115"}],"wp:attachment":[{"href":"https:\/\/www.charita.sk\/utecenci\/wp-json\/wp\/v2\/media?parent=13106"}],"curies":[{"name":"wp","href":"https:\/\/api.w.org\/{rel}","templated":true}]}}

Centrum podpory Nové Zámky

<p><strong>Farská charita Nové Zámky</strong></p>



<p>Banskobystrická 1,<br>Nové Zámky<br>🕰️ <strong>Po a Št: 9:30 &#8211; 11:30</strong><br><a href="mailto:psenak.pavol@gmail.com">psenak.pavol@gmail.com</a><br>mimo otváracích hod na tel.č.:<br><a href="tel:+421905443842">0905 443 842<br></a><a href="tel:+421944979323">0944 979 323</a></p>



<p class="has-text-align-center has-black-color has-text-color has-background" style="background-color:#d7e0e8;font-size:17px;letter-spacing:2px;text-decoration:underline;text-transform:uppercase"><a href="https://www.charita.sk/utecenci/mapa/"><strong>Späť na mapu centier podpory</strong></a></p>

<p>Farská charita Nové Zámky Banskobystrická 1,Nové Zámky🕰️ Po a Št: 9:30 &#8211; [&hellip;]</p>

<!-- This site is optimized with the Yoast SEO plugin v20.3 - https://yoast.com/wordpress/plugins/seo/ -->
<title>Centrum podpory Nové Zámky - Utečenci</title>
<meta name="robots" content="index, follow, max-snippet:-1, max-image-preview:large, max-video-preview:-1" />
<link rel="canonical" href="https://www.charita.sk/utecenci/centrum-podpory-nove-zamky/" />
<meta property="og:locale" content="sk_SK" />
<meta property="og:type" content="article" />
<meta property="og:title" content="Centrum podpory Nové Zámky - Utečenci" />
<meta property="og:description" content="Farská charita Nové Zámky Banskobystrická 1,Nové Zámky🕰️ Po a Št: 9:30 &#8211; [&hellip;]" />
<meta property="og:url" content="https://www.charita.sk/utecenci/centrum-podpory-nove-zamky/" />
<meta property="og:site_name" content="Utečenci" />
<meta property="article:publisher" content="https://www.facebook.com/CaritasSlovakia" />
<meta property="article:modified_time" content="2023-01-09T11:53:00+00:00" />
<meta name="twitter:card" content="summary_large_image" />
<script type="application/ld+json" class="yoast-schema-graph">{"@context":"https://schema.org","@graph":[{"@type":"WebPage","@id":"https://www.charita.sk/utecenci/centrum-podpory-nove-zamky/","url":"https://www.charita.sk/utecenci/centrum-podpory-nove-zamky/","name":"Centrum podpory Nové Zámky - Utečenci","isPartOf":{"@id":"https://www.charita.sk/utecenci/#website"},"datePublished":"2023-01-09T11:48:25+00:00","dateModified":"2023-01-09T11:53:00+00:00","breadcrumb":{"@id":"https://www.charita.sk/utecenci/centrum-podpory-nove-zamky/#breadcrumb"},"inLanguage":"sk-SK","potentialAction":[{"@type":"ReadAction","target":["https://www.charita.sk/utecenci/centrum-podpory-nove-zamky/"]}]},{"@type":"BreadcrumbList","@id":"https://www.charita.sk/utecenci/centrum-podpory-nove-zamky/#breadcrumb","itemListElement":[{"@type":"ListItem","position":1,"name":"Domovská stránka","item":"https://www.charita.sk/utecenci/"},{"@type":"ListItem","position":2,"name":"Centrum podpory Nové Zámky"}]},{"@type":"WebSite","@id":"https://www.charita.sk/utecenci/#website","url":"https://www.charita.sk/utecenci/","name":"Utečenci","description":"Pomoc odídencom a utečencom.","publisher":{"@id":"https://www.charita.sk/utecenci/#organization"},"potentialAction":[{"@type":"SearchAction","target":{"@type":"EntryPoint","urlTemplate":"https://www.charita.sk/utecenci/?s={search_term_string}"},"query-input":"required name=search_term_string"}],"inLanguage":"sk-SK"},{"@type":"Organization","@id":"https://www.charita.sk/utecenci/#organization","name":"Slovenská katolícka charita","url":"https://www.charita.sk/utecenci/","logo":{"@type":"ImageObject","inLanguage":"sk-SK","@id":"https://www.charita.sk/utecenci/#/schema/logo/image/","url":"https://www.charita.sk/utecenci/wp-content/uploads/2023/01/utecenci_logo.png","contentUrl":"https://www.charita.sk/utecenci/wp-content/uploads/2023/01/utecenci_logo.png","width":410,"height":134,"caption":"Slovenská katolícka charita"},"image":{"@id":"https://www.charita.sk/utecenci/#/schema/logo/image/"},"sameAs":["https://www.facebook.com/CaritasSlovakia","https://www.youtube.com/@katolickacharita","https://instagram.com/caritas_slovakia"]}]}</script>
<!-- / Yoast SEO plugin. -->

Centrum podpory Nové Zámky - Utečenci

Farská charita Nové Zámky Banskobystrická 1,Nové Zámky🕰️ Po a Št: 9:30 &#8211; [&hellip;]

Utečenci

Domovská stránka

Pomoc odídencom a utečencom.

Slovenská katolícka charita
