{"id":13111,"date":"2023-01-09T12:51:27","date_gmt":"2023-01-09T11:51:27","guid":{"rendered":"https:\/\/www.charita.sk\/utecenci\/?page_id=13111"},"modified":"2024-04-09T15:41:42","modified_gmt":"2024-04-09T13:41:42","slug":"centrum-podpory-poprad","status":"publish","type":"page","link":"https:\/\/www.charita.sk\/utecenci\/centrum-podpory-poprad\/","title":{"rendered":"Centrum podpory Poprad"},"content":{"rendered":"\n<p><\/p>\n\n\n\n<p><strong>Centrum podpory Poprad<\/strong><\/p>\n\n\n\n<p>N\u00e1bre\u017eie J\u00e1na Pavla II. \u010d.15,<br>Poprad<br>\ud83d\udd70\ufe0f <strong>Po &#8211; Pia: 9:00 &#8211; 17:00<\/strong><br><a href=\"mailto:maria.hujsiova@caritas.sk\">maria.hujsiova@caritas.sk<\/a><br><a href=\"tel:+421903745105\">0903 745 105<\/a><\/p>\n\n\n\n<p class=\"has-text-align-center has-black-color has-text-color has-background\" style=\"background-color:#d7e0e8;font-size:17px;letter-spacing:2px;text-decoration:underline;text-transform:uppercase\"><a href=\"https:\/\/www.charita.sk\/utecenci\/mapa\/\"><strong>Sp\u00e4\u0165 na mapu centier podpory<\/strong><\/a><\/p>\n","protected":false},"excerpt":{"rendered":"<p>Centrum podpory Poprad N\u00e1bre\u017eie J\u00e1na Pavla II. \u010d.15,Poprad\ud83d\udd70\ufe0f Po &#8211; Pia: 9:00 [&hellip;]<\/p>\n","protected":false},"author":1,"featured_media":0,"parent":0,"menu_order":0,"comment_status":"closed","ping_status":"closed","template":"","meta":{"_monsterinsights_skip_tracking":false,"_monsterinsights_sitenote_active":false,"_monsterinsights_sitenote_note":"","_monsterinsights_sitenote_category":0,"footnotes":""},"class_list":["post-13111","page","type-page","status-publish","hentry"],"yoast_head":"<!-- This site is optimized with the Yoast SEO plugin v20.3 - https:\/\/yoast.com\/wordpress\/plugins\/seo\/ -->\n<title>Centrum podpory Poprad - Ute\u010denci<\/title>\n<meta name=\"robots\" content=\"index, follow, max-snippet:-1, max-image-preview:large, max-video-preview:-1\" \/>\n<link rel=\"canonical\" href=\"https:\/\/www.charita.sk\/utecenci\/centrum-podpory-poprad\/\" \/>\n<meta property=\"og:locale\" content=\"sk_SK\" \/>\n<meta property=\"og:type\" content=\"article\" \/>\n<meta property=\"og:title\" content=\"Centrum podpory Poprad - Ute\u010denci\" \/>\n<meta property=\"og:description\" content=\"Centrum podpory Poprad N\u00e1bre\u017eie J\u00e1na Pavla II. \u010d.15,Poprad\ud83d\udd70\ufe0f Po &#8211; Pia: 9:00 [&hellip;]\" \/>\n<meta property=\"og:url\" content=\"https:\/\/www.charita.sk\/utecenci\/centrum-podpory-poprad\/\" \/>\n<meta property=\"og:site_name\" content=\"Ute\u010denci\" \/>\n<meta property=\"article:publisher\" content=\"https:\/\/www.facebook.com\/CaritasSlovakia\" \/>\n<meta property=\"article:modified_time\" content=\"2024-04-09T13:41:42+00:00\" \/>\n<meta name=\"twitter:card\" content=\"summary_large_image\" \/>\n<meta name=\"twitter:label1\" content=\"Predpokladan\u00fd \u010das \u010d\u00edtania\" \/>\n\t<meta name=\"twitter:data1\" content=\"1 min\u00fata\" \/>\n<script type=\"application\/ld+json\" class=\"yoast-schema-graph\">{\"@context\":\"https:\/\/schema.org\",\"@graph\":[{\"@type\":\"WebPage\",\"@id\":\"https:\/\/www.charita.sk\/utecenci\/centrum-podpory-poprad\/\",\"url\":\"https:\/\/www.charita.sk\/utecenci\/centrum-podpory-poprad\/\",\"name\":\"Centrum podpory Poprad - Ute\u010denci\",\"isPartOf\":{\"@id\":\"https:\/\/www.charita.sk\/utecenci\/#website\"},\"datePublished\":\"2023-01-09T11:51:27+00:00\",\"dateModified\":\"2024-04-09T13:41:42+00:00\",\"breadcrumb\":{\"@id\":\"https:\/\/www.charita.sk\/utecenci\/centrum-podpory-poprad\/#breadcrumb\"},\"inLanguage\":\"sk-SK\",\"potentialAction\":[{\"@type\":\"ReadAction\",\"target\":[\"https:\/\/www.charita.sk\/utecenci\/centrum-podpory-poprad\/\"]}]},{\"@type\":\"BreadcrumbList\",\"@id\":\"https:\/\/www.charita.sk\/utecenci\/centrum-podpory-poprad\/#breadcrumb\",\"itemListElement\":[{\"@type\":\"ListItem\",\"position\":1,\"name\":\"Domovsk\u00e1 str\u00e1nka\",\"item\":\"https:\/\/www.charita.sk\/utecenci\/\"},{\"@type\":\"ListItem\",\"position\":2,\"name\":\"Centrum podpory Poprad\"}]},{\"@type\":\"WebSite\",\"@id\":\"https:\/\/www.charita.sk\/utecenci\/#website\",\"url\":\"https:\/\/www.charita.sk\/utecenci\/\",\"name\":\"Ute\u010denci\",\"description\":\"Pomoc od\u00eddencom a ute\u010dencom.\",\"publisher\":{\"@id\":\"https:\/\/www.charita.sk\/utecenci\/#organization\"},\"potentialAction\":[{\"@type\":\"SearchAction\",\"target\":{\"@type\":\"EntryPoint\",\"urlTemplate\":\"https:\/\/www.charita.sk\/utecenci\/?s={search_term_string}\"},\"query-input\":\"required name=search_term_string\"}],\"inLanguage\":\"sk-SK\"},{\"@type\":\"Organization\",\"@id\":\"https:\/\/www.charita.sk\/utecenci\/#organization\",\"name\":\"Slovensk\u00e1 katol\u00edcka charita\",\"url\":\"https:\/\/www.charita.sk\/utecenci\/\",\"logo\":{\"@type\":\"ImageObject\",\"inLanguage\":\"sk-SK\",\"@id\":\"https:\/\/www.charita.sk\/utecenci\/#\/schema\/logo\/image\/\",\"url\":\"https:\/\/www.charita.sk\/utecenci\/wp-content\/uploads\/2023\/01\/utecenci_logo.png\",\"contentUrl\":\"https:\/\/www.charita.sk\/utecenci\/wp-content\/uploads\/2023\/01\/utecenci_logo.png\",\"width\":410,\"height\":134,\"caption\":\"Slovensk\u00e1 katol\u00edcka charita\"},\"image\":{\"@id\":\"https:\/\/www.charita.sk\/utecenci\/#\/schema\/logo\/image\/\"},\"sameAs\":[\"https:\/\/www.facebook.com\/CaritasSlovakia\",\"https:\/\/www.youtube.com\/@katolickacharita\",\"https:\/\/instagram.com\/caritas_slovakia\"]}]}<\/script>\n<!-- \/ Yoast SEO plugin. -->","yoast_head_json":{"title":"Centrum podpory Poprad - Ute\u010denci","robots":{"index":"index","follow":"follow","max-snippet":"max-snippet:-1","max-image-preview":"max-image-preview:large","max-video-preview":"max-video-preview:-1"},"canonical":"https:\/\/www.charita.sk\/utecenci\/centrum-podpory-poprad\/","og_locale":"sk_SK","og_type":"article","og_title":"Centrum podpory Poprad - Ute\u010denci","og_description":"Centrum podpory Poprad N\u00e1bre\u017eie J\u00e1na Pavla II. \u010d.15,Poprad\ud83d\udd70\ufe0f Po &#8211; Pia: 9:00 [&hellip;]","og_url":"https:\/\/www.charita.sk\/utecenci\/centrum-podpory-poprad\/","og_site_name":"Ute\u010denci","article_publisher":"https:\/\/www.facebook.com\/CaritasSlovakia","article_modified_time":"2024-04-09T13:41:42+00:00","twitter_card":"summary_large_image","twitter_misc":{"Predpokladan\u00fd \u010das \u010d\u00edtania":"1 min\u00fata"},"schema":{"@context":"https:\/\/schema.org","@graph":[{"@type":"WebPage","@id":"https:\/\/www.charita.sk\/utecenci\/centrum-podpory-poprad\/","url":"https:\/\/www.charita.sk\/utecenci\/centrum-podpory-poprad\/","name":"Centrum podpory Poprad - Ute\u010denci","isPartOf":{"@id":"https:\/\/www.charita.sk\/utecenci\/#website"},"datePublished":"2023-01-09T11:51:27+00:00","dateModified":"2024-04-09T13:41:42+00:00","breadcrumb":{"@id":"https:\/\/www.charita.sk\/utecenci\/centrum-podpory-poprad\/#breadcrumb"},"inLanguage":"sk-SK","potentialAction":[{"@type":"ReadAction","target":["https:\/\/www.charita.sk\/utecenci\/centrum-podpory-poprad\/"]}]},{"@type":"BreadcrumbList","@id":"https:\/\/www.charita.sk\/utecenci\/centrum-podpory-poprad\/#breadcrumb","itemListElement":[{"@type":"ListItem","position":1,"name":"Domovsk\u00e1 str\u00e1nka","item":"https:\/\/www.charita.sk\/utecenci\/"},{"@type":"ListItem","position":2,"name":"Centrum podpory Poprad"}]},{"@type":"WebSite","@id":"https:\/\/www.charita.sk\/utecenci\/#website","url":"https:\/\/www.charita.sk\/utecenci\/","name":"Ute\u010denci","description":"Pomoc od\u00eddencom a ute\u010dencom.","publisher":{"@id":"https:\/\/www.charita.sk\/utecenci\/#organization"},"potentialAction":[{"@type":"SearchAction","target":{"@type":"EntryPoint","urlTemplate":"https:\/\/www.charita.sk\/utecenci\/?s={search_term_string}"},"query-input":"required name=search_term_string"}],"inLanguage":"sk-SK"},{"@type":"Organization","@id":"https:\/\/www.charita.sk\/utecenci\/#organization","name":"Slovensk\u00e1 katol\u00edcka charita","url":"https:\/\/www.charita.sk\/utecenci\/","logo":{"@type":"ImageObject","inLanguage":"sk-SK","@id":"https:\/\/www.charita.sk\/utecenci\/#\/schema\/logo\/image\/","url":"https:\/\/www.charita.sk\/utecenci\/wp-content\/uploads\/2023\/01\/utecenci_logo.png","contentUrl":"https:\/\/www.charita.sk\/utecenci\/wp-content\/uploads\/2023\/01\/utecenci_logo.png","width":410,"height":134,"caption":"Slovensk\u00e1 katol\u00edcka charita"},"image":{"@id":"https:\/\/www.charita.sk\/utecenci\/#\/schema\/logo\/image\/"},"sameAs":["https:\/\/www.facebook.com\/CaritasSlovakia","https:\/\/www.youtube.com\/@katolickacharita","https:\/\/instagram.com\/caritas_slovakia"]}]}},"featured_image_src":null,"featured_image_src_square":null,"_links":{"self":[{"href":"https:\/\/www.charita.sk\/utecenci\/wp-json\/wp\/v2\/pages\/13111","targetHints":{"allow":["GET"]}}],"collection":[{"href":"https:\/\/www.charita.sk\/utecenci\/wp-json\/wp\/v2\/pages"}],"about":[{"href":"https:\/\/www.charita.sk\/utecenci\/wp-json\/wp\/v2\/types\/page"}],"author":[{"embeddable":true,"href":"https:\/\/www.charita.sk\/utecenci\/wp-json\/wp\/v2\/users\/1"}],"replies":[{"embeddable":true,"href":"https:\/\/www.charita.sk\/utecenci\/wp-json\/wp\/v2\/comments?post=13111"}],"version-history":[{"count":5,"href":"https:\/\/www.charita.sk\/utecenci\/wp-json\/wp\/v2\/pages\/13111\/revisions"}],"predecessor-version":[{"id":13450,"href":"https:\/\/www.charita.sk\/utecenci\/wp-json\/wp\/v2\/pages\/13111\/revisions\/13450"}],"wp:attachment":[{"href":"https:\/\/www.charita.sk\/utecenci\/wp-json\/wp\/v2\/media?parent=13111"}],"curies":[{"name":"wp","href":"https:\/\/api.w.org\/{rel}","templated":true}]}}

<p></p>



<p><strong>Centrum podpory Poprad</strong></p>



<p>Nábrežie Jána Pavla II. č.15,<br>Poprad<br>🕰️ <strong>Po &#8211; Pia: 9:00 &#8211; 17:00</strong><br><a href="mailto:maria.hujsiova@caritas.sk">maria.hujsiova@caritas.sk</a><br><a href="tel:+421903745105">0903 745 105</a></p>



<p class="has-text-align-center has-black-color has-text-color has-background" style="background-color:#d7e0e8;font-size:17px;letter-spacing:2px;text-decoration:underline;text-transform:uppercase"><a href="https://www.charita.sk/utecenci/mapa/"><strong>Späť na mapu centier podpory</strong></a></p>

<p>Centrum podpory Poprad Nábrežie Jána Pavla II. č.15,Poprad🕰️ Po &#8211; Pia: 9:00 [&hellip;]</p>

<!-- This site is optimized with the Yoast SEO plugin v20.3 - https://yoast.com/wordpress/plugins/seo/ -->
<title>Centrum podpory Poprad - Utečenci</title>
<meta name="robots" content="index, follow, max-snippet:-1, max-image-preview:large, max-video-preview:-1" />
<link rel="canonical" href="https://www.charita.sk/utecenci/centrum-podpory-poprad/" />
<meta property="og:locale" content="sk_SK" />
<meta property="og:type" content="article" />
<meta property="og:title" content="Centrum podpory Poprad - Utečenci" />
<meta property="og:description" content="Centrum podpory Poprad Nábrežie Jána Pavla II. č.15,Poprad🕰️ Po &#8211; Pia: 9:00 [&hellip;]" />
<meta property="og:url" content="https://www.charita.sk/utecenci/centrum-podpory-poprad/" />
<meta property="og:site_name" content="Utečenci" />
<meta property="article:publisher" content="https://www.facebook.com/CaritasSlovakia" />
<meta property="article:modified_time" content="2024-04-09T13:41:42+00:00" />
<meta name="twitter:card" content="summary_large_image" />
<meta name="twitter:label1" content="Predpokladaný čas čítania" />
	<meta name="twitter:data1" content="1 minúta" />
<script type="application/ld+json" class="yoast-schema-graph">{"@context":"https://schema.org","@graph":[{"@type":"WebPage","@id":"https://www.charita.sk/utecenci/centrum-podpory-poprad/","url":"https://www.charita.sk/utecenci/centrum-podpory-poprad/","name":"Centrum podpory Poprad - Utečenci","isPartOf":{"@id":"https://www.charita.sk/utecenci/#website"},"datePublished":"2023-01-09T11:51:27+00:00","dateModified":"2024-04-09T13:41:42+00:00","breadcrumb":{"@id":"https://www.charita.sk/utecenci/centrum-podpory-poprad/#breadcrumb"},"inLanguage":"sk-SK","potentialAction":[{"@type":"ReadAction","target":["https://www.charita.sk/utecenci/centrum-podpory-poprad/"]}]},{"@type":"BreadcrumbList","@id":"https://www.charita.sk/utecenci/centrum-podpory-poprad/#breadcrumb","itemListElement":[{"@type":"ListItem","position":1,"name":"Domovská stránka","item":"https://www.charita.sk/utecenci/"},{"@type":"ListItem","position":2,"name":"Centrum podpory Poprad"}]},{"@type":"WebSite","@id":"https://www.charita.sk/utecenci/#website","url":"https://www.charita.sk/utecenci/","name":"Utečenci","description":"Pomoc odídencom a utečencom.","publisher":{"@id":"https://www.charita.sk/utecenci/#organization"},"potentialAction":[{"@type":"SearchAction","target":{"@type":"EntryPoint","urlTemplate":"https://www.charita.sk/utecenci/?s={search_term_string}"},"query-input":"required name=search_term_string"}],"inLanguage":"sk-SK"},{"@type":"Organization","@id":"https://www.charita.sk/utecenci/#organization","name":"Slovenská katolícka charita","url":"https://www.charita.sk/utecenci/","logo":{"@type":"ImageObject","inLanguage":"sk-SK","@id":"https://www.charita.sk/utecenci/#/schema/logo/image/","url":"https://www.charita.sk/utecenci/wp-content/uploads/2023/01/utecenci_logo.png","contentUrl":"https://www.charita.sk/utecenci/wp-content/uploads/2023/01/utecenci_logo.png","width":410,"height":134,"caption":"Slovenská katolícka charita"},"image":{"@id":"https://www.charita.sk/utecenci/#/schema/logo/image/"},"sameAs":["https://www.facebook.com/CaritasSlovakia","https://www.youtube.com/@katolickacharita","https://instagram.com/caritas_slovakia"]}]}</script>
<!-- / Yoast SEO plugin. -->

Centrum podpory Poprad - Utečenci

Centrum podpory Poprad Nábrežie Jána Pavla II. č.15,Poprad🕰️ Po &#8211; Pia: 9:00 [&hellip;]

Utečenci

1 minúta

Domovská stránka

Pomoc odídencom a utečencom.

Slovenská katolícka charita
