{"id":13132,"date":"2023-01-09T13:08:49","date_gmt":"2023-01-09T12:08:49","guid":{"rendered":"https:\/\/www.charita.sk\/utecenci\/?page_id=13132"},"modified":"2023-01-09T13:08:49","modified_gmt":"2023-01-09T12:08:49","slug":"centrum-podpory-snina","status":"publish","type":"page","link":"https:\/\/www.charita.sk\/utecenci\/centrum-podpory-snina\/","title":{"rendered":"Centrum podpory Snina"},"content":{"rendered":"\n<p><strong>Centrum podpory arcidiec\u00e9znej charity<\/strong><\/p>\n\n\n\n<p>N\u00e1mestie J\u00e1na Pavla II. 2059,<br>Snina<br>\ud83d\udd70\ufe0f <strong>Po &#8211; Pia: 8:00 &#8211; 16:30<\/strong><br><a href=\"mailto:jan.cop@charita-ke.sk\">jan.cop@charita-ke.sk<\/a><br><a href=\"tel:+421903982907\">0903 982 907<\/a><\/p>\n\n\n\n<p class=\"has-text-align-center has-black-color has-text-color has-background\" style=\"background-color:#d7e0e8;font-size:17px;letter-spacing:2px;text-decoration:underline;text-transform:uppercase\"><a href=\"https:\/\/www.charita.sk\/utecenci\/mapa\/\"><strong>Sp\u00e4\u0165 na mapu centier podpory<\/strong><\/a><\/p>\n","protected":false},"excerpt":{"rendered":"<p>Centrum podpory arcidiec\u00e9znej charity N\u00e1mestie J\u00e1na Pavla II. 2059,Snina\ud83d\udd70\ufe0f Po &#8211; Pia: [&hellip;]<\/p>\n","protected":false},"author":1,"featured_media":0,"parent":0,"menu_order":0,"comment_status":"closed","ping_status":"closed","template":"","meta":{"_monsterinsights_skip_tracking":false,"_monsterinsights_sitenote_active":false,"_monsterinsights_sitenote_note":"","_monsterinsights_sitenote_category":0,"footnotes":""},"class_list":["post-13132","page","type-page","status-publish","hentry"],"yoast_head":"<!-- This site is optimized with the Yoast SEO plugin v20.3 - https:\/\/yoast.com\/wordpress\/plugins\/seo\/ -->\n<title>Centrum podpory Snina - Ute\u010denci<\/title>\n<meta name=\"robots\" content=\"index, follow, max-snippet:-1, max-image-preview:large, max-video-preview:-1\" \/>\n<link rel=\"canonical\" href=\"https:\/\/www.charita.sk\/utecenci\/centrum-podpory-snina\/\" \/>\n<meta property=\"og:locale\" content=\"sk_SK\" \/>\n<meta property=\"og:type\" content=\"article\" \/>\n<meta property=\"og:title\" content=\"Centrum podpory Snina - Ute\u010denci\" \/>\n<meta property=\"og:description\" content=\"Centrum podpory arcidiec\u00e9znej charity N\u00e1mestie J\u00e1na Pavla II. 2059,Snina\ud83d\udd70\ufe0f Po &#8211; Pia: [&hellip;]\" \/>\n<meta property=\"og:url\" content=\"https:\/\/www.charita.sk\/utecenci\/centrum-podpory-snina\/\" \/>\n<meta property=\"og:site_name\" content=\"Ute\u010denci\" \/>\n<meta property=\"article:publisher\" content=\"https:\/\/www.facebook.com\/CaritasSlovakia\" \/>\n<meta name=\"twitter:card\" content=\"summary_large_image\" \/>\n<script type=\"application\/ld+json\" class=\"yoast-schema-graph\">{\"@context\":\"https:\/\/schema.org\",\"@graph\":[{\"@type\":\"WebPage\",\"@id\":\"https:\/\/www.charita.sk\/utecenci\/centrum-podpory-snina\/\",\"url\":\"https:\/\/www.charita.sk\/utecenci\/centrum-podpory-snina\/\",\"name\":\"Centrum podpory Snina - Ute\u010denci\",\"isPartOf\":{\"@id\":\"https:\/\/www.charita.sk\/utecenci\/#website\"},\"datePublished\":\"2023-01-09T12:08:49+00:00\",\"dateModified\":\"2023-01-09T12:08:49+00:00\",\"breadcrumb\":{\"@id\":\"https:\/\/www.charita.sk\/utecenci\/centrum-podpory-snina\/#breadcrumb\"},\"inLanguage\":\"sk-SK\",\"potentialAction\":[{\"@type\":\"ReadAction\",\"target\":[\"https:\/\/www.charita.sk\/utecenci\/centrum-podpory-snina\/\"]}]},{\"@type\":\"BreadcrumbList\",\"@id\":\"https:\/\/www.charita.sk\/utecenci\/centrum-podpory-snina\/#breadcrumb\",\"itemListElement\":[{\"@type\":\"ListItem\",\"position\":1,\"name\":\"Domovsk\u00e1 str\u00e1nka\",\"item\":\"https:\/\/www.charita.sk\/utecenci\/\"},{\"@type\":\"ListItem\",\"position\":2,\"name\":\"Centrum podpory Snina\"}]},{\"@type\":\"WebSite\",\"@id\":\"https:\/\/www.charita.sk\/utecenci\/#website\",\"url\":\"https:\/\/www.charita.sk\/utecenci\/\",\"name\":\"Ute\u010denci\",\"description\":\"Pomoc od\u00eddencom a ute\u010dencom.\",\"publisher\":{\"@id\":\"https:\/\/www.charita.sk\/utecenci\/#organization\"},\"potentialAction\":[{\"@type\":\"SearchAction\",\"target\":{\"@type\":\"EntryPoint\",\"urlTemplate\":\"https:\/\/www.charita.sk\/utecenci\/?s={search_term_string}\"},\"query-input\":\"required name=search_term_string\"}],\"inLanguage\":\"sk-SK\"},{\"@type\":\"Organization\",\"@id\":\"https:\/\/www.charita.sk\/utecenci\/#organization\",\"name\":\"Slovensk\u00e1 katol\u00edcka charita\",\"url\":\"https:\/\/www.charita.sk\/utecenci\/\",\"logo\":{\"@type\":\"ImageObject\",\"inLanguage\":\"sk-SK\",\"@id\":\"https:\/\/www.charita.sk\/utecenci\/#\/schema\/logo\/image\/\",\"url\":\"https:\/\/www.charita.sk\/utecenci\/wp-content\/uploads\/2023\/01\/utecenci_logo.png\",\"contentUrl\":\"https:\/\/www.charita.sk\/utecenci\/wp-content\/uploads\/2023\/01\/utecenci_logo.png\",\"width\":410,\"height\":134,\"caption\":\"Slovensk\u00e1 katol\u00edcka charita\"},\"image\":{\"@id\":\"https:\/\/www.charita.sk\/utecenci\/#\/schema\/logo\/image\/\"},\"sameAs\":[\"https:\/\/www.facebook.com\/CaritasSlovakia\",\"https:\/\/www.youtube.com\/@katolickacharita\",\"https:\/\/instagram.com\/caritas_slovakia\"]}]}<\/script>\n<!-- \/ Yoast SEO plugin. -->","yoast_head_json":{"title":"Centrum podpory Snina - Ute\u010denci","robots":{"index":"index","follow":"follow","max-snippet":"max-snippet:-1","max-image-preview":"max-image-preview:large","max-video-preview":"max-video-preview:-1"},"canonical":"https:\/\/www.charita.sk\/utecenci\/centrum-podpory-snina\/","og_locale":"sk_SK","og_type":"article","og_title":"Centrum podpory Snina - Ute\u010denci","og_description":"Centrum podpory arcidiec\u00e9znej charity N\u00e1mestie J\u00e1na Pavla II. 2059,Snina\ud83d\udd70\ufe0f Po &#8211; Pia: [&hellip;]","og_url":"https:\/\/www.charita.sk\/utecenci\/centrum-podpory-snina\/","og_site_name":"Ute\u010denci","article_publisher":"https:\/\/www.facebook.com\/CaritasSlovakia","twitter_card":"summary_large_image","schema":{"@context":"https:\/\/schema.org","@graph":[{"@type":"WebPage","@id":"https:\/\/www.charita.sk\/utecenci\/centrum-podpory-snina\/","url":"https:\/\/www.charita.sk\/utecenci\/centrum-podpory-snina\/","name":"Centrum podpory Snina - Ute\u010denci","isPartOf":{"@id":"https:\/\/www.charita.sk\/utecenci\/#website"},"datePublished":"2023-01-09T12:08:49+00:00","dateModified":"2023-01-09T12:08:49+00:00","breadcrumb":{"@id":"https:\/\/www.charita.sk\/utecenci\/centrum-podpory-snina\/#breadcrumb"},"inLanguage":"sk-SK","potentialAction":[{"@type":"ReadAction","target":["https:\/\/www.charita.sk\/utecenci\/centrum-podpory-snina\/"]}]},{"@type":"BreadcrumbList","@id":"https:\/\/www.charita.sk\/utecenci\/centrum-podpory-snina\/#breadcrumb","itemListElement":[{"@type":"ListItem","position":1,"name":"Domovsk\u00e1 str\u00e1nka","item":"https:\/\/www.charita.sk\/utecenci\/"},{"@type":"ListItem","position":2,"name":"Centrum podpory Snina"}]},{"@type":"WebSite","@id":"https:\/\/www.charita.sk\/utecenci\/#website","url":"https:\/\/www.charita.sk\/utecenci\/","name":"Ute\u010denci","description":"Pomoc od\u00eddencom a ute\u010dencom.","publisher":{"@id":"https:\/\/www.charita.sk\/utecenci\/#organization"},"potentialAction":[{"@type":"SearchAction","target":{"@type":"EntryPoint","urlTemplate":"https:\/\/www.charita.sk\/utecenci\/?s={search_term_string}"},"query-input":"required name=search_term_string"}],"inLanguage":"sk-SK"},{"@type":"Organization","@id":"https:\/\/www.charita.sk\/utecenci\/#organization","name":"Slovensk\u00e1 katol\u00edcka charita","url":"https:\/\/www.charita.sk\/utecenci\/","logo":{"@type":"ImageObject","inLanguage":"sk-SK","@id":"https:\/\/www.charita.sk\/utecenci\/#\/schema\/logo\/image\/","url":"https:\/\/www.charita.sk\/utecenci\/wp-content\/uploads\/2023\/01\/utecenci_logo.png","contentUrl":"https:\/\/www.charita.sk\/utecenci\/wp-content\/uploads\/2023\/01\/utecenci_logo.png","width":410,"height":134,"caption":"Slovensk\u00e1 katol\u00edcka charita"},"image":{"@id":"https:\/\/www.charita.sk\/utecenci\/#\/schema\/logo\/image\/"},"sameAs":["https:\/\/www.facebook.com\/CaritasSlovakia","https:\/\/www.youtube.com\/@katolickacharita","https:\/\/instagram.com\/caritas_slovakia"]}]}},"featured_image_src":null,"featured_image_src_square":null,"_links":{"self":[{"href":"https:\/\/www.charita.sk\/utecenci\/wp-json\/wp\/v2\/pages\/13132","targetHints":{"allow":["GET"]}}],"collection":[{"href":"https:\/\/www.charita.sk\/utecenci\/wp-json\/wp\/v2\/pages"}],"about":[{"href":"https:\/\/www.charita.sk\/utecenci\/wp-json\/wp\/v2\/types\/page"}],"author":[{"embeddable":true,"href":"https:\/\/www.charita.sk\/utecenci\/wp-json\/wp\/v2\/users\/1"}],"replies":[{"embeddable":true,"href":"https:\/\/www.charita.sk\/utecenci\/wp-json\/wp\/v2\/comments?post=13132"}],"version-history":[{"count":1,"href":"https:\/\/www.charita.sk\/utecenci\/wp-json\/wp\/v2\/pages\/13132\/revisions"}],"predecessor-version":[{"id":13133,"href":"https:\/\/www.charita.sk\/utecenci\/wp-json\/wp\/v2\/pages\/13132\/revisions\/13133"}],"wp:attachment":[{"href":"https:\/\/www.charita.sk\/utecenci\/wp-json\/wp\/v2\/media?parent=13132"}],"curies":[{"name":"wp","href":"https:\/\/api.w.org\/{rel}","templated":true}]}}

<p><strong>Centrum podpory arcidiecéznej charity</strong></p>



<p>Námestie Jána Pavla II. 2059,<br>Snina<br>🕰️ <strong>Po &#8211; Pia: 8:00 &#8211; 16:30</strong><br><a href="mailto:jan.cop@charita-ke.sk">jan.cop@charita-ke.sk</a><br><a href="tel:+421903982907">0903 982 907</a></p>



<p class="has-text-align-center has-black-color has-text-color has-background" style="background-color:#d7e0e8;font-size:17px;letter-spacing:2px;text-decoration:underline;text-transform:uppercase"><a href="https://www.charita.sk/utecenci/mapa/"><strong>Späť na mapu centier podpory</strong></a></p>

<p>Centrum podpory arcidiecéznej charity Námestie Jána Pavla II. 2059,Snina🕰️ Po &#8211; Pia: [&hellip;]</p>

<!-- This site is optimized with the Yoast SEO plugin v20.3 - https://yoast.com/wordpress/plugins/seo/ -->
<title>Centrum podpory Snina - Utečenci</title>
<meta name="robots" content="index, follow, max-snippet:-1, max-image-preview:large, max-video-preview:-1" />
<link rel="canonical" href="https://www.charita.sk/utecenci/centrum-podpory-snina/" />
<meta property="og:locale" content="sk_SK" />
<meta property="og:type" content="article" />
<meta property="og:title" content="Centrum podpory Snina - Utečenci" />
<meta property="og:description" content="Centrum podpory arcidiecéznej charity Námestie Jána Pavla II. 2059,Snina🕰️ Po &#8211; Pia: [&hellip;]" />
<meta property="og:url" content="https://www.charita.sk/utecenci/centrum-podpory-snina/" />
<meta property="og:site_name" content="Utečenci" />
<meta property="article:publisher" content="https://www.facebook.com/CaritasSlovakia" />
<meta name="twitter:card" content="summary_large_image" />
<script type="application/ld+json" class="yoast-schema-graph">{"@context":"https://schema.org","@graph":[{"@type":"WebPage","@id":"https://www.charita.sk/utecenci/centrum-podpory-snina/","url":"https://www.charita.sk/utecenci/centrum-podpory-snina/","name":"Centrum podpory Snina - Utečenci","isPartOf":{"@id":"https://www.charita.sk/utecenci/#website"},"datePublished":"2023-01-09T12:08:49+00:00","dateModified":"2023-01-09T12:08:49+00:00","breadcrumb":{"@id":"https://www.charita.sk/utecenci/centrum-podpory-snina/#breadcrumb"},"inLanguage":"sk-SK","potentialAction":[{"@type":"ReadAction","target":["https://www.charita.sk/utecenci/centrum-podpory-snina/"]}]},{"@type":"BreadcrumbList","@id":"https://www.charita.sk/utecenci/centrum-podpory-snina/#breadcrumb","itemListElement":[{"@type":"ListItem","position":1,"name":"Domovská stránka","item":"https://www.charita.sk/utecenci/"},{"@type":"ListItem","position":2,"name":"Centrum podpory Snina"}]},{"@type":"WebSite","@id":"https://www.charita.sk/utecenci/#website","url":"https://www.charita.sk/utecenci/","name":"Utečenci","description":"Pomoc odídencom a utečencom.","publisher":{"@id":"https://www.charita.sk/utecenci/#organization"},"potentialAction":[{"@type":"SearchAction","target":{"@type":"EntryPoint","urlTemplate":"https://www.charita.sk/utecenci/?s={search_term_string}"},"query-input":"required name=search_term_string"}],"inLanguage":"sk-SK"},{"@type":"Organization","@id":"https://www.charita.sk/utecenci/#organization","name":"Slovenská katolícka charita","url":"https://www.charita.sk/utecenci/","logo":{"@type":"ImageObject","inLanguage":"sk-SK","@id":"https://www.charita.sk/utecenci/#/schema/logo/image/","url":"https://www.charita.sk/utecenci/wp-content/uploads/2023/01/utecenci_logo.png","contentUrl":"https://www.charita.sk/utecenci/wp-content/uploads/2023/01/utecenci_logo.png","width":410,"height":134,"caption":"Slovenská katolícka charita"},"image":{"@id":"https://www.charita.sk/utecenci/#/schema/logo/image/"},"sameAs":["https://www.facebook.com/CaritasSlovakia","https://www.youtube.com/@katolickacharita","https://instagram.com/caritas_slovakia"]}]}</script>
<!-- / Yoast SEO plugin. -->

Centrum podpory Snina - Utečenci

Centrum podpory arcidiecéznej charity Námestie Jána Pavla II. 2059,Snina🕰️ Po &#8211; Pia: [&hellip;]

Utečenci

Domovská stránka

Pomoc odídencom a utečencom.

Slovenská katolícka charita
